000
CXUS53 KLMK 010810
CF6LOU
PRELIMINARY LOCAL CLIMATOLOGICAL DATA (WS FORM: F-6)
STATION: LOUISVILLE BOWMAN KY
MONTH: FEBRUARY
YEAR: 2023
LATITUDE: 38 13 N
LONGITUDE: 85 39 W
TEMPERATURE IN F: :PCPN: SNOW: WIND :SUNSHINE: SKY :PK WND
================================================================================
1 2 3 4 5 6A 6B 7 8 9 10 11 12 13 14 15 16 17 18
12Z AVG MX 2MIN
DY MAX MIN AVG DEP HDD CDD WTR SNW DPTH SPD SPD DIR MIN PSBL S-S WX SPD DR
================================================================================
1 34 20 27 -9 38 0 0.00 M M 2.7 10 40 M M 2 15 340
2 37 25 31 -5 34 0 0.00 M M 4.2 10 260 M M 0 17 270
3 31 20 26 -10 39 0 0.00 M M 7.0 14 340 M M 0 22 330
4 49 18 34 -2 31 0 0.00 M M 8.9 20 190 M M 0 27 210
5 55 41 48 12 17 0 0.00 M M 12.6 25 210 M M 2 35 210
6 54 27 41 4 24 0 0.00 M M 4.8 12 120 M M 0 1 16 130
7 63 38 51 14 14 0 0.07 M M 8.8 21 230 M M 7 1 28 220
8 57 44 51 14 14 0 0.05 M M 5.8 12 140 M M 10 18 140
9 65 44 55 18 10 0 0.13 M M 18.9 35 220 M M 9 1 50 210
10 45 30 38 1 27 0 0.00 M M 6.3 15 290 M M 9 22 280
11 49 23 36 -2 29 0 0.00 M M 5.1 13 40 M M 0 1 17 20
12 57 28 43 5 22 0 0.00 M M 5.7 14 10 M M 0 19 20
13 62 27 45 7 20 0 0.00 M M 4.6 15 250 M M 0 21 260
14 61 31 46 8 19 0 0.02 M M 6.8 18 110 M M 3 25 130
15 74 55 65 26 0 0 0.00 M M 12.9 22 210 M M 2 34 210
16 62 39 51 12 14 0 2.12 M M 10.9 22 280 M M 9 13 36 230
17 39 27 33 -6 32 0 T M M 9.5 22 290 M M 9 30 290
18 47 20 34 -5 31 0 0.00 M M 6.2 13 170 M M 0 20 190
19 60 39 50 10 15 0 0.00 M M 12.4 24 210 M M 1 36 230
20 63 47 55 15 10 0 0.00 M M 8.6 17 220 M M 3 1 25 200
21 59 39 49 9 16 0 0.00 M M 5.8 17 270 M M 1 22 270
22 76 45 61 21 4 0 0.37 M M 13.3 33 180 M M 7 138 49 180
23 73 42 58 17 7 0 T M M 11.9 23 280 M M 5 34 240
24 45 29 37 -4 28 0 0.00 M M 7.8 15 350 M M 1 23 360
25 54 35 45 4 20 0 0.03 M M 4.9 16 110 M M 3 23 110
26 60 33 47 5 18 0 0.00 M M 5.5 16 250 M M 1 1 21 250
27 74 51 63 21 2 0 0.11 M M 17.0 36 230 M M 9 1 56 190
28 63 48 56 14 9 0 0.00 M M 6.9 22 270 M M 3 31 280
================================================================================
SM 1568 965 544 0 2.90 M 235.8 M 96
================================================================================
AV 56.0 34.5 8.4 FASTST M M 3 MAX(MPH)
MISC ----> 36 230 56 190
================================================================================
NOTES:
# LAST OF SEVERAL OCCURRENCES
COLUMN 17 PEAK WIND IN M.P.H.
PRELIMINARY LOCAL CLIMATOLOGICAL DATA (WS FORM: F-6) , PAGE 2
STATION: LOUISVILLE BOWMAN KY
MONTH: FEBRUARY
YEAR: 2023
LATITUDE: 38 13 N
LONGITUDE: 85 39 W
[TEMPERATURE DATA] [PRECIPITATION DATA] SYMBOLS USED IN COLUMN 16
AVERAGE MONTHLY: 45.2 TOTAL FOR MONTH: 2.90 1 = FOG OR MIST
DPTR FM NORMAL: 6.5 DPTR FM NORMAL: -0.37 2 = FOG REDUCING VISIBILITY
HIGHEST: 76 ON 22 GRTST 24HR 2.12 ON 16-16 TO 1/4 MILE OR LESS
LOWEST: 18 ON 4 3 = THUNDER
SNOW, ICE PELLETS, HAIL 4 = ICE PELLETS
TOTAL MONTH: M 5 = HAIL
GRTST 24HR M ON M 6 = FREEZING RAIN OR DRIZZLE
GRTST DEPTH: M ON M 7 = DUSTSTORM OR SANDSTORM:
VSBY 1/2 MILE OR LESS
8 = SMOKE OR HAZE
[NO. OF DAYS WITH] [WEATHER - DAYS WITH] 9 = BLOWING SNOW
X = TORNADO
MAX 32 OR BELOW: 1 0.01 INCH OR MORE: 8
MAX 90 OR ABOVE: 0 0.10 INCH OR MORE: 4
MIN 32 OR BELOW: 13 0.50 INCH OR MORE: 1
MIN 0 OR BELOW: 0 1.00 INCH OR MORE: 1
[HDD (BASE 65) ]
TOTAL THIS MO. 544 CLEAR (SCALE 0-3) 17
DPTR FM NORMAL -194 PTCLDY (SCALE 4-7) 5
TOTAL FM JUL 1 2961 CLOUDY (SCALE 8-10) 6
DPTR FM NORMAL -318
[CDD (BASE 65) ]
TOTAL THIS MO. 0
DPTR FM NORMAL 0 [PRESSURE DATA]
TOTAL FM JAN 1 0 HIGHEST SLP 30.61 ON 24
DPTR FM NORMAL 0 LOWEST SLP 29.20 ON 27
[REMARKS]
#FINAL-02-23#