000
CXUS54 KLZK 011330
CF6LRF
PRELIMINARY LOCAL CLIMATOLOGICAL DATA (WS FORM: F-6)
STATION: JACKSONVILLE/LITTLE ROCK AFB
MONTH: FEBRUARY
YEAR: 2023
LATITUDE: 34 55 N
LONGITUDE: 92 9 W
TEMPERATURE IN F: :PCPN: SNOW: WIND :SUNSHINE: SKY :PK WND
================================================================================
1 2 3 4 5 6A 6B 7 8 9 10 11 12 13 14 15 16 17 18
12Z AVG MX 2MIN
DY MAX MIN AVG DEP HDD CDD WTR SNW DPTH SPD SPD DIR MIN PSBL S-S WX SPD DR
================================================================================
1 30 26 28 -14 37 0 0.04 M M 2.3 7 70 M M 10 6 M M
2 36 30 33 -9 32 0 0.10 M M 2.3 9 290 M M 9 16 M M
3 44 26 35 -7 30 0 0.00 M M 4.1 9 20 M M 0 1 M M
4 51 24 38 -5 27 0 0.00 M M 3.6 10 140 M M 1 M M
5 67 35 51 8 14 0 0.00 M M 2.7 9 230 M M 1 M M
6 68 34 51 8 14 0 0.00 0.0 M 4.9 12 160 M M 7 12 21 180
7 66 50 58 15 7 0 T M M 6.3 12 70 M M 8 M M
8 58 48 53 9 12 0 2.01 M M 10.4 22 70 M M 10 13 35 230
9 61 37 49 5 16 0 0.00 0.0 0 10.5 27 230 M M 4 32 220
10 45 35 40 -4 25 0 0.15 0.0 0 4.0 10 10 M M 7 M M
11 54 30 42 -2 23 0 T 0.0 0 7.6 14 50 M M 5 21 50
12 62 25 44 -1 21 0 0.00 0.0 0 2.3 7 150 M M 0 M M
13 68 33 51 6 14 0 0.00 0.0 0 3.5 9 290 M M 1 M M
14 58 44 51 6 14 0 0.44 0.0 0 7.3 22 260 M M 6 1 43 220
15 75 55 65 20 0 0 0.01 0.0 M 8.5 15 200 M M 6 20 200
16 70 33 52 6 13 0 0.77 M M 11.9 20 290 M M 9 13 31 290
17 50 28 39 -7 26 0 0.00 M M 7.0 13 320 M M 3 20 10
18 54 24 39 -7 26 0 0.00 M M 3.7 10 140 M M 3 M M
19 67 34 51 5 14 0 0.00 0.0 0 6.7 13 230 M M 3 20 230
20 74 47 61 14 4 0 0.00 0.0 0 9.3 20 240 M M 2 24 260
21 70 45 58 11 7 0 0.00 0.0 0 4.5 14 110 M M 3 M M
22 74 58 66 19 0 1 0.17 0.0 0 11.8 32 280 M M 7 41 280
23 70 50 60 12 5 0 T 0.0 0 8.5 13 20 M M 9 1 23 310
24 50 37 44 -4 21 0 1.26 0.0 0 8.4 17 70 M M 10 13 18 40
25 48 41 45 -3 20 0 0.48 0.0 0 2.6 6 170 M M 10 1 M M
26 64 47 56 8 9 0 0.01 0.0 0 2.6 8 150 M M 10 1 M M
27 77 48 63 14 2 0 T M M 12.1 29 260 M M 3 36 250
28 80 40 60 11 5 0 M M M 4.0 14 200 M M 0 8 18 180
================================================================================
SM 1691 1064 438 1 5.44 0.0 173.3 M 147
================================================================================
AV 60.4 38.0 6.2 FASTST M M 5 MAX(MPH)
MISC ----> 32 280 43 220
================================================================================
NOTES:
# LAST OF SEVERAL OCCURRENCES
COLUMN 17 PEAK WIND IN M.P.H.
PRELIMINARY LOCAL CLIMATOLOGICAL DATA (WS FORM: F-6) , PAGE 2
STATION: JACKSONVILLE/LITTLE ROCK AFB
MONTH: FEBRUARY
YEAR: 2023
LATITUDE: 34 55 N
LONGITUDE: 92 9 W
[TEMPERATURE DATA] [PRECIPITATION DATA] SYMBOLS USED IN COLUMN 16
AVERAGE MONTHLY: 49.2 TOTAL FOR MONTH: 5.44 1 = FOG OR MIST
DPTR FM NORMAL: 3.9 DPTR FM NORMAL: 2.11 2 = FOG REDUCING VISIBILITY
HIGHEST: 80 ON 28 GRTST 24HR 2.01 ON 8- 8 TO 1/4 MILE OR LESS
LOWEST: 24 ON 4,18 3 = THUNDER
SNOW, ICE PELLETS, HAIL 4 = ICE PELLETS
TOTAL MONTH: 0.0 INCH 5 = HAIL
GRTST 24HR 0.0 6 = FREEZING RAIN OR DRIZZLE
GRTST DEPTH: 0 7 = DUSTSTORM OR SANDSTORM:
VSBY 1/2 MILE OR LESS
8 = SMOKE OR HAZE
[NO. OF DAYS WITH] [WEATHER - DAYS WITH] 9 = BLOWING SNOW
X = TORNADO
MAX 32 OR BELOW: 1 0.01 INCH OR MORE: 11
MAX 90 OR ABOVE: 0 0.10 INCH OR MORE: 8
MIN 32 OR BELOW: 8 0.50 INCH OR MORE: 3
MIN 0 OR BELOW: 0 1.00 INCH OR MORE: 2
[HDD (BASE 65) ]
TOTAL THIS MO. 438 CLEAR (SCALE 0-3) 10
DPTR FM NORMAL -124 PTCLDY (SCALE 4-7) 10
TOTAL FM JUL 1 2330 CLOUDY (SCALE 8-10) 8
DPTR FM NORMAL -279
[CDD (BASE 65) ]
TOTAL THIS MO. 1
DPTR FM NORMAL 0 [PRESSURE DATA]
TOTAL FM JAN 1 3 HIGHEST SLP M ON M
DPTR FM NORMAL 2 LOWEST SLP M ON M
[REMARKS]
#FINAL-02-23#