000
CXUS54 KLZK 011330
CF6LRF
PRELIMINARY LOCAL CLIMATOLOGICAL DATA (WS FORM: F-6)
STATION: JACKSONVILLE/LITTLE ROCK AFB
MONTH: JANUARY
YEAR: 2024
LATITUDE: 34 55 N
LONGITUDE: 92 9 W
TEMPERATURE IN F: :PCPN: SNOW: WIND :SUNSHINE: SKY :PK WND
================================================================================
1 2 3 4 5 6A 6B 7 8 9 10 11 12 13 14 15 16 17 18
12Z AVG MX 2MIN
DY MAX MIN AVG DEP HDD CDD WTR SNW DPTH SPD SPD DIR MIN PSBL S-S WX SPD DR
================================================================================
1 45 23 34 -6 31 0 0.00 0.0 0 3.0 13 30 M M 2 17 20
2 46 19 33 -7 32 0 0.00 0.0 0 0.7 5 250 M M 1 M M
3 52 28 40 0 25 0 0.00 0.0 0 0.8 6 330 M M 3 M M
4 42 26 34 -6 31 0 0.00 0.0 0 8.1 16 60 M M 4 1 M M
5 38 28 33 -7 32 0 0.73 0.0 0 5.6 13 80 M M 8 1 M M
6 48 32 40 0 25 0 0.01 0.0 0 6.7 13 270 M M 8 1 M M
7 55 26 41 1 24 0 0.00 0.0 0 2.8 9 290 M M 0 M M
8 49 27 38 -2 27 0 1.08 0.0 0 7.0 17 100 M M 8 13 31 110
9 46 31 39 -1 26 0 0.02 0.0 0 16.4 28 270 M M 9 1 39 260
10 55 24 40 0 25 0 0.00 0.0 0 5.3 12 150 M M 1 18 150
11 60 25 43 3 22 0 0.08 0.0 0 4.2 15 160 M M 4 3 27 160
12 63 29 46 6 19 0 1.36 0.0 0 14.3 32 260 M M 7 13 47 250
13 49 22 36 -4 29 0 0.00 0.0 0 5.9 10 150 M M 1 M M
14 27 10 19 -21 46 0 0.20 2.0 0 7.8 14 360 M M 7 17 360
15 19 8 14 -26 51 0 0.01 0.2 2 6.5 10 360 M M 9 6 M M
16 20 -1 10 -30 55 0 0.00 0.0 2 5.8 10 290 M M 0 M M
17 35 -3 16 -24 49 0 0.00 0.0 2 4.6 10 150 M M 0 M M
18 42 23 33 -7 32 0 T 0.0 1 2.1 6 150 M M 6 6 M M
19 33 20 27 -13 38 0 0.00 0.0 0 7.8 14 360 M M 0 23 360
20 28 13 21 -19 44 0 0.00 0.0 0 6.0 12 80 M M 0 M M
21 35 13 24 -16 41 0 0.00 0.0 0 6.6 10 130 M M 4 M M
22 44 26 35 -5 30 0 0.94 0.0 0 6.0 10 90 M M 10 16 M M
23 55 40 48 8 17 0 1.63 0.0 0 4.1 12 80 M M 10 12 M M
24 58 51 55 15 10 0 0.08 0.0 0 1.2 9 140 M M 10 12 M M
25 64 45 55 14 10 0 0.33 0.0 0 3.1 12 270 M M 8 12 M M
26 54 41 48 7 17 0 0.03 0.0 0 4.3 13 80 M M 9 12 M M
27 50 40 45 4 20 0 1.21 0.0 0 8.7 15 330 M M 10 1 22 320
28 57 33 45 4 20 0 0.00 0.0 0 6.9 14 290 M M 5 17 300
29 59 27 43 2 22 0 0.00 0.0 0 2.1 10 160 M M 0 M M
30 71 34 53 11 12 0 0.00 0.0 0 3.4 12 310 M M 0 M M
31 58 34 46 4 19 0 0.00 0.0 0 3.4 10 50 M M 0 M M
================================================================================
SM 1457 794 881 0 7.71 2.2 171.2 M 144
================================================================================
AV 47.0 25.6 5.5 FASTST M M 5 MAX(MPH)
MISC ----> 32 260 47 250
================================================================================
NOTES:
# LAST OF SEVERAL OCCURRENCES
COLUMN 17 PEAK WIND IN M.P.H.
PRELIMINARY LOCAL CLIMATOLOGICAL DATA (WS FORM: F-6) , PAGE 2
STATION: JACKSONVILLE/LITTLE ROCK AFB
MONTH: JANUARY
YEAR: 2024
LATITUDE: 34 55 N
LONGITUDE: 92 9 W
[TEMPERATURE DATA] [PRECIPITATION DATA] SYMBOLS USED IN COLUMN 16
AVERAGE MONTHLY: 36.3 TOTAL FOR MONTH: 7.71 1 = FOG OR MIST
DPTR FM NORMAL: -4.0 DPTR FM NORMAL: M 2 = FOG REDUCING VISIBILITY
HIGHEST: 71 ON 30 GRTST 24HR 2.41 ON 11-12 TO 1/4 MILE OR LESS
LOWEST: -3 ON 17 3 = THUNDER
SNOW, ICE PELLETS, HAIL 4 = ICE PELLETS
TOTAL MONTH: 2.2 INCHES 5 = HAIL
GRTST 24HR 2.0 ON 14-14 6 = FREEZING RAIN OR DRIZZLE
GRTST DEPTH: 2 ON 15,17 7 = DUSTSTORM OR SANDSTORM:
VSBY 1/2 MILE OR LESS
8 = SMOKE OR HAZE
[NO. OF DAYS WITH] [WEATHER - DAYS WITH] 9 = BLOWING SNOW
X = TORNADO
MAX 32 OR BELOW: 4 0.01 INCH OR MORE: 14
MAX 90 OR ABOVE: 0 0.10 INCH OR MORE: 8
MIN 32 OR BELOW: 23 0.50 INCH OR MORE: 6
MIN 0 OR BELOW: 2 1.00 INCH OR MORE: 4
[HDD (BASE 65) ]
TOTAL THIS MO. 881 CLEAR (SCALE 0-3) 12
DPTR FM NORMAL 95 PTCLDY (SCALE 4-7) 9
TOTAL FM JUL 1 1992 CLOUDY (SCALE 8-10) 10
DPTR FM NORMAL -55
[CDD (BASE 65) ]
TOTAL THIS MO. 0
DPTR FM NORMAL 0 [PRESSURE DATA]
TOTAL FM JAN 1 0 HIGHEST SLP M ON M
DPTR FM NORMAL 0 LOWEST SLP M ON M
[REMARKS]
#FINAL-01-24#