000
CXUS54 KEPZ 221307
CF6LRU
PRELIMINARY LOCAL CLIMATOLOGICAL DATA (WS FORM: F-6)
STATION: LAS CRUCES
MONTH: JULY
YEAR: 2022
LATITUDE: 32 17 N
LONGITUDE: 106 46 W
TEMPERATURE IN F: :PCPN: SNOW: WIND :SUNSHINE: SKY :PK WND
================================================================================
1 2 3 4 5 6A 6B 7 8 9 10 11 12 13 14 15 16 17 18
12Z AVG MX 2MIN
DY MAX MIN AVG DEP HDD CDD WTR SNW DPTH SPD SPD DIR MIN PSBL S-S WX SPD DR
================================================================================
1 96 69 83 M 0 18 T M M 7.5 15 230 M M 2 21 250
2 95 67 81 M 0 16 0.00 M M 7.0 20 240 M M 2 23 240
3 98 71 85 M 0 20 0.00 M M 7.3 18 250 M M 2 24 130
4 98 69 84 M 0 19 0.02 M M 6.8 17 260 M M 4 3 33 170
5 95 67 81 M 0 16 0.00 M M 5.3 20 190 M M 1 24 300
6 95 70 83 M 0 18 0.00 M M 6.1 10 200 M M 2 M M
7 98 70 84 M 0 19 0.00 M M 6.4 16 290 M M 0 26 90
8 97 67 82 M 0 17 0.00 M M 6.6 13 120 M M 1 20 120
9 100 72 86 M 0 21 0.14 M M 6.0 18 60 M M 3 3 23 40
10 99 68 84 M 0 19 0.00 M M 4.3 12 280 M M 0 18 130
11 101 67 84 M 0 19 0.00 M M 5.3 10 50 M M 2 3 16 50
12 101 73 87 M 0 22 0.00 M M 7.6 17 70 M M 1 22 70
13 98 79 89 M 0 24 0.00 M M 5.6 12 60 M M 4 24 0
14 98 69 84 M 0 19 0.00 M M 6.4 13 110 M M 1 21 180
15 102 69 86 M 0 21 0.00 M M 5.2 12 120 M M 0 17 120
16 100 68 84 M 0 19 0.00 M M 6.0 13 140 M M 0 20 140
17 101 69 85 M 0 20 0.00 M M 7.6 15 130 M M 0 25 130
18 103 69 86 M 0 21 0.00 M M 4.9 12 100 M M 0 20 100
19 106 74 90 M 0 25 0.00 M M 5.7 10 260 M M 0 21 180
20 106 79 93 M 0 28 0.00 M M 8.8 23 340 M M 1 3 31 340
21 104 77 91 M 0 26 0.00 M M 6.0 16 280 M M 1 24 280
22 101 74 88 M 0 23 0.00 M M 6.3 12 150 M M 0 18 0
23 101 72 87 M 0 22 0.00 M M 8.2 23 240 M M 1 28 150
24 98 69 84 M 0 19 0.00 M M 8.1 21 270 M M 2 36 270
25 95 70 83 M 0 18 0.01 M M 9.8 16 270 M M 3 3 24 260
26 95 69 82 M 0 17 0.02 M 0 9.5 20 240 M M 2 24 240
27 92 69 81 M 0 16 T M M 7.7 18 230 M M 4 27 0
28 97 70 84 M 0 19 0.05 M M 6.8 20 120 M M 5 3 26 250
29 95 69 82 M 0 17 0.00 M M 6.3 17 100 M M 2 27 100
30 97 70 84 M 0 19 T M M 8.2 16 140 M M 4 3 21 140
31 97 71 84 M 0 19 0.00 M M 7.5 15 290 M M 3 20 290
================================================================================
SM 3059 2186 0 616 0.24 M 210.8 M 53
================================================================================
AV 98.7 70.5 6.8 FASTST M M 2 MAX(MPH)
MISC ----> # 23 340 36 270
================================================================================
NOTES:
# LAST OF SEVERAL OCCURRENCES
COLUMN 17 PEAK WIND IN M.P.H.
PRELIMINARY LOCAL CLIMATOLOGICAL DATA (WS FORM: F-6) , PAGE 2
STATION: LAS CRUCES
MONTH: JULY
YEAR: 2022
LATITUDE: 32 17 N
LONGITUDE: 106 46 W
[TEMPERATURE DATA] [PRECIPITATION DATA] SYMBOLS USED IN COLUMN 16
AVERAGE MONTHLY: 84.6 TOTAL FOR MONTH: 0.24 1 = FOG OR MIST
DPTR FM NORMAL: 0.0 DPTR FM NORMAL: M 2 = FOG REDUCING VISIBILITY
HIGHEST: 106 ON 20,19 GRTST 24HR 0.14 ON 9- 9 TO 1/4 MILE OR LESS
LOWEST: 67 ON 11, 8 3 = THUNDER
SNOW, ICE PELLETS, HAIL 4 = ICE PELLETS
TOTAL MONTH: M 5 = HAIL
GRTST 24HR M ON M 6 = FREEZING RAIN OR DRIZZLE
GRTST DEPTH: 0 7 = DUSTSTORM OR SANDSTORM:
VSBY 1/2 MILE OR LESS
8 = SMOKE OR HAZE
[NO. OF DAYS WITH] [WEATHER - DAYS WITH] 9 = BLOWING SNOW
X = TORNADO
MAX 32 OR BELOW: 0 0.01 INCH OR MORE: 5
MAX 90 OR ABOVE: 31 0.10 INCH OR MORE: 1
MIN 32 OR BELOW: 0 0.50 INCH OR MORE: 0
MIN 0 OR BELOW: 0 1.00 INCH OR MORE: 0
[HDD (BASE 65) ]
TOTAL THIS MO. 0 CLEAR (SCALE 0-3) 25
DPTR FM NORMAL M PTCLDY (SCALE 4-7) 6
TOTAL FM JUL 1 0 CLOUDY (SCALE 8-10) 0
DPTR FM NORMAL M
[CDD (BASE 65) ]
TOTAL THIS MO. 616
DPTR FM NORMAL M [PRESSURE DATA]
TOTAL FM JAN 1 1539 HIGHEST SLP M ON M
DPTR FM NORMAL M LOWEST SLP M ON M
[REMARKS]
#FINAL-07-22#