000
CXUS53 KARX 010930
CF6LSE
PRELIMINARY LOCAL CLIMATOLOGICAL DATA (WS FORM: F-6)
STATION: LA CROSSE WI
MONTH: JULY
YEAR: 2020
LATITUDE: 43 52 N
LONGITUDE: 91 15 W
TEMPERATURE IN F: :PCPN: SNOW: WIND :SUNSHINE: SKY :PK WND
================================================================================
1 2 3 4 5 6A 6B 7 8 9 10 11 12 13 14 15 16 17 18
12Z AVG MX 2MIN
DY MAX MIN AVG DEP HDD CDD WTR SNW DPTH SPD SPD DIR MIN PSBL S-S WX SPD DR
================================================================================
1 90 73 82 9 0 17 0.02 0.0 0 3.9 14 90 M M 2 19 80
2 92 69 81 8 0 16 0.00 0.0 0 4.2 10 340 M M 0 15 150
3 94 66 80 6 0 15 0.03 0.0 0 4.1 16 270 M M 2 38 22 80
4 91 71 81 7 0 16 0.00 0.0 0 4.6 13 150 M M 1 3 17 150
5 94 71 83 9 0 18 0.00 0.0 0 4.0 10 260 M M 2 15 220
6 95 72 84 10 0 19 0.00 0.0 0 7.6 17 220 M M 1 3 23 210
7 93 71 82 8 0 17 0.27 0.0 0 7.0 24 30 M M 2 3 35 20
8 95 70 83 9 0 18 0.00 0.0 0 8.5 20 190 M M 1 26 180
9 84 69 77 3 0 12 0.95 0.0 0 7.1 20 40 M M 5 13 28 20
10 87 67 77 3 0 12 0.00 0.0 0 6.7 15 310 M M 1 20 290
11 88 67 78 4 0 13 T 0.0 0 5.6 13 310 M M 2 3 15 320
12 86 64 75 1 0 10 0.00 0.0 0 4.9 12 20 M M 2 21 10
13 88 64 76 2 0 11 0.00 0.0 0 8.7 16 180 M M 2 24 180
14 89 66 78 4 0 13 0.16 0.0 0 13.0 24 180 M M 6 13 32 180
15 71 58 65 -9 0 0 0.01 0.0 0 5.3 12 30 M M 6 12 14 10
16 83 57 70 -4 0 5 0.00 0.0 0 5.2 15 170 M M 4 12 19 170
17 90 66 78 4 0 13 0.00 0.0 0 9.7 16 170 M M 2 8 21 200
18 93 73 83 9 0 18 T 0.0 0 12.5 41 150 M M 3 3 58 160
19 87 70 79 5 0 14 0.20 0.0 0 12.7 21 290 M M 2 3 28 290
20 83 61 72 -2 0 7 0.00 0.0 0 4.0 9 340 M M 0 17 360
21 82 63 73 -1 0 8 0.05 0.0 0 8.8 20 180 M M 5 3 24 180
22 75 60 68 -6 0 3 0.00 0.0 0 7.8 15 320 M M 5 22 320
23 83 58 71 -3 0 6 0.00 0.0 0 3.9 10 250 M M 4 17 210
24 90 64 77 3 0 12 0.00 0.0 0 9.9 17 190 M M 1 24 190
25 93 75 84 10 0 19 T 0.0 0 10.6 17 180 M M 1 23 180
26 90 76 83 10 0 18 0.00 0.0 0 9.0 18 290 M M 4 26 280
27 89 66 78 5 0 13 0.00 0.0 0 10.9 21 310 M M 1 27 310
28 91 66 79 6 0 14 0.03 0.0 0 6.6 20 260 M M 5 26 250
29 89 63 76 3 0 11 0.00 0.0 0 4.3 12 310 M M 2 12 16 330
30 85 62 74 1 0 9 0.00 0.0 0 7.4 14 30 M M 2 19 70
31 87 58 73 0 0 8 0.00 0.0 0 4.2 13 310 M M 1 18 330
================================================================================
SM 2727 2056 0 385 1.72 0.0 222.7 M 77
================================================================================
AV 88.0 66.3 7.2 FASTST M M 2 MAX(MPH)
MISC ----> # 41 150 # 58 160
================================================================================
NOTES:
# LAST OF SEVERAL OCCURRENCES
COLUMN 17 PEAK WIND IN M.P.H.
PRELIMINARY LOCAL CLIMATOLOGICAL DATA (WS FORM: F-6) , PAGE 2
STATION: LA CROSSE WI
MONTH: JULY
YEAR: 2020
LATITUDE: 43 52 N
LONGITUDE: 91 15 W
[TEMPERATURE DATA] [PRECIPITATION DATA] SYMBOLS USED IN COLUMN 16
AVERAGE MONTHLY: 77.2 TOTAL FOR MONTH: 1.72 1 = FOG OR MIST
DPTR FM NORMAL: 3.4 DPTR FM NORMAL: -2.54 2 = FOG REDUCING VISIBILITY
HIGHEST: 95 ON 8, 6 GRTST 24HR 0.95 ON 9- 9 TO 1/4 MILE OR LESS
LOWEST: 57 ON 16 3 = THUNDER
SNOW, ICE PELLETS, HAIL 4 = ICE PELLETS
TOTAL MONTH: 0.0 INCH 5 = HAIL
GRTST 24HR 0.0 6 = FREEZING RAIN OR DRIZZLE
GRTST DEPTH: 0 7 = DUSTSTORM OR SANDSTORM:
VSBY 1/2 MILE OR LESS
8 = SMOKE OR HAZE
[NO. OF DAYS WITH] [WEATHER - DAYS WITH] 9 = BLOWING SNOW
X = TORNADO
MAX 32 OR BELOW: 0 0.01 INCH OR MORE: 9
MAX 90 OR ABOVE: 14 0.10 INCH OR MORE: 4
MIN 32 OR BELOW: 0 0.50 INCH OR MORE: 1
MIN 0 OR BELOW: 0 1.00 INCH OR MORE: 0
[HDD (BASE 65) ]
TOTAL THIS MO. 0 CLEAR (SCALE 0-3) 21
DPTR FM NORMAL -5 PTCLDY (SCALE 4-7) 10
TOTAL FM JUL 1 0 CLOUDY (SCALE 8-10) 0
DPTR FM NORMAL -5
[CDD (BASE 65) ]
TOTAL THIS MO. 385
DPTR FM NORMAL 112 [PRESSURE DATA]
TOTAL FM JAN 1 682 HIGHEST SLP 30.15 ON 23
DPTR FM NORMAL 195 LOWEST SLP 29.61 ON 19
[REMARKS]
#FINAL-07-20#