000
CXUS54 KFWD 010830
CF6LUD
PRELIMINARY LOCAL CLIMATOLOGICAL DATA (WS FORM: F-6)
STATION: DECATUR
MONTH: FEBRUARY
YEAR: 2023
LATITUDE: 33 15 N
LONGITUDE: 97 30 W
TEMPERATURE IN F: :PCPN: SNOW: WIND :SUNSHINE: SKY :PK WND
================================================================================
1 2 3 4 5 6A 6B 7 8 9 10 11 12 13 14 15 16 17 18
12Z AVG MX 2MIN
DY MAX MIN AVG DEP HDD CDD WTR SNW DPTH SPD SPD DIR MIN PSBL S-S WX SPD DR
================================================================================
1 29 26 28 -15 37 0 M M M 4.0 7 40 M M 2 6 M M
2 33 28 31 -12 34 0 0.27 M M 2.3 7 10 M M 9 126 M M
3 53 28 41 -2 24 0 0.00 M M 2.5 7 180 M M 0 1 M M
4 56 37 47 3 18 0 0.00 M M 9.5 16 180 M M 0 23 180
5 68 41 55 11 10 0 0.00 M M 6.2 13 170 M M 0 18 170
6 73 52 63 19 2 0 0.00 M M 13.8 21 170 M M 2 1 28 190
7 62 43 53 9 12 0 0.15 M M 10.4 16 50 M M 10 1 22 40
8 44 36 40 -4 25 0 0.17 M M 8.6 17 280 M M 7 1 25 290
9 61 31 46 2 19 0 0.00 M M 5.1 12 340 M M 2 20 340
10 47 32 40 -5 25 0 0.00 M M 9.0 15 330 M M 7 21 340
11 54 28 41 -4 24 0 0.00 M M 3.6 9 20 M M 1 M M
12 67 40 54 9 11 0 0.00 M M 7.3 14 190 M M 0 20 190
13 63 44 54 9 11 0 0.00 M M 8.6 24 170 M M 0 31 130
14 69 51 60 15 5 0 0.41 M M 14.7 25 230 M M 3 1 36 240
15 75 46 61 15 4 0 0.00 M M 11.2 23 170 M M 0 31 320
16 46 33 40 -6 25 0 0.00 M M 13.1 20 310 M M 3 8 31 310
17 50 26 38 -8 27 0 0.00 M M 4.1 12 340 M M 0 8 21 340
18 51 36 44 -2 21 0 0.00 M M 10.6 15 170 M M 0 20 180
19 71 46 59 12 6 0 0.00 M M 10.6 15 240 M M 0 20 200
20 82 61 72 25 0 7 0.00 M M 8.8 20 260 M M 0 30 260
21 88 63 76 29 0 11 0.00 M M 11.9 24 170 M M 0 32 160
22 78 57 68 21 0 3 0.35 M M 12.0 25 180 M M 3 8 33 180
23 66 37 52 4 13 0 0.00 M M 9.1 17 170 M M 2 21 170
24 43 38 41 -7 24 0 0.00 M M 5.8 10 40 M M 10 17 30
25 46 35 41 -7 24 0 0.00 M M 1.3 7 340 M M 10 18 M M
26 74 44 59 11 6 0 0.05 M M 9.6 31 170 M M 8 128 40 170
27 74 49 62 13 3 0 0.00 M M 9.3 16 260 M M 4 8 25 260
28 83 52 68 19 0 3 0.00 M M 8.7 14 170 M M 0 20 230
================================================================================
SM 1706 1140 410 24 1.40 M 231.7 M 83
================================================================================
AV 60.9 40.7 8.3 FASTST M M 3 MAX(MPH)
MISC ----> 31 170 40 170
================================================================================
NOTES:
# LAST OF SEVERAL OCCURRENCES
COLUMN 17 PEAK WIND IN M.P.H.
PRELIMINARY LOCAL CLIMATOLOGICAL DATA (WS FORM: F-6) , PAGE 2
STATION: DECATUR
MONTH: FEBRUARY
YEAR: 2023
LATITUDE: 33 15 N
LONGITUDE: 97 30 W
[TEMPERATURE DATA] [PRECIPITATION DATA] SYMBOLS USED IN COLUMN 16
AVERAGE MONTHLY: 50.8 TOTAL FOR MONTH: 1.40 1 = FOG OR MIST
DPTR FM NORMAL: 5.1 DPTR FM NORMAL: -1.18 2 = FOG REDUCING VISIBILITY
HIGHEST: 88 ON 21 GRTST 24HR 0.41 ON 14-14 TO 1/4 MILE OR LESS
LOWEST: 26 ON 17, 1 3 = THUNDER
SNOW, ICE PELLETS, HAIL 4 = ICE PELLETS
TOTAL MONTH: M 5 = HAIL
GRTST 24HR M ON M 6 = FREEZING RAIN OR DRIZZLE
GRTST DEPTH: M ON M 7 = DUSTSTORM OR SANDSTORM:
VSBY 1/2 MILE OR LESS
8 = SMOKE OR HAZE
[NO. OF DAYS WITH] [WEATHER - DAYS WITH] 9 = BLOWING SNOW
X = TORNADO
MAX 32 OR BELOW: 1 0.01 INCH OR MORE: 6
MAX 90 OR ABOVE: 0 0.10 INCH OR MORE: 5
MIN 32 OR BELOW: 7 0.50 INCH OR MORE: 0
MIN 0 OR BELOW: 0 1.00 INCH OR MORE: 0
[HDD (BASE 65) ]
TOTAL THIS MO. 410 CLEAR (SCALE 0-3) 19
DPTR FM NORMAL -132 PTCLDY (SCALE 4-7) 5
TOTAL FM JUL 1 1847 CLOUDY (SCALE 8-10) 4
DPTR FM NORMAL -554
[CDD (BASE 65) ]
TOTAL THIS MO. 24
DPTR FM NORMAL 22 [PRESSURE DATA]
TOTAL FM JAN 1 38 HIGHEST SLP M ON M
DPTR FM NORMAL 38 LOWEST SLP M ON M
[REMARKS]
#FINAL-02-23#