000
CXUS54 KFWD 010830
CF6LUD
PRELIMINARY LOCAL CLIMATOLOGICAL DATA (WS FORM: F-6)
STATION: DECATUR
MONTH: JANUARY
YEAR: 2021
LATITUDE: 33 15 N
LONGITUDE: 97 30 W
TEMPERATURE IN F: :PCPN: SNOW: WIND :SUNSHINE: SKY :PK WND
================================================================================
1 2 3 4 5 6A 6B 7 8 9 10 11 12 13 14 15 16 17 18
12Z AVG MX 2MIN
DY MAX MIN AVG DEP HDD CDD WTR SNW DPTH SPD SPD DIR MIN PSBL S-S WX SPD DR
================================================================================
1 37 32 35 -7 30 0 M M M 8.5 12 300 M M 10 1 22 300
2 55 32 44 2 21 0 0.00 M M 5.7 10 160 M M 3 M M
3 61 41 51 9 14 0 0.00 M M 8.6 14 220 M M 0 18 230
4 65 38 52 10 13 0 0.00 M M 4.6 8 320 M M 0 M M
5 64 39 52 10 13 0 0.00 M M 7.4 16 150 M M 0 21 150
6 57 45 51 9 14 0 0.00 M M 11.1 18 290 M M 9 31 310
7 47 40 44 2 21 0 0.00 M M 9.4 17 310 M M 10 24 310
8 49 32 41 -1 24 0 0.00 M M 5.8 9 350 M M 4 16 350
9 47 29 38 -4 27 0 0.00 M M 4.5 9 60 M M 0 1 M M
10 37 32 35 -7 30 0 0.09 M M 5.5 10 300 M M 5 1 18 300
11 47 32 40 -2 25 0 0.00 M M 4.2 8 340 M M 3 1 M M
12 53 29 41 -1 24 0 0.00 M M 5.9 12 210 M M 0 16 210
13 62 33 48 6 17 0 0.00 M M 8.6 14 170 M M 0 20 170
14 60 39 50 8 15 0 0.00 M M 12.3 24 320 M M 0 36 320
15 52 37 45 3 20 0 0.00 M M 12.3 22 300 M M 0 38 300
16 56 31 44 2 21 0 0.00 M M 5.2 9 270 M M 0 M M
17 59 35 47 5 18 0 0.00 M M 5.8 10 290 M M 1 17 320
18 65 42 54 12 11 0 0.00 M M 9.5 17 160 M M 3 24 190
19 58 46 52 10 13 0 0.00 M M 11.1 16 30 M M 9 24 30
20 46 41 44 2 21 0 0.16 M M 3.9 10 210 M M 9 1 M M
21 56 43 50 8 15 0 0.00 M M 5.8 8 150 M M 1 12 M M
22 50 45 48 6 17 0 0.00 M M 5.3 12 50 M M 10 12 16 60
23 51 46 49 7 16 0 0.01 M M 5.8 10 150 M M 10 12 M M
24 57 51 54 12 11 0 0.06 M M 6.4 13 90 M M 10 12 16 90
25 65 43 54 12 11 0 0.18 M M 10.9 22 290 M M 4 1 28 290
26 53 32 43 1 22 0 M M M 5.4 10 10 M M 1 M M
27 46 30 38 -5 27 0 0.00 M M 7.0 13 310 M M 0 1 20 330
28 48 25 37 -6 28 0 0.00 M M 5.7 9 140 M M 0 M M
29 59 36 48 5 17 0 0.00 M M 8.8 14 140 M M 0 22 150
30 71 50 61 18 4 0 0.00 M M 16.4 26 250 M M 5 18 47 240
31 55 37 46 3 19 0 0.00 M M 10.7 18 330 M M 0 28 330
================================================================================
SM 1688 1163 579 0 0.50 M 238.0 M 107
================================================================================
AV 54.5 37.5 7.7 FASTST M M 3 MAX(MPH)
MISC ----> 26 250 47 240
================================================================================
NOTES:
# LAST OF SEVERAL OCCURRENCES
COLUMN 17 PEAK WIND IN M.P.H.
PRELIMINARY LOCAL CLIMATOLOGICAL DATA (WS FORM: F-6) , PAGE 2
STATION: DECATUR
MONTH: JANUARY
YEAR: 2021
LATITUDE: 33 15 N
LONGITUDE: 97 30 W
[TEMPERATURE DATA] [PRECIPITATION DATA] SYMBOLS USED IN COLUMN 16
AVERAGE MONTHLY: 46.0 TOTAL FOR MONTH: 0.50 1 = FOG OR MIST
DPTR FM NORMAL: 4.0 DPTR FM NORMAL: -1.24 2 = FOG REDUCING VISIBILITY
HIGHEST: 71 ON 30 GRTST 24HR 0.43 ON 20-20 TO 1/4 MILE OR LESS
LOWEST: 25 ON 28 3 = THUNDER
SNOW, ICE PELLETS, HAIL 4 = ICE PELLETS
TOTAL MONTH: M 5 = HAIL
GRTST 24HR M ON M 6 = FREEZING RAIN OR DRIZZLE
GRTST DEPTH: M ON M 7 = DUSTSTORM OR SANDSTORM:
VSBY 1/2 MILE OR LESS
8 = SMOKE OR HAZE
[NO. OF DAYS WITH] [WEATHER - DAYS WITH] 9 = BLOWING SNOW
X = TORNADO
MAX 32 OR BELOW: 0 0.01 INCH OR MORE: 5
MAX 90 OR ABOVE: 0 0.10 INCH OR MORE: 2
MIN 32 OR BELOW: 11 0.50 INCH OR MORE: 0
MIN 0 OR BELOW: 0 1.00 INCH OR MORE: 0
[HDD (BASE 65) ]
TOTAL THIS MO. 579 CLEAR (SCALE 0-3) 18
DPTR FM NORMAL -134 PTCLDY (SCALE 4-7) 5
TOTAL FM JUL 1 1437 CLOUDY (SCALE 8-10) 8
DPTR FM NORMAL -416
[CDD (BASE 65) ]
TOTAL THIS MO. 0
DPTR FM NORMAL 0 [PRESSURE DATA]
TOTAL FM JAN 1 0 HIGHEST SLP M ON M
DPTR FM NORMAL 0 LOWEST SLP M ON M
[REMARKS]
#FINAL-01-21#