000
CXUS56 KMTR 010900
CF6LVK
PRELIMINARY LOCAL CLIMATOLOGICAL DATA (WS FORM: F-6)
STATION: LIVERMORE AIRPORT
MONTH: SEPTEMBER
YEAR: 2022
LATITUDE: 37 42 N
LONGITUDE: 121 49 W
TEMPERATURE IN F: :PCPN: SNOW: WIND :SUNSHINE: SKY :PK WND
================================================================================
1 2 3 4 5 6A 6B 7 8 9 10 11 12 13 14 15 16 17 18
12Z AVG MX 2MIN
DY MAX MIN AVG DEP HDD CDD WTR SNW DPTH SPD SPD DIR MIN PSBL S-S WX SPD DR
================================================================================
1 106 59 83 11 0 18 0.00 M M 3.5 16 290 M M 0 18 290
2 98 61 80 8 0 15 0.00 M M 7.3 17 290 M M 0 20 290
3 98 61 80 8 0 15 0.00 M M 5.6 16 290 M M 0 21 290
4 106 62 84 12 0 19 0.00 M M 3.4 13 280 M M 0 15 270
5 113 67 90 18 0 25 0.00 M M 3.5 15 310 M M 0 19 310
6 113 73 93 22 0 28 0.00 M M 5.9 20 280 M M 0 8 24 260
7 107 73 90 19 0 25 0.00 M M 4.7 18 270 M M 0 22 270
8 112 71 92 21 0 27 0.00 M M 3.4 17 330 M M 0 24 310
9 107 68 88 17 0 23 0.00 M M 5.5 17 300 M M 0 8 20 300
10 84 66 75 4 0 10 T M M 7.6 22 240 M M 1 26 240
11 88 68 78 7 0 13 0.00 M M 6.4 15 280 M M 0 19 270
12 85 61 73 2 0 8 0.00 M M 8.7 18 290 M M 0 23 290
13 74 59 67 -4 0 2 0.00 M M 12.3 24 260 M M 3 29 270
14 76 58 67 -4 0 2 0.00 M M 10.4 21 270 M M 3 26 260
15 M 59 M M M M 0.00 M M 7.3 20 300 M M 4 24 290
16 83 56 70 0 0 5 0.00 M M 6.1 18 300 M M 3 22 300
17 74 52 63 -7 2 0 0.00 M M 11.8 25 240 M M 2 32 250
18 M 62 M M M M 0.31 M M 7.3 23 190 M M 8 1 32 190
19 76 58 67 -3 0 2 0.17 M M 3.5 17 90 M M 5 1 20 270
20 76 55 66 -4 0 1 0.01 M M 3.7 16 270 M M 3 3 20 250
21 77 57 67 -3 0 2 T M M 4.6 16 270 M M 5 19 250
22 83 52 68 -1 0 3 0.00 M M 2.9 13 280 M M 0 17 260
23 90 54 72 3 0 7 0.00 M M 3.0 15 70 M M 0 18 70
24 94 54 74 5 0 9 0.00 M M 2.6 13 80 M M 0 17 60
25 89 58 74 5 0 9 0.00 M M 5.6 15 280 M M 0 18 280
26 86 55 71 2 0 6 0.00 M M 7.5 15 300 M M 2 18 290
27 82 53 68 0 0 3 0.00 M M 6.4 16 290 M M 3 18 290
28 84 54 69 1 0 4 0.00 M M 6.5 16 270 M M 0 19 290
29 87 56 72 4 0 7 0.00 M M 4.0 13 260 M M 0 16 270
30 92 53 73 5 0 8 0.00 M M 4.4 14 270 M M 0 17 280
================================================================================
SM 2540 1795 2 296 0.49 M 175.4 M 42
================================================================================
AV 90.7 59.8 5.8 FASTST M M 1 MAX(MPH)
MISC ----> 25 240 # 32 250
================================================================================
NOTES:
# LAST OF SEVERAL OCCURRENCES
COLUMN 17 PEAK WIND IN M.P.H.
PRELIMINARY LOCAL CLIMATOLOGICAL DATA (WS FORM: F-6) , PAGE 2
STATION: LIVERMORE AIRPORT
MONTH: SEPTEMBER
YEAR: 2022
LATITUDE: 37 42 N
LONGITUDE: 121 49 W
[TEMPERATURE DATA] [PRECIPITATION DATA] SYMBOLS USED IN COLUMN 16
AVERAGE MONTHLY: 75.3 TOTAL FOR MONTH: 0.49 1 = FOG OR MIST
DPTR FM NORMAL: 5.1 DPTR FM NORMAL: 0.41 2 = FOG REDUCING VISIBILITY
HIGHEST: 113 ON 6, 5 GRTST 24HR 0.31 ON 18-18 TO 1/4 MILE OR LESS
LOWEST: 52 ON 22,17 3 = THUNDER
SNOW, ICE PELLETS, HAIL 4 = ICE PELLETS
TOTAL MONTH: M 5 = HAIL
GRTST 24HR M ON M 6 = FREEZING RAIN OR DRIZZLE
GRTST DEPTH: M ON M 7 = DUSTSTORM OR SANDSTORM:
VSBY 1/2 MILE OR LESS
8 = SMOKE OR HAZE
[NO. OF DAYS WITH] [WEATHER - DAYS WITH] 9 = BLOWING SNOW
X = TORNADO
MAX 32 OR BELOW: 0 0.01 INCH OR MORE: 3
MAX 90 OR ABOVE: 12 0.10 INCH OR MORE: 2
MIN 32 OR BELOW: 0 0.50 INCH OR MORE: 0
MIN 0 OR BELOW: 0 1.00 INCH OR MORE: 0
[HDD (BASE 65) ]
TOTAL THIS MO. 2 CLEAR (SCALE 0-3) 25
DPTR FM NORMAL -13 PTCLDY (SCALE 4-7) 5
TOTAL FM JUL 1 8 CLOUDY (SCALE 8-10) 0
DPTR FM NORMAL -9
[CDD (BASE 65) ]
TOTAL THIS MO. 296
DPTR FM NORMAL 126 [PRESSURE DATA]
TOTAL FM JAN 1 1101 HIGHEST SLP M ON M
DPTR FM NORMAL 305 LOWEST SLP 29.46 ON 9
[REMARKS]
#FINAL-09-22#