000
CXUS56 KMTR 011100
CF6LVK
PRELIMINARY LOCAL CLIMATOLOGICAL DATA (WS FORM: F-6)
STATION: LIVERMORE AIRPORT
MONTH: FEBRUARY
YEAR: 2022
LATITUDE: 37 42 N
LONGITUDE: 121 49 W
TEMPERATURE IN F: :PCPN: SNOW: WIND :SUNSHINE: SKY :PK WND
================================================================================
1 2 3 4 5 6A 6B 7 8 9 10 11 12 13 14 15 16 17 18
12Z AVG MX 2MIN
DY MAX MIN AVG DEP HDD CDD WTR SNW DPTH SPD SPD DIR MIN PSBL S-S WX SPD DR
================================================================================
1 M M M M M M 0.00 M M M M M M M M M M
2 M M M M M M M M M M M M M M M M M
3 63 31 47 -2 18 0 0.00 M M 4.0 15 80 M M 0 17 90
4 61 33 47 -2 18 0 0.00 M M 3.0 13 80 M M 0 16 80
5 65 32 49 0 16 0 0.00 M M 2.1 8 80 M M 0 18 10 60
6 66 31 49 0 16 0 0.00 M M 3.2 12 80 M M 0 14 70
7 65 33 49 0 16 0 0.00 M M 4.6 16 70 M M 0 20 70
8 72 34 53 3 12 0 0.00 M M 3.5 15 60 M M 0 18 60
9 72 38 55 5 10 0 0.00 M M 4.0 17 70 M M 0 20 70
10 75 40 58 8 7 0 0.00 M M 4.8 17 70 M M 0 21 80
11 76 40 58 8 7 0 0.00 M M 3.5 14 60 M M 0 15 60
12 71 40 56 6 9 0 0.00 M M 4.3 15 50 M M 0 18 19 50
13 73 39 56 6 9 0 0.00 M M 3.5 12 70 M M 0 18 14 80
14 58 42 50 0 15 0 0.00 M M 8.7 21 240 M M 6 1 24 230
15 59 39 49 -1 16 0 0.00 M M 8.0 20 10 M M 0 26 10
16 70 42 56 5 9 0 0.00 M M 9.3 20 360 M M 0 27 10
17 66 39 53 2 12 0 0.00 M M 4.3 15 90 M M 0 8 18 90
18 66 36 51 0 14 0 0.00 M M 3.3 13 70 M M 0 15 60
19 71 34 53 2 12 0 0.00 M M 2.3 14 80 M M 0 1 17 50
20 59 36 48 -3 17 0 0.00 M M 7.5 17 240 M M 1 23 250
21 57 32 45 -6 20 0 0.01 M M 8.1 21 260 M M 2 1 26 240
22 53 35 44 -8 21 0 0.02 M M 9.4 21 280 M M 5 27 280
23 53 28 41 -11 24 0 0.00 M M 3.3 15 340 M M 0 8 21 320
24 58 27 43 -9 22 0 0.00 M M 2.5 12 290 M M 0 14 270
25 59 29 44 -8 21 0 0.00 M M 3.7 12 80 M M 0 16 80
26 60 30 45 -7 20 0 0.00 M M 3.3 10 60 M M 1 13 40
27 72 36 54 2 11 0 0.00 M M 2.8 10 290 M M 0 13 70
28 76 37 57 5 8 0 0.00 M M 2.2 10 280 M M 0 13 80
================================================================================
SM 1696 913 380 0 0.03 M 119.2 M 15
================================================================================
AV 65.2 35.1 4.6 FASTST M M 1 MAX(MPH)
MISC ----> # 21 240 # 27 10
================================================================================
NOTES:
# LAST OF SEVERAL OCCURRENCES
COLUMN 17 PEAK WIND IN M.P.H.
PRELIMINARY LOCAL CLIMATOLOGICAL DATA (WS FORM: F-6) , PAGE 2
STATION: LIVERMORE AIRPORT
MONTH: FEBRUARY
YEAR: 2022
LATITUDE: 37 42 N
LONGITUDE: 121 49 W
[TEMPERATURE DATA] [PRECIPITATION DATA] SYMBOLS USED IN COLUMN 16
AVERAGE MONTHLY: 50.2 TOTAL FOR MONTH: 0.03 1 = FOG OR MIST
DPTR FM NORMAL: -0.2 DPTR FM NORMAL: -2.89 2 = FOG REDUCING VISIBILITY
HIGHEST: 76 ON 28,11 GRTST 24HR 0.03 ON 21-22 TO 1/4 MILE OR LESS
LOWEST: 27 ON 24 3 = THUNDER
SNOW, ICE PELLETS, HAIL 4 = ICE PELLETS
TOTAL MONTH: M 5 = HAIL
GRTST 24HR M ON M 6 = FREEZING RAIN OR DRIZZLE
GRTST DEPTH: M ON M 7 = DUSTSTORM OR SANDSTORM:
VSBY 1/2 MILE OR LESS
8 = SMOKE OR HAZE
[NO. OF DAYS WITH] [WEATHER - DAYS WITH] 9 = BLOWING SNOW
X = TORNADO
MAX 32 OR BELOW: 0 0.01 INCH OR MORE: 2
MAX 90 OR ABOVE: 0 0.10 INCH OR MORE: 0
MIN 32 OR BELOW: 8 0.50 INCH OR MORE: 0
MIN 0 OR BELOW: 0 1.00 INCH OR MORE: 0
[HDD (BASE 65) ]
TOTAL THIS MO. 380 CLEAR (SCALE 0-3) 24
DPTR FM NORMAL -27 PTCLDY (SCALE 4-7) 2
TOTAL FM JUL 1 1765 CLOUDY (SCALE 8-10) 2
DPTR FM NORMAL -176
[CDD (BASE 65) ]
TOTAL THIS MO. 0
DPTR FM NORMAL 0 [PRESSURE DATA]
TOTAL FM JAN 1 0 HIGHEST SLP 30.46 ON 4
DPTR FM NORMAL 0 LOWEST SLP 29.86 ON 22
[REMARKS]
#FINAL-02-22#