858
CXUS56 KMTR 011528
CF6LVK
PRELIMINARY LOCAL CLIMATOLOGICAL DATA (WS FORM: F-6)
STATION: LIVERMORE AIRPORT
MONTH: JANUARY
YEAR: 2021
LATITUDE: 37 42 N
LONGITUDE: 121 49 W
TEMPERATURE IN F: :PCPN: SNOW: WIND :SUNSHINE: SKY :PK WND
================================================================================
1 2 3 4 5 6A 6B 7 8 9 10 11 12 13 14 15 16 17 18
12Z AVG MX 2MIN
DY MAX MIN AVG DEP HDD CDD WTR SNW DPTH SPD SPD DIR MIN PSBL S-S WX SPD DR
================================================================================
1 60 34 47 1 18 0 0.00 M M 2.8 9 270 M M 0 12 270
2 50 44 47 1 18 0 0.05 M M 3.1 14 80 M M 10 1 18 80
3 57 46 52 6 13 0 0.00 M M 1.6 7 240 M M 5 12 8 60
4 61 42 52 6 13 0 0.15 M M 6.7 23 220 M M 6 18 30 220
5 55 37 46 0 19 0 0.00 M M 3.3 16 70 M M 3 12 20 80
6 60 34 47 1 18 0 T M M 2.7 10 110 M M 1 12 120
7 58 37 48 2 17 0 0.00 M M 7.2 16 60 M M 3 1 19 70
8 61 41 51 5 14 0 0.00 M M 4.1 15 290 M M 5 1 17 310
9 63 35 49 3 16 0 0.00 M M 3.0 12 90 M M 1 1 15 110
10 60 33 47 1 18 0 0.00 M M 2.7 10 70 M M 4 18 13 80
11 60 35 48 2 17 0 0.00 M M 4.5 15 100 M M 0 1 19 90
12 62 42 52 6 13 0 T M M 1.3 8 260 M M 4 18 10 270
13 70 41 56 10 9 0 0.00 M M 3.9 14 90 M M 1 18 17 80
14 68 44 56 10 9 0 0.00 M M 6.1 17 70 M M 0 1 21 80
15 69 39 54 8 11 0 0.00 M M 3.7 15 70 M M 0 18 70
16 76 41 59 13 6 0 0.00 M M 2.6 13 80 M M 0 15 80
17 76 44 60 13 5 0 0.00 M M 5.5 18 80 M M 0 22 80
18 75 58 67 20 0 2 0.00 M M 11.5 30 10 M M 0 40 20
19 64 41 53 6 12 0 0.00 M M 15.7 30 20 M M 0 42 30
20 68 38 53 6 12 0 0.00 M M 2.1 15 80 M M 0 17 90
21 67 33 50 3 15 0 0.00 M M 3.8 13 300 M M 0 15 290
22 54 39 47 0 18 0 0.10 M M 5.5 18 240 M M 8 1 23 240
23 57 37 47 0 18 0 0.00 M M 3.0 12 270 M M 5 128 14 280
24 51 32 42 -5 23 0 0.19 M M 7.9 22 300 M M 7 1 29 300
25 53 35 44 -3 21 0 0.00 M M 9.7 20 290 M M 1 26 310
26 51 28 40 -7 25 0 0.10 M M 7.9 24 180 M M 5 33 140
27 52 44 48 1 17 0 0.84 M M 7.7 25 110 M M 8 1 33 110
28 52 43 48 0 17 0 1.14 M M 4.6 16 200 M M 9 1 23 200
29 56 39 48 0 17 0 0.17 M M 2.2 8 280 M M 3 1 12 260
30 61 41 51 3 14 0 0.00 M M 2.1 13 80 M M 6 15 80
31 65 44 55 7 10 0 T M M 1.5 9 70 M M 4 12 80
================================================================================
SM 1892 1221 453 2 2.74 M 150.0 M 99
================================================================================
AV 61.0 39.4 4.8 FASTST M M 3 MAX(MPH)
MISC ----> # 30 10 42 30
================================================================================
NOTES:
# LAST OF SEVERAL OCCURRENCES
COLUMN 17 PEAK WIND IN M.P.H.
PRELIMINARY LOCAL CLIMATOLOGICAL DATA (WS FORM: F-6) , PAGE 2
STATION: LIVERMORE AIRPORT
MONTH: JANUARY
YEAR: 2021
LATITUDE: 37 42 N
LONGITUDE: 121 49 W
[TEMPERATURE DATA] [PRECIPITATION DATA] SYMBOLS USED IN COLUMN 16
AVERAGE MONTHLY: 50.2 TOTAL FOR MONTH: 2.74 1 = FOG OR MIST
DPTR FM NORMAL: 3.5 DPTR FM NORMAL: -0.27 2 = FOG REDUCING VISIBILITY
HIGHEST: 76 ON 17,16 GRTST 24HR 1.26 ON 26-27 TO 1/4 MILE OR LESS
LOWEST: 28 ON 26 3 = THUNDER
SNOW, ICE PELLETS, HAIL 4 = ICE PELLETS
TOTAL MONTH: M 5 = HAIL
GRTST 24HR M ON M 6 = FREEZING RAIN OR DRIZZLE
GRTST DEPTH: M ON M 7 = DUSTSTORM OR SANDSTORM:
VSBY 1/2 MILE OR LESS
8 = SMOKE OR HAZE
[NO. OF DAYS WITH] [WEATHER - DAYS WITH] 9 = BLOWING SNOW
X = TORNADO
MAX 32 OR BELOW: 0 0.01 INCH OR MORE: 8
MAX 90 OR ABOVE: 0 0.10 INCH OR MORE: 7
MIN 32 OR BELOW: 2 0.50 INCH OR MORE: 2
MIN 0 OR BELOW: 0 1.00 INCH OR MORE: 1
[HDD (BASE 65) ]
TOTAL THIS MO. 453 CLEAR (SCALE 0-3) 15
DPTR FM NORMAL -114 PTCLDY (SCALE 4-7) 13
TOTAL FM JUL 1 1329 CLOUDY (SCALE 8-10) 3
DPTR FM NORMAL -271
[CDD (BASE 65) ]
TOTAL THIS MO. 2
DPTR FM NORMAL 2 [PRESSURE DATA]
TOTAL FM JAN 1 2 HIGHEST SLP 30.42 ON 13
DPTR FM NORMAL 2 LOWEST SLP 29.66 ON 27
[REMARKS]
#FINAL-01-21#