000
CXUS55 KBYZ 011127
CLMLVM
CLIMATE REPORT
NATIONAL WEATHER SERVICE BILLINGS MT
527 AM MDT MON MAY 01 2023
...................................
...THE LIVINGSTON MT CLIMATE SUMMARY FOR THE MONTH OF APRIL 2023...
CLIMATE NORMAL PERIOD 1991 TO 2020
CLIMATE RECORD PERIOD 1948 TO 2023
WEATHER OBSERVED NORMAL DEPART
VALUE DATE(S) VALUE FROM
NORMAL
................................................
TEMPERATURE (F)
HIGHEST 76 04/29
LOWEST 8 04/03
04/05
AVG. MAXIMUM 53.5 54.4 -0.9
AVG. MINIMUM 27.6 30.0 -2.4
MEAN 40.5 42.2 -1.7
DAYS MAX >= 90 0
DAYS MAX <= 32 1
DAYS MIN <= 32 20
DAYS MIN <= 0 0
PRECIPITATION (INCHES)
TOTALS 0.34 1.71 -1.37
DAYS >= .01 5
DAYS >= .10 1
DAYS >= .50 0
DAYS >= 1.00 0
GREATEST
24 HR. TOTAL 0.28 04/13 TO 04/13
DEGREE DAYS
HEATING TOTAL 726 684 42
SINCE 7/1 7115 6748 367
COOLING TOTAL 0 0 0
SINCE 1/1 0 0 0
................................................
WIND (MPH)
AVERAGE WIND SPEED 15.1
HIGHEST WIND SPEED/DIRECTION 52/250 DATE 04/01
HIGHEST GUST SPEED/DIRECTION 60/250 DATE 04/01
60/210 04/11
AVERAGE RH (PERCENT) 55
WEATHER CONDITIONS. NUMBER OF DAYS WITH
THUNDERSTORM 0 MIXED PRECIP 0
HEAVY RAIN 0 RAIN 0
LIGHT RAIN 3 FREEZING RAIN 0
LT FREEZING RAIN 0 HAIL 0
HEAVY SNOW 3 SNOW 2
LIGHT SNOW 8 SLEET 0
FOG 6 FOG W/VIS <= 1/4 MILE 3
HAZE 4
- INDICATES NEGATIVE NUMBERS.
R INDICATES RECORD WAS SET OR TIED.
MM INDICATES DATA IS MISSING.
T INDICATES TRACE AMOUNT.
$$