000
CXUS56 KOTX 100254
CF6LWS
PRELIMINARY LOCAL CLIMATOLOGICAL DATA (WS FORM: F-6)
STATION: LEWISTON ID AIRPORT
MONTH: MAY
YEAR: 2022
LATITUDE: 46 22 N
LONGITUDE: 117 1 W
TEMPERATURE IN F: :PCPN: SNOW: WIND :SUNSHINE: SKY :PK WND
================================================================================
1 2 3 4 5 6A 6B 7 8 9 10 11 12 13 14 15 16 17 18
12Z AVG MX 2MIN
DY MAX MIN AVG DEP HDD CDD WTR SNW DPTH SPD SPD DIR MIN PSBL S-S WX SPD DR
================================================================================
1 62 47 55 -1 10 0 0.00 0.0 0 4.7 13 310 M M 8 1 17 300
2 59 44 52 -4 13 0 0.06 0.0 0 9.0 24 310 M M 5 29 320
3 67 46 57 1 8 0 0.00 0.0 0 4.7 18 320 M M 6 23 320
4 76 45 61 4 4 0 0.00 0.0 0 5.6 14 70 M M 0 17 60
5 66 52 59 2 6 0 0.16 0.0 0 4.6 15 290 M M 5 1 19 310
6 64 50 57 0 8 0 0.50 0.0 0 5.4 22 330 M M 9 13 29 320
7 60 44 52 -6 13 0 0.02 0.0 0 9.2 25 250 M M 7 34 230
8 55 39 47 -11 18 0 T 0.0 0 4.3 18 200 M M 4 22 200
9 57 38 48 -10 17 0 0.00 0.0 0 5.8 20 320 M M 6 25 320
10 61 36 49 -10 16 0 0.00 0.0 0 3.4 15 160 M M 3 19 170
11 65 38 52 -7 13 0 0.00 0.0 0 5.9 16 300 M M 2 20 300
12 66 41 54 -5 11 0 0.20 0.0 0 6.6 29 300 M M 4 1 37 290
13 61 40 51 -9 14 0 0.02 0.0 0 5.3 22 300 M M 3 1 27 290
14 63 47 55 -5 10 0 0.16 0.0 0 4.9 13 70 M M 8 1 17 200
15 77 49 63 3 2 0 0.20 0.0 0 5.6 30 270 M M 2 3 38 260
16 69 53 61 1 4 0 T 0.0 0 4.2 12 320 M M 8 16 310
17 68 46 57 -4 8 0 0.00 0.0 0 5.0 14 340 M M 0 8 20 340
18 66 47 57 -4 8 0 0.01 0.0 0 8.5 31 260 M M 5 8 39 260
19 60 44 52 -9 13 0 0.00 0.0 0 12.3 24 300 M M 6 33 290
20 64 44 54 -7 11 0 0.00 0.0 0 4.1 14 290 M M 5 19 280
21 65 43 54 -8 11 0 0.00 0.0 0 6.3 24 70 M M 2 30 70
22 70 40 55 -7 10 0 0.00 0.0 0 3.8 12 310 M M 2 12 14 320
23 69 45 57 -5 8 0 0.01 0.0 0 4.8 23 280 M M 3 3 31 270
24 72 47 60 -2 5 0 0.00 0.0 0 3.2 10 30 M M 4 15 40
25 77 58 68 6 0 3 0.00 0.0 0 4.0 14 330 M M 7 16 330
26 81 54 68 6 0 3 0.16 0.0 0 5.3 23 290 M M 2 13 35 270
27 72 53 63 0 2 0 0.25 0.0 0 4.7 22 290 M M 7 3 29 290
28 65 52 59 -4 6 0 0.01 0.0 0 5.2 10 290 M M 9 19 250
29 61 51 56 -7 9 0 0.08 0.0 0 10.0 22 300 M M 10 28 290
30 54 49 52 -11 13 0 0.07 0.0 0 3.1 8 260 M M 10 12 290
31 75 52 64 1 1 0 T 0.0 0 4.1 15 190 M M 6 3 20 180
================================================================================
SM 2047 1434 272 6 1.91 0.0 173.6 M 158
================================================================================
AV 66.0 46.3 5.6 FASTST M M 5 MAX(MPH)
MISC ----> 31 260 39 260
================================================================================
NOTES:
# LAST OF SEVERAL OCCURRENCES
COLUMN 17 PEAK WIND IN M.P.H.
PRELIMINARY LOCAL CLIMATOLOGICAL DATA (WS FORM: F-6) , PAGE 2
STATION: LEWISTON ID AIRPORT
MONTH: MAY
YEAR: 2022
LATITUDE: 46 22 N
LONGITUDE: 117 1 W
[TEMPERATURE DATA] [PRECIPITATION DATA] SYMBOLS USED IN COLUMN 16
AVERAGE MONTHLY: 56.1 TOTAL FOR MONTH: 1.91 1 = FOG OR MIST
DPTR FM NORMAL: -3.9 DPTR FM NORMAL: 0.22 2 = FOG REDUCING VISIBILITY
HIGHEST: 81 ON 26 GRTST 24HR 0.51 ON 5- 6 TO 1/4 MILE OR LESS
LOWEST: 36 ON 10 3 = THUNDER
SNOW, ICE PELLETS, HAIL 4 = ICE PELLETS
TOTAL MONTH: 0.0 INCH 5 = HAIL
GRTST 24HR 0.0 6 = FREEZING RAIN OR DRIZZLE
GRTST DEPTH: 0 7 = DUSTSTORM OR SANDSTORM:
VSBY 1/2 MILE OR LESS
8 = SMOKE OR HAZE
[NO. OF DAYS WITH] [WEATHER - DAYS WITH] 9 = BLOWING SNOW
X = TORNADO
MAX 32 OR BELOW: 0 0.01 INCH OR MORE: 15
MAX 90 OR ABOVE: 0 0.10 INCH OR MORE: 7
MIN 32 OR BELOW: 0 0.50 INCH OR MORE: 1
MIN 0 OR BELOW: 0 1.00 INCH OR MORE: 0
[HDD (BASE 65) ]
TOTAL THIS MO. 272 CLEAR (SCALE 0-3) 9
DPTR FM NORMAL 85 PTCLDY (SCALE 4-7) 18
TOTAL FM JUL 1 4877 CLOUDY (SCALE 8-10) 4
DPTR FM NORMAL -44
[CDD (BASE 65) ]
TOTAL THIS MO. 6
DPTR FM NORMAL -28 [PRESSURE DATA]
TOTAL FM JAN 1 6 HIGHEST SLP 30.28 ON 22
DPTR FM NORMAL -30 LOWEST SLP 29.58 ON 29
[REMARKS]
#FINAL-05-22#