000
CXUS53 KILX 020151
CLALWV
CLIMATE REPORT
NATIONAL WEATHER SERVICE LINCOLN IL
751 PM CST FRI JAN 01 2021
...................................
...THE LAWRENCEVILLE IL AIRPORT CLIMATE SUMMARY FOR THE YEAR OF 2020...
CLIMATE NORMAL PERIOD 1981 TO 2010
CLIMATE RECORD PERIOD 9999 TO 9999
WEATHER OBSERVED NORMAL DEPART LAST YEAR`S
VALUE DATE(S) VALUE FROM VALUE
NORMAL
..............................................................
TEMPERATURE (F)
RECORD
HIGH MM MM
LOW MM MM
HIGHEST 95 07/19 MM MM 95
LOWEST 8 02/14 MM MM -4
AVG. MAXIMUM 64.0 66.1 -2.1 66.2
AVG. MINIMUM 43.9 45.8 -1.9 46.0
MEAN 53.9 56.0 -2.1 56.1
DAYS MAX >= 90 27 37.1 -10.1 41
DAYS MAX <= 32 5 17.3 -12.3 18
DAYS MIN <= 32 95 89.8 5.2 104
DAYS MIN <= 0 0 2.2 -2.2 1
PRECIPITATION (INCHES)
RECORD
MAXIMUM MM MM
MINIMUM MM MM
TOTALS 42.29 43.88 -1.59 54.29
DAILY AVG. 0.13 0.15
DAYS >= .01 110 MM MM 125
DAYS >= .10 67 MM MM 85
DAYS >= .50 30 MM MM 43
DAYS >= 1.00 12 MM MM 17
GREATEST
24 HR. TOTAL 3.12 07/30 3.22
DEGREE DAYS
HEATING TOTAL MM 4680 MM 4663
COOLING TOTAL MM 1387 MM 1511
FREEZE DATES
RECORD
EARLIEST MM
LATEST MM
EARLIEST 10/16
LATEST 04/02
..............................................................
SKY COVER
POSSIBLE SUNSHINE (PERCENT) MM
- INDICATES NEGATIVE NUMBERS.
R INDICATES RECORD WAS SET OR TIED.
MM INDICATES DATA IS MISSING.
T INDICATES TRACE AMOUNT.
$$