000
CXUS53 KILX 011703
CLSLWV
CLIMATE REPORT
NATIONAL WEATHER SERVICE LINCOLN IL
1103 AM CST WED MAR 01 2023
...................................
...THE LAWRENCEVILLE IL AIRPORT CLIMATE SUMMARY FOR THE SEASON, FROM
12/1/2022 TO 2/28/2023...
CLIMATE NORMAL PERIOD 1991 TO 2020
CLIMATE RECORD PERIOD 9999 TO 9999
WEATHER OBSERVED NORMAL DEPART LAST YEAR`S
VALUE DATE(S) VALUE FROM VALUE
NORMAL
..............................................................
TEMPERATURE (F)
RECORD
HIGH MM MM
LOW -6 02/17/2021
HIGHEST 74 02/22 MM MM 70
LOWEST -6R 12/23 MM MM 3
AVG. MAXIMUM 47.7 42.3 5.4 44.0
AVG. MINIMUM 30.5 25.6 4.9 25.0
MEAN 39.1 33.9 5.2 34.5
DAYS MAX >= 90 0 0.0 0.0 0
DAYS MAX <= 32 9 18.4 -9.4 17
DAYS MIN <= 32 48 67.0 -19.0 MM
DAYS MIN <= 0 2 2.7 -0.7 MM
PRECIPITATION (INCHES)
RECORD
MAXIMUM 8.06 2021
MINIMUM 8.06 2021
TOTALS MM 7.98 MM 6.29
DAILY AVG. MM 0.10
DAYS >= .01 MM 25.5 MM MM
DAYS >= .10 MM 14.6 MM MM
DAYS >= .50 MM 5.2 MM MM
DAYS >= 1.00 MM 1.6 MM MM
GREATEST
24 HR. TOTAL 1.13 12/14 TO 12/14 MM
DEGREE DAYS
HEATING TOTAL 2246 2798 -552 2295
SINCE 7/1 3161 3706 -545 MM
COOLING TOTAL 0 0 0 18
SINCE 1/1 0 0 0 MM
FREEZE DATES
RECORD
EARLIEST MM
LATEST MM
EARLIEST 10/19
LATEST 04/19
..............................................................
WIND (MPH)
AVERAGE WIND SPEED 10.0
HIGHEST WIND SPEED/DIRECTION 45/220 DATE 02/27
HIGHEST GUST SPEED/DIRECTION 61/210 DATE 02/27
SKY COVER
POSSIBLE SUNSHINE (PERCENT) MM
AVERAGE SKY COVER 0.52
NUMBER OF DAYS FAIR 34
NUMBER OF DAYS PC 18
NUMBER OF DAYS CLOUDY 36
AVERAGE RH (PERCENT) 75
WEATHER CONDITIONS. NUMBER OF DAYS WITH
THUNDERSTORM 5 MIXED PRECIP 0
HEAVY RAIN 10 RAIN 15
LIGHT RAIN 31 FREEZING RAIN 0
LT FREEZING RAIN 1 HAIL 0
HEAVY SNOW 0 SNOW 1
LIGHT SNOW 10 SLEET 0
FOG 44 FOG W/VIS <= 1/4 MILE 8
HAZE 3
- INDICATES NEGATIVE NUMBERS.
R INDICATES RECORD WAS SET OR TIED.
MM INDICATES DATA IS MISSING.
T INDICATES TRACE AMOUNT.
$$