000
CXUS53 KGID 011605
CF6LXN
PRELIMINARY LOCAL CLIMATOLOGICAL DATA (WS FORM: F-6)
STATION: LEXINGTON
MONTH: JUNE
YEAR: 2021
LATITUDE: 40 47 N
LONGITUDE: 99 46 W
TEMPERATURE IN F: :PCPN: SNOW: WIND :SUNSHINE: SKY :PK WND
================================================================================
1 2 3 4 5 6A 6B 7 8 9 10 11 12 13 14 15 16 17 18
12Z AVG MX 2MIN
DY MAX MIN AVG DEP HDD CDD WTR SNW DPTH SPD SPD DIR MIN PSBL S-S WX SPD DR
================================================================================
1 74 45 60 M 5 0 0.00 M M 4.6 9 130 M M 2 1 M M
2 76 47 62 M 3 0 0.00 M M 3.4 8 120 M M 0 M M
3 85 53 69 M 0 4 0.00 M M 6.1 13 200 M M 0 18 200
4 89 60 75 M 0 10 0.00 M M 10.3 16 180 M M 0 21 220
5 89 63 76 M 0 11 0.00 M M 13.2 23 170 M M 0 28 200
6 88 64 76 M 0 11 0.00 M M 14.8 18 180 M M 0 25 200
7 91 67 79 M 0 14 0.00 M M 10.1 16 150 M M 2 23 170
8 88 66 77 M 0 12 0.00 M M 11.8 22 150 M M 2 24 150
9 91 64 78 M 0 13 0.00 M M 8.6 14 150 M M 3 18 140
10 94 73 84 M 0 19 0.00 M M 13.2 22 160 M M 6 1 30 150
11 83 57 70 M 0 5 0.00 M M 13.8 25 20 M M 1 36 350
12 87 48 68 M 0 3 0.00 M M 6.5 13 130 M M 0 21 140
13 92 56 74 M 0 9 0.00 M M 8.0 14 170 M M 0 22 160
14 95 66 81 M 0 16 0.05 M M 7.5 21 340 M M 1 31 340
15 98 66 82 M 0 17 0.00 M M 6.1 16 170 M M 0 18 160
16 103 69 86 M 0 21 0.00 M M 9.6 18 170 M M 0 27 200
17 103 65 84 M 0 19 0.00 M M 5.1 13 360 M M 0 8 22 220
18 88 65 77 M 0 12 0.00 M M 10.7 20 80 M M 1 8 28 10
19 83 57 70 M 0 5 0.04 M M 8.6 20 140 M M 1 3 35 140
20 86 56 71 M 0 6 0.00 M M 11.4 23 360 M M 1 1 32 360
21 79 56 68 M 0 3 T M M 6.7 15 270 M M 3 8 22 310
22 92 53 73 M 0 8 0.00 M M 11.3 24 210 M M 0 32 210
23 93 62 78 M 0 13 0.00 M M 11.1 18 160 M M 0 23 150
24 85 65 75 M 0 10 0.00 M M 8.5 22 70 M M 2 33 80
25 82 62 72 M 0 7 T M M 6.4 18 360 M M 2 1 24 360
26 80 59 70 M 0 5 T M M 8.9 17 360 M M 5 22 360
27 83 54 69 M 0 4 0.39 M M 4.6 13 100 M M 4 M M
28 82 59 71 M 0 6 0.14 M M 5.8 17 330 M M 4 1 24 330
29 82 56 69 M 0 4 0.00 M M 3.9 8 150 M M 1 M M
30 83 59 71 M 0 6 T M M 2.6 7 140 M M 5 1 M M
================================================================================
SM 2624 1792 8 273 0.62 M 253.2 M 46
================================================================================
AV 87.5 59.7 8.4 FASTST M M 2 MAX(MPH)
MISC ----> 25 20 M M
================================================================================
NOTES:
# LAST OF SEVERAL OCCURRENCES
COLUMN 17 PEAK WIND IN M.P.H.
PRELIMINARY LOCAL CLIMATOLOGICAL DATA (WS FORM: F-6) , PAGE 2
STATION: LEXINGTON
MONTH: JUNE
YEAR: 2021
LATITUDE: 40 47 N
LONGITUDE: 99 46 W
[TEMPERATURE DATA] [PRECIPITATION DATA] SYMBOLS USED IN COLUMN 16
AVERAGE MONTHLY: 73.6 TOTAL FOR MONTH: 0.62 1 = FOG OR MIST
DPTR FM NORMAL: 0.0 DPTR FM NORMAL: M 2 = FOG REDUCING VISIBILITY
HIGHEST: 103 ON 17,16 GRTST 24HR 0.39 ON 27-27 TO 1/4 MILE OR LESS
LOWEST: 45 ON 1 3 = THUNDER
SNOW, ICE PELLETS, HAIL 4 = ICE PELLETS
TOTAL MONTH: M 5 = HAIL
GRTST 24HR M ON M 6 = FREEZING RAIN OR DRIZZLE
GRTST DEPTH: M ON M 7 = DUSTSTORM OR SANDSTORM:
VSBY 1/2 MILE OR LESS
8 = SMOKE OR HAZE
[NO. OF DAYS WITH] [WEATHER - DAYS WITH] 9 = BLOWING SNOW
X = TORNADO
MAX 32 OR BELOW: 0 0.01 INCH OR MORE: 4
MAX 90 OR ABOVE: 10 0.10 INCH OR MORE: 2
MIN 32 OR BELOW: 0 0.50 INCH OR MORE: 0
MIN 0 OR BELOW: 0 1.00 INCH OR MORE: 0
[HDD (BASE 65) ]
TOTAL THIS MO. 8 CLEAR (SCALE 0-3) 24
DPTR FM NORMAL M PTCLDY (SCALE 4-7) 6
TOTAL FM JUL 1 6069 CLOUDY (SCALE 8-10) 0
DPTR FM NORMAL M
[CDD (BASE 65) ]
TOTAL THIS MO. 273
DPTR FM NORMAL M [PRESSURE DATA]
TOTAL FM JAN 1 309 HIGHEST SLP M ON M
DPTR FM NORMAL M LOWEST SLP M ON M
[REMARKS]
#FINAL-06-21#