000
CXUS55 KPUB 011210
CF6LXV
PRELIMINARY LOCAL CLIMATOLOGICAL DATA (WS FORM: F-6)
STATION: LEADVILLE CO
MONTH: APRIL
YEAR: 2022
LATITUDE: 39 15 N
LONGITUDE: 106 18 W
TEMPERATURE IN F: :PCPN: SNOW: WIND :SUNSHINE: SKY :PK WND
================================================================================
1 2 3 4 5 6A 6B 7 8 9 10 11 12 13 14 15 16 17 18
12Z AVG MX 2MIN
DY MAX MIN AVG DEP HDD CDD WTR SNW DPTH SPD SPD DIR MIN PSBL S-S WX SPD DR
================================================================================
1 37 21 29 1 36 0 0.08 M M 9.2 23 310 M M 5 18 35 310
2 45 21 33 5 32 0 0.00 M M 7.4 20 270 M M 1 33 290
3 37 26 32 4 33 0 0.02 M M 9.1 18 10 M M 8 12 35 360
4 43 20 32 3 33 0 0.00 M M 7.4 25 300 M M 5 1 38 290
5 38 13 26 -3 39 0 0.09 M M 17.0 32 300 M M 10 128 48 290
6 26 10 18 -11 47 0 0.02 M M 15.2 31 310 M M 4 19 46 300
7 37 6 22 -7 43 0 0.00 M M 11.4 32 360 M M 0 51 360
8 47 14 31 2 34 0 0.00 M M 7.8 17 300 M M 0 23 290
9 50 24 37 7 28 0 0.08 M M 8.5 24 270 M M 3 12 35 250
10 32 19 26 -4 39 0 0.01 M M 9.6 24 250 M M 4 1 40 240
11 43 18 31 1 34 0 T M M 11.0 28 190 M M 6 39 200
12 37 9 23 -7 42 0 0.10 M M 12.2 31 200 M M 8 128 45 180
13 15 6 11 -19 54 0 0.08 M M 10.5 24 290 M M 10 189 37 310
14 32 11 22 -8 43 0 0.02 M M 7.9 23 310 M M 7 18 35 300
15 41 22 32 1 33 0 T M M 6.0 17 220 M M 9 27 310
16 46 20 33 2 32 0 0.08 M M 7.6 23 220 M M 4 1 36 230
17 39 25 32 1 33 0 0.02 M M 9.0 22 250 M M 8 18 35 240
18 52 17 35 4 30 0 0.00 M M 5.5 21 230 M M 0 35 220
19 54 27 41 9 24 0 T M M 9.5 31 280 M M 2 45 270
20 51 27 39 7 26 0 0.02 M M 8.0 21 250 M M 2 1 39 230
21 60 24 42 10 23 0 0.00 M M 8.0 24 230 M M 0 36 230
22 58 23 41 9 24 0 0.02 M M 12.3 39 190 M M 4 1 57 200
23 34 19 27 -6 38 0 0.16 M M 11.0 25 300 M M 9 128 45 290
24 36 15 26 -7 39 0 0.27 M M 5.4 16 310 M M 8 12 22 320
25 37 17 27 -6 38 0 T M M 5.1 18 280 M M 6 1 27 280
26 51 13 32 -2 33 0 0.00 M M 6.5 21 240 M M 2 37 240
27 51 25 38 4 27 0 T M M 7.2 29 210 M M 3 1 42 230
28 54 21 38 4 27 0 0.00 M M 5.6 20 180 M M 1 28 180
29 40 26 33 -2 32 0 0.01 M M 11.0 32 300 M M 7 129 48 320
30 51 20 36 1 29 0 0.00 M M 6.6 17 330 M M 2 26 350
================================================================================
SM 1274 559 1025 0 1.08 M 268.5 M 138
================================================================================
AV 42.5 18.6 9.0 FASTST M M 5 MAX(MPH)
MISC ----> 39 190 57 200
================================================================================
NOTES:
# LAST OF SEVERAL OCCURRENCES
COLUMN 17 PEAK WIND IN M.P.H.
PRELIMINARY LOCAL CLIMATOLOGICAL DATA (WS FORM: F-6) , PAGE 2
STATION: LEADVILLE CO
MONTH: APRIL
YEAR: 2022
LATITUDE: 39 15 N
LONGITUDE: 106 18 W
[TEMPERATURE DATA] [PRECIPITATION DATA] SYMBOLS USED IN COLUMN 16
AVERAGE MONTHLY: 30.6 TOTAL FOR MONTH: 1.08 1 = FOG OR MIST
DPTR FM NORMAL: -0.6 DPTR FM NORMAL: -0.28 2 = FOG REDUCING VISIBILITY
HIGHEST: 60 ON 21 GRTST 24HR 0.27 ON 24-24 TO 1/4 MILE OR LESS
LOWEST: 6 ON 13, 7 3 = THUNDER
SNOW, ICE PELLETS, HAIL 4 = ICE PELLETS
TOTAL MONTH: M 5 = HAIL
GRTST 24HR M ON M 6 = FREEZING RAIN OR DRIZZLE
GRTST DEPTH: M ON M 7 = DUSTSTORM OR SANDSTORM:
VSBY 1/2 MILE OR LESS
8 = SMOKE OR HAZE
[NO. OF DAYS WITH] [WEATHER - DAYS WITH] 9 = BLOWING SNOW
X = TORNADO
MAX 32 OR BELOW: 4 0.01 INCH OR MORE: 16
MAX 90 OR ABOVE: 0 0.10 INCH OR MORE: 3
MIN 32 OR BELOW: 30 0.50 INCH OR MORE: 0
MIN 0 OR BELOW: 0 1.00 INCH OR MORE: 0
[HDD (BASE 65) ]
TOTAL THIS MO. 1025 CLEAR (SCALE 0-3) 12
DPTR FM NORMAL 7 PTCLDY (SCALE 4-7) 12
TOTAL FM JUL 1 9443 CLOUDY (SCALE 8-10) 6
DPTR FM NORMAL -422
[CDD (BASE 65) ]
TOTAL THIS MO. 0
DPTR FM NORMAL 0 [PRESSURE DATA]
TOTAL FM JAN 1 0 HIGHEST SLP 30.41 ON 7
DPTR FM NORMAL 0 LOWEST SLP 29.02 ON 12
[REMARKS]
#FINAL-04-22#