000
CXUS51 KRNK 010713
CF6LYH
PRELIMINARY LOCAL CLIMATOLOGICAL DATA (WS FORM: F-6)
STATION: LYNCHBURG VA
MONTH: MARCH
YEAR: 2024
LATITUDE: 37 19 N
LONGITUDE: 79 12 W
TEMPERATURE IN F: :PCPN: SNOW: WIND :SUNSHINE: SKY :PK WND
================================================================================
1 2 3 4 5 6A 6B 7 8 9 10 11 12 13 14 15 16 17 18
12Z AVG MX 2MIN
DY MAX MIN AVG DEP HDD CDD WTR SNW DPTH SPD SPD DIR MIN PSBL S-S WX SPD DR
================================================================================
1 51 27 39 -3 26 0 0.48 0.0 0 6.1 17 20 M M 5 1 23 20
2 67 41 54 12 11 0 0.44 0.0 0 4.2 16 30 M M 6 1 23 20
3 66 44 55 12 10 0 0.00 0.0 0 0.7 7 130 M M 7 12 8 130
4 68 43 56 13 9 0 T 0.0 0 5.6 18 40 M M 6 1 24 40
5 72 47 60 17 5 0 0.00 0.0 0 5.6 14 20 M M 3 19 10
6 57 52 55 12 10 0 0.15 0.0 0 4.9 12 50 M M 9 1 16 50
7 73 50 62 18 3 0 T 0.0 0 4.5 13 30 M M 7 12 18 50
8 60 49 55 11 10 0 0.01 0.0 0 5.9 14 130 M M 10 23 120
9 50 43 47 3 18 0 1.21 0.0 0 6.1 13 20 M M 10 1 18 20
10 52 39 46 2 19 0 T 0.0 0 10.4 23 290 M M 4 40 250
11 59 35 47 2 18 0 0.00 0.0 0 6.9 16 300 M M 1 27 290
12 72 31 52 7 13 0 0.00 0.0 0 3.4 14 240 M M 0 20 220
13 74 35 55 10 10 0 0.00 0.0 0 1.8 13 10 M M 0 19 300
14 79 38 59 13 6 0 0.00 0.0 0 4.0 16 180 M M 0 23 190
15 74 55 65 19 0 0 0.02 0.0 0 6.9 20 180 M M 3 30 240
16 71 47 59 13 6 0 0.00 0.0 0 4.7 14 190 M M 1 22 250
17 71 48 60 13 5 0 0.00 0.0 0 7.1 18 250 M M 1 34 220
18 55 34 45 -2 20 0 0.00 0.0 0 7.1 16 310 M M 1 30 300
19 54 29 42 -5 23 0 0.00 0.0 0 7.9 20 200 M M 0 27 200
20 70 37 54 6 11 0 0.00 0.0 0 8.9 21 270 M M 1 37 290
21 61 33 47 -1 18 0 0.00 0.0 0 3.5 14 20 M M 2 23 210
22 58 36 47 -1 18 0 0.35 0.0 0 7.0 15 40 M M 7 1 20 20
23 67 37 52 4 13 0 0.94 0.0 0 9.5 17 20 M M 5 1 30 350
24 54 28 41 -8 24 0 0.00 0.0 0 7.5 17 20 M M 0 26 10
25 60 28 44 -5 21 0 0.00 0.0 0 4.5 13 40 M M 0 19 40
26 56 35 46 -4 19 0 0.08 0.0 0 3.2 9 20 M M 4 1 13 70
27 53 47 50 0 15 0 0.40 0.0 0 3.5 9 30 M M 10 13 13 20
28 65 40 53 3 12 0 0.06 0.0 0 3.8 16 300 M M 5 1 28 300
29 69 34 52 2 13 0 0.00 0.0 0 8.0 23 300 M M 1 46 300
30 77 42 60 9 5 0 0.00 0.0 0 6.6 23 200 M M 0 34 190
31 73 47 60 9 5 0 0.06 0.0 0 3.8 12 280 M M 4 1 20 210
================================================================================
SM 1988 1231 396 0 4.20 0.0 173.6 M 113
================================================================================
AV 64.1 39.7 5.6 FASTST M M 4 MAX(MPH)
MISC ----> # 23 290 46 300
================================================================================
NOTES:
# LAST OF SEVERAL OCCURRENCES
COLUMN 17 PEAK WIND IN M.P.H.
PRELIMINARY LOCAL CLIMATOLOGICAL DATA (WS FORM: F-6) , PAGE 2
STATION: LYNCHBURG VA
MONTH: MARCH
YEAR: 2024
LATITUDE: 37 19 N
LONGITUDE: 79 12 W
[TEMPERATURE DATA] [PRECIPITATION DATA] SYMBOLS USED IN COLUMN 16
AVERAGE MONTHLY: 51.9 TOTAL FOR MONTH: 4.20 1 = FOG OR MIST
DPTR FM NORMAL: 5.5 DPTR FM NORMAL: 0.44 2 = FOG REDUCING VISIBILITY
HIGHEST: 79 ON 14 GRTST 24HR 1.29 ON 22-23 TO 1/4 MILE OR LESS
LOWEST: 27 ON 1 3 = THUNDER
SNOW, ICE PELLETS, HAIL 4 = ICE PELLETS
TOTAL MONTH: 0.0 INCH 5 = HAIL
GRTST 24HR 0.0 6 = FREEZING RAIN OR DRIZZLE
GRTST DEPTH: 0 7 = DUSTSTORM OR SANDSTORM:
VSBY 1/2 MILE OR LESS
8 = SMOKE OR HAZE
[NO. OF DAYS WITH] [WEATHER - DAYS WITH] 9 = BLOWING SNOW
X = TORNADO
MAX 32 OR BELOW: 0 0.01 INCH OR MORE: 12
MAX 90 OR ABOVE: 0 0.10 INCH OR MORE: 7
MIN 32 OR BELOW: 5 0.50 INCH OR MORE: 2
MIN 0 OR BELOW: 0 1.00 INCH OR MORE: 1
[HDD (BASE 65) ]
TOTAL THIS MO. 396 CLEAR (SCALE 0-3) 16
DPTR FM NORMAL -182 PTCLDY (SCALE 4-7) 11
TOTAL FM JUL 1 3324 CLOUDY (SCALE 8-10) 4
DPTR FM NORMAL -569
[CDD (BASE 65) ]
TOTAL THIS MO. 0
DPTR FM NORMAL -2 [PRESSURE DATA]
TOTAL FM JAN 1 0 HIGHEST SLP M ON M
DPTR FM NORMAL -2 LOWEST SLP 29.58 ON 17
[REMARKS]
#FINAL-03-24#