000
CXUS51 KRNK 010817
CF6LYH
PRELIMINARY LOCAL CLIMATOLOGICAL DATA (WS FORM: F-6)
STATION: LYNCHBURG VA
MONTH: MAY
YEAR: 2022
LATITUDE: 37 19 N
LONGITUDE: 79 12 W
TEMPERATURE IN F: :PCPN: SNOW: WIND :SUNSHINE: SKY :PK WND
================================================================================
1 2 3 4 5 6A 6B 7 8 9 10 11 12 13 14 15 16 17 18
12Z AVG MX 2MIN
DY MAX MIN AVG DEP HDD CDD WTR SNW DPTH SPD SPD DIR MIN PSBL S-S WX SPD DR
================================================================================
1 71 45 58 -3 7 0 T 0.0 0 2.2 10 170 M M 7 12 13 230
2 86 57 72 11 0 7 0.00 0.0 0 4.7 15 200 M M 3 12 20 220
3 87 51 69 8 0 4 0.08 0.0 0 3.7 23 290 M M 1 3 23 290
4 87 63 75 14 0 10 T 0.0 0 5.2 12 230 M M 5 12 17 220
5 75 60 68 6 0 3 0.00 0.0 0 6.5 15 50 M M 8 23 40
6 69 58 64 2 1 0 0.69 0.0 0 4.8 13 300 M M 10 13 20 300
7 59 50 55 -7 10 0 0.11 0.0 0 9.7 21 40 M M 10 1 29 40
8 53 45 49 -13 16 0 T 0.0 0 9.4 18 40 M M 10 24 20
9 72 41 57 -5 8 0 0.00 0.0 0 5.1 18 20 M M 0 1 25 20
10 77 46 62 -1 3 0 0.00 0.0 0 8.2 23 40 M M 0 29 40
11 80 51 66 3 0 1 0.00 0.0 0 9.8 21 40 M M 2 27 40
12 73 56 65 2 0 0 0.07 0.0 0 9.1 21 20 M M 7 1 31 30
13 74 61 68 4 0 3 0.04 0.0 0 6.2 14 120 M M 8 1 18 50
14 78 60 69 5 0 4 0.17 0.0 0 2.8 8 100 M M 6 12 10 40
15 86 56 71 7 0 6 T 0.0 0 3.1 16 170 M M 3 12 19 170
16 83 56 70 6 0 5 T 0.0 0 5.3 18 270 M M 3 29 260
17 84 53 69 5 0 4 0.00 0.0 0 4.5 15 260 M M 1 23 250
18 83 51 67 2 0 2 T 0.0 0 5.7 14 190 M M 0 18 170
19 89 66 78 13 0 13 T 0.0 0 3.8 13 200 M M 4 3 22 190
20 94 63 79 14 0 14 0.00 0.0 0 5.0 18 190 M M 0 25 190
21 93 65 79 14 0 14 T 0.0 0 4.4 20 200 M M 1 3 26 210
22 91 66 79 13 0 14 0.13 0.0 0 5.4 20 200 M M 2 13 27 190
23 70 56 63 -3 2 0 1.55 0.0 0 8.0 18 40 M M 7 12 26 40
24 63 56 60 -6 5 0 1.01 0.0 0 10.9 18 40 M M 10 1 26 20
25 69 56 63 -3 2 0 0.01 0.0 0 5.8 15 40 M M 10 1 21 60
26 70 59 65 -2 0 0 0.01 0.0 0 4.9 10 250 M M 10 1 16 240
27 80 63 72 5 0 7 1.85 0.0 0 5.8 26 260 M M 9 13 45 230
28 81 58 70 3 0 5 0.00 0.0 0 2.9 10 270 M M 4 1 15 280
29 84 56 70 3 0 5 0.00 0.0 0 2.0 10 130 M M 2 1 17 320
30 89 59 74 6 0 9 0.00 0.0 0 2.4 12 200 M M 0 1 19 200
31 93 63 78 10 0 13 0.00 0.0 0 2.2 8 260 M M 1 1 12 120
================================================================================
SM 2443 1746 54 143 5.72 0.0 169.5 M 144
================================================================================
AV 78.8 56.3 5.5 FASTST M M 5 MAX(MPH)
MISC ----> 26 260 45 230
================================================================================
NOTES:
# LAST OF SEVERAL OCCURRENCES
COLUMN 17 PEAK WIND IN M.P.H.
PRELIMINARY LOCAL CLIMATOLOGICAL DATA (WS FORM: F-6) , PAGE 2
STATION: LYNCHBURG VA
MONTH: MAY
YEAR: 2022
LATITUDE: 37 19 N
LONGITUDE: 79 12 W
[TEMPERATURE DATA] [PRECIPITATION DATA] SYMBOLS USED IN COLUMN 16
AVERAGE MONTHLY: 67.6 TOTAL FOR MONTH: 5.72 1 = FOG OR MIST
DPTR FM NORMAL: 3.4 DPTR FM NORMAL: 1.74 2 = FOG REDUCING VISIBILITY
HIGHEST: 94 ON 20 GRTST 24HR 2.56 ON 23-24 TO 1/4 MILE OR LESS
LOWEST: 41 ON 9 3 = THUNDER
SNOW, ICE PELLETS, HAIL 4 = ICE PELLETS
TOTAL MONTH: 0.0 INCH 5 = HAIL
GRTST 24HR 0.0 6 = FREEZING RAIN OR DRIZZLE
GRTST DEPTH: 0 7 = DUSTSTORM OR SANDSTORM:
VSBY 1/2 MILE OR LESS
8 = SMOKE OR HAZE
[NO. OF DAYS WITH] [WEATHER - DAYS WITH] 9 = BLOWING SNOW
X = TORNADO
MAX 32 OR BELOW: 0 0.01 INCH OR MORE: 12
MAX 90 OR ABOVE: 4 0.10 INCH OR MORE: 7
MIN 32 OR BELOW: 0 0.50 INCH OR MORE: 4
MIN 0 OR BELOW: 0 1.00 INCH OR MORE: 3
[HDD (BASE 65) ]
TOTAL THIS MO. 54 CLEAR (SCALE 0-3) 14
DPTR FM NORMAL -52 PTCLDY (SCALE 4-7) 10
TOTAL FM JUL 1 3473 CLOUDY (SCALE 8-10) 7
DPTR FM NORMAL -810
[CDD (BASE 65) ]
TOTAL THIS MO. 143
DPTR FM NORMAL 62 [PRESSURE DATA]
TOTAL FM JAN 1 187 HIGHEST SLP 30.31 ON 25
DPTR FM NORMAL 85 LOWEST SLP 29.49 ON 7
[REMARKS]
DUE TO EQUIPMENT FAILURE ON NOVEMBER 4, 2021, ALL HEATING
DEGREE DAY INFORMATION WILL BE CALCULATED WITHOUT DATA FROM THIS
DATE.
#FINAL-05-22#