000
CXUS51 KRNK 010735
CF6LYH
PRELIMINARY LOCAL CLIMATOLOGICAL DATA (WS FORM: F-6)
STATION: LYNCHBURG VA
MONTH: DECEMBER
YEAR: 2020
LATITUDE: 37 19 N
LONGITUDE: 79 12 W
TEMPERATURE IN F: :PCPN: SNOW: WIND :SUNSHINE: SKY :PK WND
================================================================================
1 2 3 4 5 6A 6B 7 8 9 10 11 12 13 14 15 16 17 18
12Z AVG MX 2MIN
DY MAX MIN AVG DEP HDD CDD WTR SNW DPTH SPD SPD DIR MIN PSBL S-S WX SPD DR
================================================================================
1 44 34 39 -2 26 0 0.00 0.0 0 9.4 21 260 M M 5 33 260
2 51 29 40 -1 25 0 0.00 0.0 0 5.8 15 300 M M 0 23 300
3 60 24 42 1 23 0 0.00 0.0 0 4.0 13 210 M M 1 24 210
4 56 39 48 8 17 0 1.19 0.0 0 5.9 16 200 M M 8 1 21 190
5 52 31 42 2 23 0 0.40 0.0 0 6.8 23 10 M M 3 1 32 310
6 52 27 40 0 25 0 0.00 0.0 0 1.7 10 20 M M 0 13 30
7 40 32 36 -3 29 0 T T 0 7.0 15 40 M M 8 20 320
8 46 27 37 -2 28 0 0.00 0.0 0 5.3 14 320 M M 0 23 330
9 54 22 38 -1 27 0 0.00 0.0 0 4.3 15 200 M M 0 20 260
10 62 30 46 7 19 0 0.00 0.0 0 2.3 9 220 M M 0 12 190
11 64 35 50 12 15 0 0.00 0.0 0 3.6 15 190 M M 0 19 190
12 65 39 52 14 13 0 0.00 0.0 0 6.7 21 190 M M 2 12 26 200
13 68 42 55 17 10 0 0.00 0.0 0 3.1 14 40 M M 1 1 17 50
14 50 29 40 2 25 0 1.30 0.0 0 8.7 20 20 M M 6 1 28 50
15 43 27 35 -2 30 0 0.00 0.0 0 3.3 10 40 M M 0 12 50
16 37 28 33 -4 32 0 0.98 T 0 7.7 20 20 M M 9 146 22 30
17 44 26 35 -2 30 0 0.00 0.0 0 2.3 9 90 M M 5 12 11 70
18 45 26 36 -1 29 0 0.00 0.0 0 3.0 12 10 M M 4 19 350
19 42 23 33 -4 32 0 0.00 0.0 0 1.5 10 200 M M 1 13 200
20 43 34 39 3 26 0 T 0.0 0 4.3 10 170 M M 9 1 13 160
21 55 38 47 11 18 0 T 0.0 0 5.7 16 270 M M 7 12 24 290
22 52 28 40 4 25 0 0.00 0.0 0 6.0 18 310 M M 3 32 290
23 52 24 38 2 27 0 T 0.0 0 4.2 15 160 M M 1 21 160
24 58 40 49 13 16 0 1.43 0.0 0 3.8 20 280 M M 10 1 30 270
25 40 21 31 -5 34 0 0.05 T 0 9.2 20 270 M M 6 29 260
26 35 18 27 -9 38 0 0.00 0.0 0 5.9 16 290 M M 2 25 300
27 47 19 33 -3 32 0 0.00 0.0 0 2.4 9 150 M M 0 12 170
28 59 27 43 8 22 0 0.00 0.0 0 5.6 13 200 M M 2 19 240
29 47 28 38 3 27 0 0.00 0.0 0 4.0 9 300 M M 0 16 310
30 46 23 35 0 30 0 0.00 0.0 0 5.3 15 190 M M 4 19 180
31 62 40 51 16 14 0 0.00 0.0 0 7.6 17 40 M M 5 22 40
================================================================================
SM 1571 910 767 0 5.35 T 156.4 M 102
================================================================================
AV 50.7 29.4 5.0 FASTST M M 3 MAX(MPH)
MISC ----> 23 10 33 260
================================================================================
NOTES:
# LAST OF SEVERAL OCCURRENCES
COLUMN 17 PEAK WIND IN M.P.H.
PRELIMINARY LOCAL CLIMATOLOGICAL DATA (WS FORM: F-6) , PAGE 2
STATION: LYNCHBURG VA
MONTH: DECEMBER
YEAR: 2020
LATITUDE: 37 19 N
LONGITUDE: 79 12 W
[TEMPERATURE DATA] [PRECIPITATION DATA] SYMBOLS USED IN COLUMN 16
AVERAGE MONTHLY: 40.0 TOTAL FOR MONTH: 5.35 1 = FOG OR MIST
DPTR FM NORMAL: 2.4 DPTR FM NORMAL: 2.11 2 = FOG REDUCING VISIBILITY
HIGHEST: 68 ON 13 GRTST 24HR 1.59 ON 4- 5 TO 1/4 MILE OR LESS
LOWEST: 18 ON 26 3 = THUNDER
SNOW, ICE PELLETS, HAIL 4 = ICE PELLETS
TOTAL MONTH: T 5 = HAIL
GRTST 24HR T ON 7- 7 6 = FREEZING RAIN OR DRIZZLE
GRTST DEPTH: 0 7 = DUSTSTORM OR SANDSTORM:
VSBY 1/2 MILE OR LESS
8 = SMOKE OR HAZE
[NO. OF DAYS WITH] [WEATHER - DAYS WITH] 9 = BLOWING SNOW
X = TORNADO
MAX 32 OR BELOW: 0 0.01 INCH OR MORE: 6
MAX 90 OR ABOVE: 0 0.10 INCH OR MORE: 5
MIN 32 OR BELOW: 22 0.50 INCH OR MORE: 4
MIN 0 OR BELOW: 0 1.00 INCH OR MORE: 3
[HDD (BASE 65) ]
TOTAL THIS MO. 767 CLEAR (SCALE 0-3) 17
DPTR FM NORMAL -84 PTCLDY (SCALE 4-7) 11
TOTAL FM JUL 1 1331 CLOUDY (SCALE 8-10) 3
DPTR FM NORMAL -415
[CDD (BASE 65) ]
TOTAL THIS MO. 0
DPTR FM NORMAL 0 [PRESSURE DATA]
TOTAL FM JAN 1 1505 HIGHEST SLP 30.56 ON 29
DPTR FM NORMAL 473 LOWEST SLP 29.43 ON 24
[REMARKS]
#FINAL-12-20#