888
CXUS51 KRNK 010626
CLSLYH
CLIMATE REPORT
NATIONAL WEATHER SERVICE BLACKSBURG, VA
126 AM EST TUE DEC 01 2020
...................................
...THE LYNCHBURG VA CLIMATE SUMMARY FOR THE SEASON, FROM
9/1/2020 TO 11/30/2020...
CLIMATE NORMAL PERIOD: 1981 TO 2010
CLIMATE RECORD PERIOD: 1893 TO 2020
WEATHER OBSERVED NORMAL DEPART LAST YEAR`S
VALUE DATE(S) VALUE FROM VALUE
NORMAL
..............................................................
TEMPERATURE (F)
RECORD
HIGH 102 09/01/1932
LOW 8 11/25/1970
HIGHEST 92 09/03 97
LOWEST 25 11/18 17
AVG. MAXIMUM 72.0 68.4 3.6 71.6
AVG. MINIMUM 49.4 44.9 4.5 47.4
MEAN 60.7 56.7 4.0 59.5
DAYS MAX >= 90 2 2.0 0.0 14
DAYS MAX <= 32 0 0.0 0.0 0
DAYS MIN <= 32 3 14.7 -11.7 17
DAYS MIN <= 0 0 0.0 0.0 0
PRECIPITATION (INCHES)
RECORD
MAXIMUM 20.09 1996
MINIMUM 1.85 1931
TOTALS 21.42 10.40 11.02 8.59
DAYS >= .01 24 23.7 0.3 20
DAYS >= .10 17 14.9 2.1 14
DAYS >= .50 13 7.0 6.0 7
DAYS >= 1.00 8 3.2 4.8 3
GREATEST
24 HR. TOTAL 3.74 1.85
SNOWFALL (INCHES)
TOTALS 0.0 T
DAYS >= TRACE 0 1
DAYS >= 1.0 0 0
GREATEST
24 HR TOTAL MM 0.0
DEGREE DAYS
HEATING TOTAL 564 891 -327 749
COOLING TOTAL 196 133 63 360
..............................................................
WIND (MPH)
AVERAGE WIND SPEED 4.0
RESULTANT WIND SPEED/DIRECTION 0/110
HIGHEST WIND SPEED/DIRECTION 23/MM DATE 11/01
23/MM 11/15
23/MM 11/17
HIGHEST GUST SPEED/DIRECTION 40/290 DATE 11/17
SKY COVER
AVERAGE SKY COVER 0.38
AVERAGE RH (PERCENT) 70
WEATHER CONDITIONS. NUMBER OF DAYS WITH
THUNDERSTORM 2 MIXED PRECIP 0
HEAVY RAIN 13 RAIN 15
LIGHT RAIN 35 FREEZING RAIN 0
LT FREEZING RAIN 0 HAIL 0
HEAVY SNOW 0 SNOW 0
LIGHT SNOW 0 SLEET 0
FOG 54 FOG W/VIS <= 1/4 MILE 18
HAZE 0
- INDICATES NEGATIVE NUMBERS.
R INDICATES RECORD WAS SET OR TIED.
MM INDICATES DATA IS MISSING.
T INDICATES TRACE AMOUNT.
$$