000
CXUS54 KLZK 010959
CLSLZK
CLIMATE REPORT
NATIONAL WEATHER SERVICE LITTLE ROCK AR
459 AM CDT WED SEP 01 2021
...................................
...THE NORTH LITTLE ROCK CLIMATE SUMMARY FOR THE SEASON, FROM
6/1/2021 TO 8/31/2021...
CLIMATE NORMAL PERIOD 1991 TO 2020
CLIMATE RECORD PERIOD 1975 TO 2021
WEATHER OBSERVED NORMAL DEPART LAST YEAR`S
VALUE DATE(S) VALUE FROM VALUE DATE(S)
NORMAL
................................................................
TEMPERATURE (F)
RECORD
HIGH 111 08/03/2011
08/30/2000
LOW 52 06/01/1993
HIGHEST 98 08/25 92 6 MM
LOWEST 58 06/23 71 -13 MM
AVG. MAXIMUM 88.9 89.6 -0.7 MM
AVG. MINIMUM 70.8 70.5 0.3 MM
MEAN 79.9 80.1 -0.2 MM
DAYS MAX >= 90 54 57.8 -3.8 MM
DAYS MAX <= 32 0 0.0 0.0 MM
DAYS MIN <= 32 0 0.0 0.0 MM
DAYS MIN <= 0 0 0.0 0.0 MM
PRECIPITATION (INCHES)
TOTALS 8.93 10.89 -1.96 MM
DAILY AVG. 0.10 0.12 -0.02 MM
DAYS >= .01 15 24.7 -9.7 MM
DAYS >= .10 10 16.6 -6.6 MM
DAYS >= .50 4 7.3 -3.3 MM
DAYS >= 1.00 3 3.4 -0.4 MM
GREATEST
24 HR. TOTAL 2.44 06/07 TO 06/08 MM
STORM TOTAL 1.52 MM
(MM/DD(HH))
SNOWFALL (INCHES)
TOTALS 0.0 0.0 0.0 MM
LIQUID EQUIV 0.00 0.00 0.00 MM
SINCE 7/1 0.0 0.0 0.0 MM
LIQUID 7/1 0.00 0.00 0.00 MM
SNOWDEPTH AVG. 0 MM
DAYS >= TRACE 0 0.0 0.0 MM
DAYS >= 1.0 0 0.0 0.0 MM
GREATEST
SNOW DEPTH 0 MM
24 HR TOTAL 0.0 MM
STORM TOTAL 0.0 MM
(MM/DD(HH))
DEGREE DAYS
HEATING TOTAL 0 1 -1 MM
SINCE 7/1 0 0 0 MM
COOLING TOTAL 1394 1387 7 MM
SINCE 1/1 1557 1644 -87 MM
FREEZE DATES
RECORD
EARLIEST 10/20/1989
LATEST 04/19/1983
EARLIEST MM
LATEST 04/21
................................................................
WIND (MPH)
AVERAGE WIND SPEED 4.7
HIGHEST WIND SPEED/DIRECTION 25/060 DATE 08/06
HIGHEST GUST SPEED/DIRECTION 35/060 DATE 08/06
SKY COVER
AVERAGE SKY COVER MM
NUMBER OF DAYS FAIR MM
NUMBER OF DAYS PC MM
NUMBER OF DAYS CLOUDY MM
WEATHER CONDITIONS. NUMBER OF DAYS WITH
THUNDERSTORM 19 MIXED PRECIP 0
HEAVY RAIN 9 RAIN 14
LIGHT RAIN 28 FREEZING RAIN 0
LT FREEZING RAIN 0 HAIL 0
HEAVY SNOW 0 SLEET 0
FOG 8 FOG W/VIS <= 1/4 MILE 2
HAZE 1
- INDICATES NEGATIVE NUMBERS.
R INDICATES RECORD WAS SET OR TIED.
MM INDICATES DATA IS MISSING.
T INDICATES TRACE AMOUNT.
&&
...DATA FOR NORTH LITTLE ROCK FOR SUMMER 2021...
.SUMMARY...
SUMMER 2021 WAS ABOVE AVERAGE IN TERMS OF TEMPERATURES. WHILE LOWS
WERE ABOVE THE 30-YEAR MEAN, HIGHS WERE ACTUALLY BELOW.
THIS WAS THE SIXTH SUMMER IN A ROW WITH NO 100-DEGREE DAYS.
THIS WAS ALSO THE FIRST SUMMER SINCE 2015 WITH BELOW AVERAGE
RAINFALL. THERE WERE 24 DAYS WITH MEASURABLE RAINFALL, WHICH WAS THE
FEWEST SINCE 2015.
.SEASONAL TEMPERATURES...
THE AVERAGE SEASONAL HIGH TEMPERATURE WAS THE COOLEST SINCE 2019.
THE AVERAGE LOW TEMPERATURE WAS THE WARMEST SINCE 2018. THE AVERAGE
SEASONAL TEMPERATURE WAS THE WARMEST SINCE 2018.
.SEASONAL RAINFALL...
IT WAS THE DRIEST SUMMER SINCE 2015.
$$
57