000
CXUS56 KHNX 021455 CCA
CF6MAE
PRELIMINARY LOCAL CLIMATOLOGICAL DATA (WS FORM: F-6)
STATION: MADERA CA AIRPORT
MONTH: MAY
YEAR: 2021
LATITUDE: 36 58 N
LONGITUDE: 120 7 W
TEMPERATURE IN F: :PCPN: SNOW: WIND :SUNSHINE: SKY :PK WND
================================================================================
1 2 3 4 5 6A 6B 7 8 9 10 11 12 13 14 15 16 17 18
12Z AVG MX 2MIN
DY MAX MIN AVG DEP HDD CDD WTR SNW DPTH SPD SPD DIR MIN PSBL S-S WX SPD DR
================================================================================
1 86 54 70 5 0 5 0.00 0.0 0 11.0 18 290 M M 0 23 300
2 85 47 66 1 0 1 0.00 0.0 0 10.8 24 340 M M 0 31 290
3 87 49 68 3 0 3 0.00 0.0 0 7.4 15 310 M M 0 22 310
4 92 52 72 7 0 7 0.00 0.0 0 4.3 13 350 M M 0 16 290
5 96 55 76 10 0 11 0.00 0.0 0 4.3 10 300 M M 0 22 300
6 91 59 75 9 0 10 0.00 0.0 0 10.9 18 320 M M 0 37 310
7 81 52 67 1 0 2 0.00 0.0 0 9.1 20 350 M M 0 34 270
8 84 46 65 -1 0 0 0.00 0.0 0 6.7 15 330 M M 0 32 20
9 87 49 68 1 0 3 0.00 0.0 0 7.5 18 310 M M 0 8 44 80
10 91 50 71 4 0 6 0.00 0.0 0 7.1 14 330 M M 0 26 330
11 94 54 74 7 0 9 0.00 0.0 0 6.5 15 340 M M 0 19 280
12 97 51 74 7 0 9 0.00 0.0 0 5.4 13 320 M M 0 17 270
13 95 55 75 7 0 10 0.00 0.0 0 7.7 16 340 M M 0 19 340
14 92 52 72 4 0 7 0.00 0.0 0 7.2 15 290 M M 0 8 23 280
15 77 50 64 -4 1 0 0.00 0.0 0 9.7 18 320 M M 0 28 270
16 80 50 65 -3 0 0 0.00 0.0 0 6.0 10 300 M M 0 16 340
17 84 52 68 0 0 3 0.00 0.0 0 8.3 18 290 M M 0 27 280
18 88 51 70 1 0 5 0.00 0.0 0 9.2 16 330 M M 0 36 300
19 82 52 67 -2 0 2 0.00 0.0 0 10.8 22 290 M M 0 29 290
20 73 43 58 -11 7 0 0.00 0.0 0 14.0 28 340 M M 0 34 350
21 75 46 61 -8 4 0 0.00 0.0 0 9.1 21 290 M M 0 28 290
22 78 45 62 -8 3 0 0.00 0.0 0 6.4 17 360 M M 0 24 340
23 81 47 64 -6 1 0 0.00 0.0 0 6.8 25 360 M M 0 38 20
24 89 50 70 0 0 5 0.00 0.0 0 8.2 25 350 M M 0 43 20
25 89 52 71 1 0 6 0.00 0.0 0 11.8 32 360 M M 0 46 10
26 90 49 70 0 0 5 0.00 0.0 0 8.5 33 10 M M 0 45 20
27 89 50 70 0 0 5 0.00 0.0 0 8.8 21 340 M M 0 35 10
28 90 54 72 1 0 7 0.00 0.0 0 6.9 18 330 M M 0 33 20
29 89 56 73 2 0 8 0.00 0.0 0 9.2 28 360 M M 0 34 10
30 92 54 73 2 0 8 0.00 0.0 0 6.2 13 320 M M 0 38 20
31 101 61 81 10 0 16 0.00 0.0 0 4.0 13 300 M M 0 29 360
================================================================================
SM 2705 1587 16 153 0.00 0.0 249.8 M 0
================================================================================
AV 87.3 51.2 8.1 FASTST M M 0 MAX(MPH)
MISC ----> 33 10 46 10
================================================================================
NOTES:
# LAST OF SEVERAL OCCURRENCES
COLUMN 17 PEAK WIND IN M.P.H.
PRELIMINARY LOCAL CLIMATOLOGICAL DATA (WS FORM: F-6) , PAGE 2
STATION: MADERA CA AIRPORT
MONTH: MAY
YEAR: 2021
LATITUDE: 36 58 N
LONGITUDE: 120 7 W
[TEMPERATURE DATA] [PRECIPITATION DATA] SYMBOLS USED IN COLUMN 16
AVERAGE MONTHLY: 69.2 TOTAL FOR MONTH: 0.00 1 = FOG OR MIST
DPTR FM NORMAL: 1.1 DPTR FM NORMAL: -0.47 2 = FOG REDUCING VISIBILITY
HIGHEST: 101 ON 31 GRTST 24HR 0.00 ON 1- 1 TO 1/4 MILE OR LESS
LOWEST: 43 ON 20 3 = THUNDER
SNOW, ICE PELLETS, HAIL 4 = ICE PELLETS
TOTAL MONTH: 0.0 INCH 5 = HAIL
GRTST 24HR 0.0 6 = FREEZING RAIN OR DRIZZLE
GRTST DEPTH: 0 7 = DUSTSTORM OR SANDSTORM:
VSBY 1/2 MILE OR LESS
8 = SMOKE OR HAZE
[NO. OF DAYS WITH] [WEATHER - DAYS WITH] 9 = BLOWING SNOW
X = TORNADO
MAX 32 OR BELOW: 0 0.01 INCH OR MORE: 0
MAX 90 OR ABOVE: 12 0.10 INCH OR MORE: 0
MIN 32 OR BELOW: 0 0.50 INCH OR MORE: 0
MIN 0 OR BELOW: 0 1.00 INCH OR MORE: 0
[HDD (BASE 65) ]
TOTAL THIS MO. 16 CLEAR (SCALE 0-3) 31
DPTR FM NORMAL -23 PTCLDY (SCALE 4-7) 0
TOTAL FM JUL 1 2168 CLOUDY (SCALE 8-10) 0
DPTR FM NORMAL -186
[CDD (BASE 65) ]
TOTAL THIS MO. 153
DPTR FM NORMAL 18 [PRESSURE DATA]
TOTAL FM JAN 1 168 HIGHEST SLP 30.12 ON 23
DPTR FM NORMAL 0 LOWEST SLP 29.76 ON 14
[REMARKS]
#FINAL-05-21#