000
CXUS56 KHNX 050656
CLMMAE
CLIMATE REPORT
NATIONAL WEATHER SERVICE
1056 PM PST SUN FEB 04 2024
...................................
...THE MADERA CA AIRPORT CLIMATE SUMMARY FOR THE MONTH OF JANUARY 2024...
CLIMATE NORMAL PERIOD 1991 TO 2020
CLIMATE RECORD PERIOD 1898 TO 2024
WEATHER OBSERVED NORMAL DEPART LAST YEAR`S
VALUE DATE(S) VALUE FROM VALUE DATE(S)
NORMAL
................................................................
TEMPERATURE (F)
RECORD
HIGH 78 01/29/2024
LOW 15 01/10/1949
HIGHEST 78 01/29 MM 66 01/04
LOWEST 28 01/08 MM 30 01/23
MEAN 50.9 47.8 3.1 48.8
DAYS MAX >= 90 0 0.0 0.0 0
DAYS MIN <= 32 5 7.4 -2.4 4
PRECIPITATION (INCHES)
RECORD
MAXIMUM 5.69 1969
MINIMUM 0.02 1948
TOTALS 2.31 2.08 0.23
DAYS >= .01 15 10.0 5.0 MM
DAYS >= .10 8 4.4 3.6 MM
DAYS >= .50 1 1.2 -0.2 MM
DAYS >= 1.00 0 0.1 -0.1 MM
SNOWFALL (INCHES)
RECORDS
TOTAL MM MM
TOTALS 0.0 MM
DEGREE DAYS
HEATING TOTAL 432 535 -103 494
SINCE 7/1 1183 1502 -319 MM
COOLING TOTAL 0 0 0 0
SINCE 1/1 0 0 0 MM
................................................................
WIND (MPH)
AVERAGE WIND SPEED 4.7
HIGHEST WIND SPEED/DIRECTION 32/340 DATE 01/11
HIGHEST GUST SPEED/DIRECTION 41/340 DATE 01/11
AVERAGE RH (PERCENT) 77
WEATHER CONDITIONS. NUMBER OF DAYS WITH
THUNDERSTORM 0 RAIN 4
HAIL 0 FOG 27
FOG W/VIS <= 1/4 MILE 11 HAZE 15
- INDICATES NEGATIVE NUMBERS.
R INDICATES RECORD WAS SET OR TIED.
MM INDICATES DATA IS MISSING.
T INDICATES TRACE AMOUNT.
$$