000
CXUS56 KHNX 030957
CLMMAE
CLIMATE REPORT
NATIONAL WEATHER SERVICE
257 AM PDT SAT JUN 03 2023
...................................
...THE MADERA CA AIRPORT CLIMATE SUMMARY FOR THE MONTH OF MAY 2023...
CLIMATE NORMAL PERIOD 1991 TO 2020
CLIMATE RECORD PERIOD 1898 TO 2023
WEATHER OBSERVED NORMAL DEPART LAST YEAR`S
VALUE DATE(S) VALUE FROM VALUE DATE(S)
NORMAL
................................................................
TEMPERATURE (F)
RECORD
HIGH 107 05/31/1950
LOW 33 05/02/1959
HIGHEST 99 05/14 MM 101 05/25
LOWEST 44 05/02 MM 37 05/10
05/03
MEAN 67.6 68.1 -0.5 67.8
DAYS MAX >= 90 11 8.4 2.6 9
DAYS MIN <= 32 0 0.0 0.0 0
PRECIPITATION (INCHES)
RECORD
MAXIMUM 2.61 1994
MINIMUM 0.00 2022
TOTALS 0.79 0.47 0.32
DAYS >= .01 1 2.2 -1.2 0
DAYS >= .10 1 1.0 0.0 0
DAYS >= .50 1 0.1 0.9 0
DAYS >= 1.00 0 0.1 -0.1 0
SNOWFALL (INCHES)
RECORDS
TOTAL MM MM
TOTALS 0.0 MM
DEGREE DAYS
HEATING TOTAL 60 39 21 53
SINCE 7/1 2727 2354 373 MM
COOLING TOTAL 150 135 15 148
SINCE 1/1 186 168 18 MM
................................................................
WIND (MPH)
AVERAGE WIND SPEED 7.3
HIGHEST WIND SPEED/DIRECTION 21/140 DATE 05/02
21/160 05/14
HIGHEST GUST SPEED/DIRECTION 28/140 DATE 05/02
AVERAGE RH (PERCENT) 55
WEATHER CONDITIONS. NUMBER OF DAYS WITH
THUNDERSTORM 0 RAIN 0
HAIL 0 FOG 1
FOG W/VIS <= 1/4 MILE 0 HAZE 1
- INDICATES NEGATIVE NUMBERS.
R INDICATES RECORD WAS SET OR TIED.
MM INDICATES DATA IS MISSING.
T INDICATES TRACE AMOUNT.
$$