000
CXUS54 KMAF 011729
CF6MAF
PRELIMINARY LOCAL CLIMATOLOGICAL DATA (WS FORM: F-6)
STATION: MIDLAND INTERNATIONAL AIRPORT
MONTH: NOVEMBER
YEAR: 2023
LATITUDE: 31 57 N
LONGITUDE: 102 11 W
TEMPERATURE IN F: :PCPN: SNOW: WIND :SUNSHINE: SKY :PK WND
================================================================================
1 2 3 4 5 6A 6B 7 8 9 10 11 12 13 14 15 16 17 18
12Z AVG MX 2MIN
DY MAX MIN AVG DEP HDD CDD WTR SNW DPTH SPD SPD DIR MIN PSBL S-S WX SPD DR
================================================================================
1 58 31 45 -15 20 0 0.00 0.0 0 8.3 18 180 M M 0 23 170
2 69 41 55 -5 10 0 0.00 0.0 0 11.7 16 180 M M 0 22 220
3 76 44 60 1 5 0 0.00 0.0 0 11.1 16 220 M M 0 21 230
4 81 45 63 4 2 0 0.00 0.0 0 6.9 13 170 M M 0 17 160
5 79 46 63 5 2 0 0.00 0.0 0 7.2 16 180 M M 0 1 21 190
6 87 55 71 13 0 6 0.00 0.0 0 8.3 15 180 M M 0 19 180
7 89 58 74 16 0 9 0.00 0.0 0 12.1 25 240 M M 0 32 240
8 88 60 74 17 0 9 0.00 0.0 0 9.1 23 240 M M 0 29 240
9 72 45 59 2 6 0 0.20 0.0 0 14.8 24 20 M M 9 1 30 20
10 52 43 48 -8 17 0 0.04 0.0 0 9.1 18 30 M M 9 1 23 30
11 52 45 49 -7 16 0 0.00 0.0 0 6.4 12 20 M M 10 1 14 20
12 57 50 54 -1 11 0 0.00 0.0 0 4.4 13 140 M M 10 1 14 130
13 55 49 52 -3 13 0 0.36 0.0 0 7.1 15 130 M M 10 1 20 110
14 54 49 52 -3 13 0 0.00 0.0 0 5.1 10 180 M M 10 1 13 190
15 64 49 57 3 8 0 0.00 0.0 0 3.5 10 140 M M 7 12 13 150
16 68 49 59 5 6 0 0.00 0.0 0 8.7 17 180 M M 0 22 190
17 70 51 61 7 4 0 0.00 0.0 0 9.8 23 360 M M 0 30 360
18 56 50 53 0 12 0 0.00 0.0 0 9.7 21 150 M M 8 1 25 150
19 75 50 63 10 2 0 0.00 0.0 0 13.1 28 270 M M 5 1 38 250
20 67 45 56 4 9 0 0.00 0.0 0 13.1 26 20 M M 0 32 20
21 57 38 48 -4 17 0 0.00 0.0 0 14.9 29 10 M M 3 39 10
22 62 34 48 -4 17 0 0.00 0.0 0 7.2 13 200 M M 0 19 200
23 64 37 51 0 14 0 0.00 0.0 0 8.0 16 170 M M 0 22 180
24 56 38 47 -4 18 0 0.00 0.0 0 10.4 20 40 M M 2 24 30
25 55 43 49 -2 16 0 0.04 0.0 0 7.9 17 40 M M 9 1 22 70
26 50 34 42 -8 23 0 0.00 0.0 0 9.0 22 30 M M 3 1 27 30
27 50 33 42 -8 23 0 0.00 0.0 0 6.4 14 150 M M 6 17 150
28 56 35 46 -4 19 0 0.00 0.0 0 6.8 15 190 M M 2 21 190
29 61 40 51 1 14 0 0.00 0.0 0 11.8 21 170 M M 1 26 160
30 67 47 57 8 8 0 0.00 0.0 0 15.9 38 270 M M 5 51 280
================================================================================
SM 1947 1334 325 24 0.64 0.0 277.8 M 109
================================================================================
AV 64.9 44.5 9.3 FASTST M M 4 MAX(MPH)
MISC ----> 38 270 51 280
================================================================================
NOTES:
# LAST OF SEVERAL OCCURRENCES
COLUMN 17 PEAK WIND IN M.P.H.
PRELIMINARY LOCAL CLIMATOLOGICAL DATA (WS FORM: F-6) , PAGE 2
STATION: MIDLAND INTERNATIONAL AIRPORT
MONTH: NOVEMBER
YEAR: 2023
LATITUDE: 31 57 N
LONGITUDE: 102 11 W
[TEMPERATURE DATA] [PRECIPITATION DATA] SYMBOLS USED IN COLUMN 16
AVERAGE MONTHLY: 54.7 TOTAL FOR MONTH: 0.64 1 = FOG OR MIST
DPTR FM NORMAL: 0.4 DPTR FM NORMAL: -0.08 2 = FOG REDUCING VISIBILITY
HIGHEST: 89 ON 7 GRTST 24HR 0.36 ON 13-13 TO 1/4 MILE OR LESS
LOWEST: 31 ON 1 3 = THUNDER
SNOW, ICE PELLETS, HAIL 4 = ICE PELLETS
TOTAL MONTH: 0.0 INCH 5 = HAIL
GRTST 24HR 0.0 6 = FREEZING RAIN OR DRIZZLE
GRTST DEPTH: 0 7 = DUSTSTORM OR SANDSTORM:
VSBY 1/2 MILE OR LESS
8 = SMOKE OR HAZE
[NO. OF DAYS WITH] [WEATHER - DAYS WITH] 9 = BLOWING SNOW
X = TORNADO
MAX 32 OR BELOW: 0 0.01 INCH OR MORE: 4
MAX 90 OR ABOVE: 0 0.10 INCH OR MORE: 2
MIN 32 OR BELOW: 1 0.50 INCH OR MORE: 0
MIN 0 OR BELOW: 0 1.00 INCH OR MORE: 0
[HDD (BASE 65) ]
TOTAL THIS MO. 325 CLEAR (SCALE 0-3) 17
DPTR FM NORMAL -9 PTCLDY (SCALE 4-7) 6
TOTAL FM JUL 1 417 CLOUDY (SCALE 8-10) 7
DPTR FM NORMAL -6
[CDD (BASE 65) ]
TOTAL THIS MO. 24
DPTR FM NORMAL 11 [PRESSURE DATA]
TOTAL FM JAN 1 3079 HIGHEST SLP 30.43 ON 1
DPTR FM NORMAL 407 LOWEST SLP 29.57 ON 19
[REMARKS]
#FINAL-11-23#