000
CXUS52 KTAE 010800
CF6MAI
PRELIMINARY LOCAL CLIMATOLOGICAL DATA (WS FORM: F-6)
STATION: MARIANNA
MONTH: SEPTEMBER
YEAR: 2021
LATITUDE: 30 50 N
LONGITUDE: 85 11 W
TEMPERATURE IN F: :PCPN: SNOW: WIND :SUNSHINE: SKY :PK WND
================================================================================
1 2 3 4 5 6A 6B 7 8 9 10 11 12 13 14 15 16 17 18
12Z AVG MX 2MIN
DY MAX MIN AVG DEP HDD CDD WTR SNW DPTH SPD SPD DIR MIN PSBL S-S WX SPD DR
================================================================================
1 76 75 76 -5 0 11 0.00 0.0 M 5.8 7 230 M M 0 3 10 240
2 89 72 81 0 0 16 1.06 0.0 0 M M M M M 0 3 M M
3 88 73 81 0 0 16 0.09 0.0 0 M M M M M 0 M M
4 87 70 79 -2 0 14 0.00 0.0 0 M M M M M 0 M M
5 89 69 79 -1 0 14 0.00 0.0 0 M M M M M 0 M M
6 91 72 82 2 0 17 0.00 0.0 0 M M M M M 0 M M
7 91 73 82 2 0 17 0.00 0.0 0 M M M M M 0 M M
8 77 73 75 -5 0 10 0.88 0.0 0 M M M M M 0 M M
9 87 72 80 0 0 15 0.88 0.0 0 M M M M M 0 M M
10 85 65 75 -5 0 10 0.00 0.0 0 M M M M M 0 M M
11 88 67 78 -2 0 13 0.00 0.0 0 M M M M M 0 M M
12 88 73 81 1 0 16 0.06 0.0 0 M M M M M 0 M M
13 89 71 80 1 0 15 0.06 0.0 0 M M M M M 0 M M
14 86 74 80 1 0 15 0.00 0.0 0 M M M M M 0 M M
15 81 74 78 -1 0 13 0.25 0.0 0 M M M M M 0 M M
16 83 74 79 0 0 14 0.55 0.0 0 M M M M M 0 M M
17 81 75 78 -1 0 13 0.35 0.0 0 M M M M M 0 3 M M
18 87 73 80 2 0 15 0.30 0.0 0 M M M M M 0 3 M M
19 86 74 80 2 0 15 0.30 0.0 M M 14 200 M M 0 3 17 200
20 89 75 82 4 0 17 0.18 0.0 M M 12 M M M 0 15 M
21 91 74 83 5 0 18 0.00 0.0 0 4.7 14 210 M M 0 18 160
22 88 63 76 -2 0 11 0.00 0.0 0 6.9 20 350 M M 3 24 320
23 79 56 68 -9 0 3 0.00 0.0 0 5.8 16 20 M M 0 20 10
24 82 53 68 -9 0 3 0.00 0.0 0 3.5 13 40 M M 0 18 50
25 85 58 72 -5 0 7 0.00 0.0 M 2.1 9 300 M M 0 12 60
26 86 60 73 -3 0 8 0.00 0.0 M 3.1 10 30 M M 1 15 60
27 89 64 77 1 0 12 0.00 0.0 M 2.5 10 200 M M 2 13 200
28 88 67 78 2 0 13 0.00 0.0 0 1.8 10 240 M M 1 13 260
29 90 67 79 3 0 14 0.00 0.0 0 1.8 9 210 M M 2 1 12 210
30 86 67 77 2 0 12 0.00 M 0 2.9 8 80 M M 1 10 60
================================================================================
SM 2582 2073 0 387 4.96 0.0 40.9 M 10
================================================================================
AV 86.1 69.1 3.7 FASTST M M 0 MAX(MPH)
MISC ----> 20 350 24 320
================================================================================
NOTES:
# LAST OF SEVERAL OCCURRENCES
COLUMN 17 PEAK WIND IN M.P.H.
PRELIMINARY LOCAL CLIMATOLOGICAL DATA (WS FORM: F-6) , PAGE 2
STATION: MARIANNA
MONTH: SEPTEMBER
YEAR: 2021
LATITUDE: 30 50 N
LONGITUDE: 85 11 W
[TEMPERATURE DATA] [PRECIPITATION DATA] SYMBOLS USED IN COLUMN 16
AVERAGE MONTHLY: 77.6 TOTAL FOR MONTH: 4.96 1 = FOG OR MIST
DPTR FM NORMAL: -1.1 DPTR FM NORMAL: 0.90 2 = FOG REDUCING VISIBILITY
HIGHEST: 91 ON 21, 7 GRTST 24HR 1.06 ON 2- 2 TO 1/4 MILE OR LESS
LOWEST: 53 ON 24 3 = THUNDER
SNOW, ICE PELLETS, HAIL 4 = ICE PELLETS
TOTAL MONTH: 0.0 INCH 5 = HAIL
GRTST 24HR 0.0 6 = FREEZING RAIN OR DRIZZLE
GRTST DEPTH: 0 7 = DUSTSTORM OR SANDSTORM:
VSBY 1/2 MILE OR LESS
8 = SMOKE OR HAZE
[NO. OF DAYS WITH] [WEATHER - DAYS WITH] 9 = BLOWING SNOW
X = TORNADO
MAX 32 OR BELOW: 0 0.01 INCH OR MORE: 12
MAX 90 OR ABOVE: 4 0.10 INCH OR MORE: 9
MIN 32 OR BELOW: 0 0.50 INCH OR MORE: 4
MIN 0 OR BELOW: 0 1.00 INCH OR MORE: 1
[HDD (BASE 65) ]
TOTAL THIS MO. 0 CLEAR (SCALE 0-3) 30
DPTR FM NORMAL 0 PTCLDY (SCALE 4-7) 0
TOTAL FM JUL 1 0 CLOUDY (SCALE 8-10) 0
DPTR FM NORMAL 0
[CDD (BASE 65) ]
TOTAL THIS MO. 387
DPTR FM NORMAL -23 [PRESSURE DATA]
TOTAL FM JAN 1 2367 HIGHEST SLP M ON M
DPTR FM NORMAL -150 LOWEST SLP 29.79 ON 1
[REMARKS]
#FINAL-09-21#