000
CXUS55 KEAX 010836
CF6MCI
PRELIMINARY LOCAL CLIMATOLOGICAL DATA (WS FORM: F-6)
STATION: KANSAS CITY INTERNATIONAL MO
MONTH: DECEMBER
YEAR: 2020
LATITUDE: 39 19 N
LONGITUDE: 94 43 W
TEMPERATURE IN F: :PCPN: SNOW: WIND :SUNSHINE: SKY :PK WND
================================================================================
1 2 3 4 5 6A 6B 7 8 9 10 11 12 13 14 15 16 17 18
12Z AVG MX 2MIN
DY MAX MIN AVG DEP HDD CDD WTR SNW DPTH SPD SPD DIR MIN PSBL S-S WX SPD DR
================================================================================
1 51 19 35 -1 30 0 0.00 0.0 0 9.7 18 120 M M 2 23 110
2 52 28 40 4 25 0 0.00 0.0 0 6.7 10 30 M M 5 14 50
3 46 27 37 2 28 0 0.00 0.0 0 5.0 12 360 M M 6 16 10
4 54 25 40 5 25 0 0.00 0.0 0 7.2 13 290 M M 0 16 290
5 52 31 42 8 23 0 0.00 0.0 0 6.9 13 330 M M 1 17 320
6 49 29 39 5 26 0 0.00 0.0 0 8.4 15 350 M M 0 1 20 340
7 55 30 43 9 22 0 0.00 0.0 0 4.2 12 320 M M 4 12 16 310
8 57 22 40 7 25 0 0.00 0.0 0 5.3 12 230 M M 5 128 15 250
9 68 38 53 20 12 0 0.00 0.0 0 6.4 13 220 M M 1 18 320
10 68 38 53 21 12 0 0.00 0.0 0 5.4 12 340 M M 3 8 15 230
11 46 39 43 11 22 0 0.04 0.0 0 7.4 16 80 M M 10 128 20 80
12 39 32 36 4 29 0 0.02 0.0 0 10.2 17 350 M M 10 1 24 330
13 35 22 29 -3 36 0 0.00 0.0 0 6.9 15 340 M M 9 8 21 350
14 36 16 26 -5 39 0 0.00 0.0 0 5.3 12 90 M M 3 1 16 110
15 30 22 26 -5 39 0 0.00 0.0 0 8.8 16 100 M M 8 21 110
16 32 22 27 -4 38 0 0.00 0.0 0 4.5 9 250 M M 9 18 12 290
17 48 23 36 5 29 0 0.00 0.0 M 8.1 12 180 M M 2 18 17 250
18 56 33 45 15 20 0 0.00 0.0 0 15.5 33 200 M M 3 8 43 190
19 42 26 34 4 31 0 0.00 0.0 0 6.8 14 340 M M 3 18 18 330
20 53 24 39 9 26 0 0.00 0.0 0 8.0 17 220 M M 2 8 23 210
21 60 37 49 19 16 0 0.00 0.0 0 9.2 21 310 M M 2 29 340
22 64 31 48 18 17 0 0.00 0.0 0 16.9 33 180 M M 2 49 170
23 58 22 40 10 25 0 T T 0 22.3 35 190 M M 7 51 210
24 26 10 18 -12 47 0 T T 0 13.9 25 310 M M 1 39 300
25 37 6 22 -7 43 0 0.00 0.0 0 7.9 16 210 M M 0 8 21 210
26 57 24 41 12 24 0 0.00 0.0 0 7.4 14 200 M M 4 19 220
27 53 34 44 15 21 0 0.00 0.0 0 11.8 23 330 M M 4 32 300
28 39 26 33 4 32 0 0.00 0.0 0 7.8 18 320 M M 8 26 310
29 34 28 31 2 34 0 1.19 0.2 0 11.8 24 120 M M 10 1246 35 120
30 36 22 29 0 36 0 T 0.0 0 7.5 16 330 M M 6 12 24 310
31 36 17 27 -2 38 0 0.00 0.0 M 6.7 15 60 M M 4 18 19 50
================================================================================
SM 1469 803 870 0 1.25 0.2 269.9 M 134
================================================================================
AV 47.4 25.9 8.7 FASTST M M 4 MAX(MPH)
MISC ----> 35 190 51 210
================================================================================
NOTES:
# LAST OF SEVERAL OCCURRENCES
COLUMN 17 PEAK WIND IN M.P.H.
PRELIMINARY LOCAL CLIMATOLOGICAL DATA (WS FORM: F-6) , PAGE 2
STATION: KANSAS CITY INTERNATIONAL MO
MONTH: DECEMBER
YEAR: 2020
LATITUDE: 39 19 N
LONGITUDE: 94 43 W
[TEMPERATURE DATA] [PRECIPITATION DATA] SYMBOLS USED IN COLUMN 16
AVERAGE MONTHLY: 36.6 TOTAL FOR MONTH: 1.25 1 = FOG OR MIST
DPTR FM NORMAL: 5.1 DPTR FM NORMAL: -0.28 2 = FOG REDUCING VISIBILITY
HIGHEST: 68 ON 10, 9 GRTST 24HR 1.19 ON 29-29 TO 1/4 MILE OR LESS
LOWEST: 6 ON 25 3 = THUNDER
SNOW, ICE PELLETS, HAIL 4 = ICE PELLETS
TOTAL MONTH: 0.2 INCH 5 = HAIL
GRTST 24HR 0.2 ON 29-29 6 = FREEZING RAIN OR DRIZZLE
GRTST DEPTH: 0 7 = DUSTSTORM OR SANDSTORM:
VSBY 1/2 MILE OR LESS
8 = SMOKE OR HAZE
[NO. OF DAYS WITH] [WEATHER - DAYS WITH] 9 = BLOWING SNOW
X = TORNADO
MAX 32 OR BELOW: 3 0.01 INCH OR MORE: 3
MAX 90 OR ABOVE: 0 0.10 INCH OR MORE: 1
MIN 32 OR BELOW: 25 0.50 INCH OR MORE: 1
MIN 0 OR BELOW: 0 1.00 INCH OR MORE: 1
[HDD (BASE 65) ]
TOTAL THIS MO. 870 CLEAR (SCALE 0-3) 13
DPTR FM NORMAL -170 PTCLDY (SCALE 4-7) 12
TOTAL FM JUL 1 1799 CLOUDY (SCALE 8-10) 6
DPTR FM NORMAL -243
[CDD (BASE 65) ]
TOTAL THIS MO. 0
DPTR FM NORMAL 0 [PRESSURE DATA]
TOTAL FM JAN 1 1382 HIGHEST SLP 30.49 ON 28
DPTR FM NORMAL 22 LOWEST SLP 29.39 ON 23
[REMARKS]
#FINAL-12-20#