000
CXUS53 KEAX 010859
CLSMCI
CLIMATE REPORT
NATIONAL WEATHER SERVICE
256 AM CST WED DEC 01 2021
...................................
...THE KANSAS CITY INTERNATIONAL MO CLIMATE SUMMARY FOR THE SEASON, FROM
9/1/2021 TO 11/30/2021...
CLIMATE NORMAL PERIOD: 1991 TO 2020
CLIMATE RECORD PERIOD: 1888 TO 2021
WEATHER OBSERVED NORMAL DEPART LAST YEAR`S
VALUE DATE(S) VALUE FROM VALUE DATE(S)
NORMAL
................................................................
TEMPERATURE (F)
RECORD
HIGH 109 09/03/1947
LOW 1 11/08/1991
11/28/1976
HIGHEST 91 09/26 93 -2 91 09/06
09/27
LOWEST 20 11/25 17 3 21 11/13
11/26
11/30
AVG. MAXIMUM 70.2 66.6 3.6 67.3
AVG. MINIMUM 48.5 45.6 2.9 45.6
MEAN 59.3 56.1 3.2 56.5
DAYS MAX >= 90 2 3.5 -1.5 3
DAYS MAX <= 32 0 1.3 -1.3 0
DAYS MIN <= 32 12 15.7 -3.7 16
DAYS MIN <= 0 0 0.0 0.0 0
PRECIPITATION (INCHES)
RECORD
MAXIMUM 22.08 1914
MINIMUM 2.16 1891
TOTALS 8.74 9.29 -0.55 4.01
DAILY AVG. 0.09 0.10 -0.01 0.05
DAYS >= .01 20 23.2 -3.2 16
DAYS >= .10 14 14.9 -0.9 9
DAYS >= .50 6 5.9 0.1 4
DAYS >= 1.00 4 2.3 1.7 0
GREATEST
24 HR. TOTAL 2.30 10/10 TO 10/11
SNOWFALL (INCHES)
RECORDS
TOTAL 13.2 1898
TOTALS T 1.4 -1.4 0.9
SINCE 7/1 T 1.4 -1.4 MM
DAYS >= TRACE 1 1.2 -0.2 3
DAYS >= 1.0 0 0.4 -0.4 0
GREATEST
SNOW DEPTH 0
24 HR TOTAL MM
DEGREE DAYS
HEATING TOTAL 759 998 -239 928
COOLING TOTAL 266 189 77 171
................................................................
WIND (MPH)
AVERAGE WIND SPEED 9.8
HIGHEST WIND SPEED/DIRECTION 33/190 DATE 11/24
HIGHEST GUST SPEED/DIRECTION 45/280 DATE 11/12
SKY COVER
POSSIBLE SUNSHINE (PERCENT) MM
AVERAGE SKY COVER 0.43
NUMBER OF DAYS FAIR 43
NUMBER OF DAYS PC 34
NUMBER OF DAYS CLOUDY 14
AVERAGE RH (PERCENT) 66
WEATHER CONDITIONS. NUMBER OF DAYS WITH
THUNDERSTORM 13 MIXED PRECIP 0
HEAVY RAIN 9 RAIN 10
LIGHT RAIN 24 FREEZING RAIN 0
LT FREEZING RAIN 0 HAIL 0
HEAVY SNOW 0 SNOW 0
LIGHT SNOW 1 SLEET 0
FOG 38 FOG W/VIS <= 1/4 MILE 5
HAZE 49
- INDICATES NEGATIVE NUMBERS.
R INDICATES RECORD WAS SET OR TIED.
MM INDICATES DATA IS MISSING.
T INDICATES TRACE AMOUNT.
$$