000
CXUS53 KGLD 010800
CF6MCK
PRELIMINARY LOCAL CLIMATOLOGICAL DATA (WS FORM: F-6)
STATION: MCCOOK NE
MONTH: NOVEMBER
YEAR: 2021
LATITUDE: 40 13 N
LONGITUDE: 100 35 W
TEMPERATURE IN F: :PCPN: SNOW: WIND :SUNSHINE: SKY :PK WND
================================================================================
1 2 3 4 5 6A 6B 7 8 9 10 11 12 13 14 15 16 17 18
12Z AVG MX 2MIN
DY MAX MIN AVG DEP HDD CDD WTR SNW DPTH SPD SPD DIR MIN PSBL S-S WX SPD DR
================================================================================
1 39 32 36 -10 29 0 0.19 M M 5.8 14 80 M M 10 12 17 90
2 45 34 40 -5 25 0 0.00 M M 6.9 15 200 M M 10 12 21 200
3 52 32 42 -3 23 0 0.00 M M 6.5 15 220 M M 5 1 19 220
4 72 27 50 6 15 0 M M M 5.1 16 190 M M 0 1 M M
5 77 37 57 13 8 0 0.00 M M 6.3 18 200 M M 0 24 200
6 80 31 56 13 9 0 0.00 M M 6.5 15 190 M M 0 8 21 160
7 82 36 59 16 6 0 0.00 M M 5.1 15 10 M M 0 1 18 360
8 58 37 48 6 17 0 0.00 M M 11.2 24 30 M M 0 32 30
9 58 29 44 2 21 0 0.00 M M 6.2 14 70 M M 1 17 70
10 59 37 48 6 17 0 T M M 10.4 32 340 M M 5 18 40 340
11 52 32 42 1 23 0 0.00 M M 19.7 35 310 M M 3 45 300
12 46 24 35 -6 30 0 0.00 M M 18.9 41 330 M M 1 54 320
13 69 22 46 6 19 0 0.00 M M 6.9 33 20 M M 2 44 20
14 60 29 45 5 20 0 0.00 M M 10.0 20 210 M M 1 25 210
15 77 39 58 18 7 0 0.00 M M 9.1 21 300 M M 0 8 28 290
16 62 38 50 11 15 0 0.00 M M 8.1 31 20 M M 0 40 20
17 48 16 32 -7 33 0 0.00 M M 14.9 33 330 M M 1 41 330
18 52 11 32 -6 33 0 0.00 M M 8.6 17 170 M M 0 26 170
19 56 28 42 4 23 0 0.00 M M 5.1 14 170 M M 0 8 20 180
20 65 28 47 10 18 0 0.00 M M 8.8 16 20 M M 3 20 340
21 54 24 39 2 26 0 0.00 M M 8.9 24 340 M M 0 30 340
22 65 26 46 10 19 0 0.00 M M 7.9 16 330 M M 0 22 320
23 73 25 49 13 16 0 0.00 M M 5.6 20 190 M M 0 27 190
24 52 23 38 2 27 0 0.00 M M 15.7 37 350 M M 3 8 46 350
25 52 11 32 -3 33 0 0.00 M M 7.3 15 210 M M 0 20 210
26 71 31 51 16 14 0 0.00 M M 10.2 17 310 M M 0 8 23 290
27 62 30 46 12 19 0 0.00 M M 13.0 25 340 M M 0 33 340
28 63 20 42 8 23 0 0.00 M M 6.0 15 220 M M 0 21 210
29 72 34 53 19 12 0 0.00 M M 10.3 22 310 M M 0 28 300
30 60 31 46 13 19 0 0.00 M M 5.8 16 200 M M 1 21 170
================================================================================
SM 1833 854 599 0 0.19 M 270.8 M 46
================================================================================
AV 61.1 28.5 9.0 FASTST M M 2 MAX(MPH)
MISC ----> 41 330 54 320
================================================================================
NOTES:
# LAST OF SEVERAL OCCURRENCES
COLUMN 17 PEAK WIND IN M.P.H.
PRELIMINARY LOCAL CLIMATOLOGICAL DATA (WS FORM: F-6) , PAGE 2
STATION: MCCOOK NE
MONTH: NOVEMBER
YEAR: 2021
LATITUDE: 40 13 N
LONGITUDE: 100 35 W
[TEMPERATURE DATA] [PRECIPITATION DATA] SYMBOLS USED IN COLUMN 16
AVERAGE MONTHLY: 44.8 TOTAL FOR MONTH: 0.19 1 = FOG OR MIST
DPTR FM NORMAL: 5.5 DPTR FM NORMAL: -0.42 2 = FOG REDUCING VISIBILITY
HIGHEST: 82 ON 7 GRTST 24HR 0.19 ON 1- 1 TO 1/4 MILE OR LESS
LOWEST: 11 ON 25,18 3 = THUNDER
SNOW, ICE PELLETS, HAIL 4 = ICE PELLETS
TOTAL MONTH: M 5 = HAIL
GRTST 24HR M ON M 6 = FREEZING RAIN OR DRIZZLE
GRTST DEPTH: M ON M 7 = DUSTSTORM OR SANDSTORM:
VSBY 1/2 MILE OR LESS
8 = SMOKE OR HAZE
[NO. OF DAYS WITH] [WEATHER - DAYS WITH] 9 = BLOWING SNOW
X = TORNADO
MAX 32 OR BELOW: 0 0.01 INCH OR MORE: 1
MAX 90 OR ABOVE: 0 0.10 INCH OR MORE: 1
MIN 32 OR BELOW: 22 0.50 INCH OR MORE: 0
MIN 0 OR BELOW: 0 1.00 INCH OR MORE: 0
[HDD (BASE 65) ]
TOTAL THIS MO. 599 CLEAR (SCALE 0-3) 25
DPTR FM NORMAL -172 PTCLDY (SCALE 4-7) 3
TOTAL FM JUL 1 942 CLOUDY (SCALE 8-10) 2
DPTR FM NORMAL -321
[CDD (BASE 65) ]
TOTAL THIS MO. 0
DPTR FM NORMAL 0 [PRESSURE DATA]
TOTAL FM JAN 1 1359 HIGHEST SLP M ON M
DPTR FM NORMAL 205 LOWEST SLP 29.54 ON 23
[REMARKS]
#FINAL-11-21#