000
CXUS53 KARX 010900
CF6MDZ
PRELIMINARY LOCAL CLIMATOLOGICAL DATA (WS FORM: F-6)
STATION: MEDFORD WI
MONTH: JULY
YEAR: 2021
LATITUDE: 45 5 N
LONGITUDE: 90 18 W
TEMPERATURE IN F: :PCPN: SNOW: WIND :SUNSHINE: SKY :PK WND
================================================================================
1 2 3 4 5 6A 6B 7 8 9 10 11 12 13 14 15 16 17 18
12Z AVG MX 2MIN
DY MAX MIN AVG DEP HDD CDD WTR SNW DPTH SPD SPD DIR MIN PSBL S-S WX SPD DR
================================================================================
1 76 51 64 M 1 0 0.00 0.0 0 5.4 10 360 M M 2 1 M M
2 76 46 61 M 4 0 0.00 0.0 0 2.9 7 10 M M 0 M M
3 82 59 71 M 0 6 0.00 0.0 0 5.2 10 280 M M 0 16 270
4 83 63 73 M 0 8 0.00 0.0 0 7.9 14 210 M M 1 22 220
5 87 65 76 M 0 11 0.00 0.0 0 7.8 14 270 M M 2 22 270
6 78 59 69 M 0 4 0.28 0.0 0 3.1 12 40 M M 5 3 22 10
7 61 53 57 M 8 0 0.17 0.0 0 9.1 13 60 M M 10 17 60
8 66 52 59 M 6 0 0.00 0.0 0 4.1 7 40 M M 7 M M
9 74 46 60 M 5 0 0.00 0.0 0 1.0 7 180 M M 3 M M
10 75 49 62 M 3 0 0.00 0.0 0 2.1 8 80 M M 2 M M
11 76 47 62 M 3 0 0.00 0.0 0 3.1 9 50 M M 0 M M
12 75 48 62 M 3 0 0.00 0.0 0 3.4 8 120 M M 0 16 120
13 77 50 64 M 1 0 0.00 0.0 0 4.6 10 270 M M 3 16 220
14 74 59 67 M 0 2 0.59 0.0 0 3.9 7 50 M M 5 3 35 160
15 75 52 64 M 1 0 0.01 0.0 0 5.5 12 20 M M 4 18 20
16 77 46 62 M 3 0 0.00 0.0 0 1.6 6 100 M M 4 M M
17 77 50 64 M 1 0 0.00 0.0 0 1.6 8 50 M M 1 M M
18 76 50 63 M 2 0 0.00 0.0 0 0.7 6 150 M M 1 M M
19 80 52 66 M 0 1 0.00 0.0 0 3.6 9 300 M M 3 16 340
20 78 57 68 M 0 3 0.00 0.0 0 5.1 12 10 M M 3 M M
21 71 56 64 M 1 0 0.00 0.0 0 5.3 8 180 M M 5 M M
22 76 60 68 M 0 3 0.50 0.0 0 5.2 9 120 M M 8 3 M M
23 83 65 74 M 0 9 M M M 7.0 15 180 M M 3 21 200
24 81 61 71 M 0 6 1.95 0.0 0 7.7 15 300 M M 5 3 32 320
25 80 55 68 M 0 3 0.00 0.0 0 5.1 13 310 M M 0 22 290
26 83 55 69 M 0 4 0.06 0.0 0 5.0 12 50 M M 1 40 290
27 78 59 69 M 0 4 1.19 0.0 0 6.6 22 20 M M 6 3 33 20
28 74 61 68 M 0 3 0.64 0.0 0 4.0 12 180 M M 5 3 28 M
29 76 55 66 M 0 1 0.00 0.0 0 6.8 13 340 M M 5 18 350
30 70 51 61 M 4 0 0.00 0.0 0 4.0 6 220 M M 1 M M
31 74 58 66 M 0 1 0.28 M M 6.1 15 350 M M 6 3 20 270
================================================================================
SM 2369 1690 46 69 5.67 0.0 144.5 M 101
================================================================================
AV 76.4 54.5 4.7 FASTST M M 3 MAX(MPH)
MISC ----> 22 20 40 290
================================================================================
NOTES:
# LAST OF SEVERAL OCCURRENCES
COLUMN 17 PEAK WIND IN M.P.H.
PRELIMINARY LOCAL CLIMATOLOGICAL DATA (WS FORM: F-6) , PAGE 2
STATION: MEDFORD WI
MONTH: JULY
YEAR: 2021
LATITUDE: 45 5 N
LONGITUDE: 90 18 W
[TEMPERATURE DATA] [PRECIPITATION DATA] SYMBOLS USED IN COLUMN 16
AVERAGE MONTHLY: 65.5 TOTAL FOR MONTH: 5.67 1 = FOG OR MIST
DPTR FM NORMAL: 0.0 DPTR FM NORMAL: M 2 = FOG REDUCING VISIBILITY
HIGHEST: 87 ON 5 GRTST 24HR 1.95 ON 24-24 TO 1/4 MILE OR LESS
LOWEST: 46 ON 16, 9 3 = THUNDER
SNOW, ICE PELLETS, HAIL 4 = ICE PELLETS
TOTAL MONTH: 0.0 INCH 5 = HAIL
GRTST 24HR 0.0 6 = FREEZING RAIN OR DRIZZLE
GRTST DEPTH: 0 7 = DUSTSTORM OR SANDSTORM:
VSBY 1/2 MILE OR LESS
8 = SMOKE OR HAZE
[NO. OF DAYS WITH] [WEATHER - DAYS WITH] 9 = BLOWING SNOW
X = TORNADO
MAX 32 OR BELOW: 0 0.01 INCH OR MORE: 10
MAX 90 OR ABOVE: 0 0.10 INCH OR MORE: 8
MIN 32 OR BELOW: 0 0.50 INCH OR MORE: 5
MIN 0 OR BELOW: 0 1.00 INCH OR MORE: 2
[HDD (BASE 65) ]
TOTAL THIS MO. 46 CLEAR (SCALE 0-3) 17
DPTR FM NORMAL M PTCLDY (SCALE 4-7) 13
TOTAL FM JUL 1 46 CLOUDY (SCALE 8-10) 1
DPTR FM NORMAL M
[CDD (BASE 65) ]
TOTAL THIS MO. 69
DPTR FM NORMAL M [PRESSURE DATA]
TOTAL FM JAN 1 179 HIGHEST SLP M ON M
DPTR FM NORMAL M LOWEST SLP M ON M
[REMARKS]
#FINAL-07-21#