000
CXUS54 KMEG 042207
CLMMEG
CLIMATE REPORT
NATIONAL WEATHER SERVICE MEMPHIS TN
507 PM CDT TUE JUL 04 2023
...................................
...THE MEMPHIS/GERMANTOWN WFO CLIMATE SUMMARY FOR THE MONTH OF JUNE 2023...
CLIMATE NORMAL PERIOD 1991 TO 2020
CLIMATE RECORD PERIOD 1988 TO 2023
WEATHER OBSERVED NORMAL DEPART LAST YEAR`S
VALUE DATE(S) VALUE FROM VALUE DATE(S)
NORMAL
................................................................
TEMPERATURE (F)
RECORD
HIGH 102 06/29/2012
LOW 48 06/07/2000
HIGHEST 99 06/29 96 3 MM
LOWEST 60 06/13 57 3 MM
AVG. MAXIMUM 89.1 88.4 0.7 MM
AVG. MINIMUM 67.2 67.5 -0.3 MM
MEAN 78.2 78.0 0.2 MM
DAYS MAX >= 90 17 15.0 2.0 MM
DAYS MAX <= 32 0 0.0 0.0 MM
DAYS MIN <= 32 0 0.0 0.0 MM
DAYS MIN <= 0 0 0.0 0.0 MM
PRECIPITATION (INCHES)
RECORD
MAXIMUM 2.46 2021
MINIMUM 2.46 2021
TOTALS 5.57 4.71 0.86 MM
DAILY AVG. 0.19 0.16 0.03 MM
DAYS >= .01 11 9.3 1.7 MM
DAYS >= .10 6 6.4 -0.4 MM
DAYS >= .50 5 2.9 2.1 MM
DAYS >= 1.00 2 1.3 0.7 MM
GREATEST
24 HR. TOTAL 1.73 06/18 TO 06/18
SNOWFALL (INCHES)
RECORDS
TOTAL MM 5
TOTALS 0.0 0.0 0.0 MM
SINCE 7/1 1.1 2.8 -1.7 MM
SNOWDEPTH AVG. 0 MM
DAYS >= 1.0 0 0.0 0.0 MM
GREATEST
SNOW DEPTH 0 MM
24 HR TOTAL MM
DEGREE DAYS
HEATING TOTAL 0 1 -1 MM
SINCE 7/1 2691 3351 -660 MM
COOLING TOTAL 403 390 13 MM
SINCE 1/1 695 656 39 MM
................................................................
- INDICATES NEGATIVE NUMBERS.
R INDICATES RECORD WAS SET OR TIED.
MM INDICATES DATA IS MISSING.
T INDICATES TRACE AMOUNT.
$$