000
CXUS56 KPDT 191810
CF6MEH
PRELIMINARY LOCAL CLIMATOLOGICAL DATA (WS FORM: F-6)
STATION: MEACHAM OR
MONTH: APRIL
YEAR: 2024
LATITUDE: 45 30 N
LONGITUDE: 118 24 W
TEMPERATURE IN F: :PCPN: SNOW: WIND :SUNSHINE: SKY :PK WND
================================================================================
1 2 3 4 5 6A 6B 7 8 9 10 11 12 13 14 15 16 17 18
12Z AVG MX 2MIN
DY MAX MIN AVG DEP HDD CDD WTR SNW DPTH SPD SPD DIR MIN PSBL S-S WX SPD DR
================================================================================
1 57 23 40 2 25 0 0.00 M M 0.9 6 99 M M 0 M M
2 71 28 50 12 15 0 0.05 M M 1.0 7 300 M M 1 16 260
3 44 33 39 1 26 0 0.11 M M 0.3 6 90 M M 9 1 11 20
4 38 31 35 -3 30 0 0.09 M M 0.0 6 99 M M 10 12 12 280
5 40 29 35 -3 30 0 0.06 M M 1.9 7 290 M M 10 1 15 260
6 42 30 36 -3 29 0 0.37 M M 1.2 9 280 M M 10 1 19 260
7 46 27 37 -2 28 0 0.01 M M 1.1 8 270 M M 9 16 290
8 50 26 38 -1 27 0 T M M 1.2 7 99 M M 8 M M
9 54 37 46 7 19 0 T M M 1.0 6 99 M M 8 M M
10 55 27 41 2 24 0 0.00 M M 1.0 7 350 M M 0 14 340
11 62 27 45 5 20 0 0.05 M M 0.7 6 20 M M 3 1 12 80
12 55 35 45 5 20 0 0.19 M M 0.7 7 40 M M 7 1 13 20
13 67 32 50 10 15 0 0.00 M M 1.4 9 30 M M 2 1 17 350
14 63 33 48 8 17 0 0.00 M M 1.2 8 290 M M 1 17 300
15 52 35 44 4 21 0 0.00 M M 1.9 8 270 M M 0 M M
16 46 31 39 -2 26 0 T M M 2.8 10 270 M M 7 25 260
17 45 23 34 -7 31 0 0.00 M M 0.7 8 20 M M 6 16 10
18 51 18 35 -6 30 0 0.00 M M 1.2 8 360 M M 2 M M
================================================================================
SM 938 525 433 0 0.93 M 20.2 M 93
================================================================================
AV 52.1 29.2 1.1 FASTST M M 5 MAX(MPH)
MISC ----> 10 270 25 260
================================================================================
NOTES:
# LAST OF SEVERAL OCCURRENCES
COLUMN 17 PEAK WIND IN M.P.H.
PRELIMINARY LOCAL CLIMATOLOGICAL DATA (WS FORM: F-6) , PAGE 2
STATION: MEACHAM OR
MONTH: APRIL
YEAR: 2024
LATITUDE: 45 30 N
LONGITUDE: 118 24 W
[TEMPERATURE DATA] [PRECIPITATION DATA] SYMBOLS USED IN COLUMN 16
AVERAGE MONTHLY: 40.6 TOTAL FOR MONTH: 0.93 1 = FOG OR MIST
DPTR FM NORMAL: 1.3 DPTR FM NORMAL: -1.63 2 = FOG REDUCING VISIBILITY
HIGHEST: 71 ON 2 GRTST 24HR 0.40 ON 5- 6 TO 1/4 MILE OR LESS
LOWEST: 18 ON 18 3 = THUNDER
SNOW, ICE PELLETS, HAIL 4 = ICE PELLETS
TOTAL MONTH: M 5 = HAIL
GRTST 24HR M ON M 6 = FREEZING RAIN OR DRIZZLE
GRTST DEPTH: M ON M 7 = DUSTSTORM OR SANDSTORM:
VSBY 1/2 MILE OR LESS
8 = SMOKE OR HAZE
[NO. OF DAYS WITH] [WEATHER - DAYS WITH] 9 = BLOWING SNOW
X = TORNADO
MAX 32 OR BELOW: 0 0.01 INCH OR MORE: 8
MAX 90 OR ABOVE: 0 0.10 INCH OR MORE: 3
MIN 32 OR BELOW: 13 0.50 INCH OR MORE: 0
MIN 0 OR BELOW: 0 1.00 INCH OR MORE: 0
[HDD (BASE 65) ]
TOTAL THIS MO. 433 CLEAR (SCALE 0-3) 8
DPTR FM NORMAL -28 PTCLDY (SCALE 4-7) 4
TOTAL FM JUL 1 6393 CLOUDY (SCALE 8-10) 6
DPTR FM NORMAL -571
[CDD (BASE 65) ]
TOTAL THIS MO. 0
DPTR FM NORMAL 0 [PRESSURE DATA]
TOTAL FM JAN 1 0 HIGHEST SLP M ON M
DPTR FM NORMAL 0 LOWEST SLP 29.63 ON 5
[REMARKS]