000
CXUS54 KLZK 011410
CF6MEZ
PRELIMINARY LOCAL CLIMATOLOGICAL DATA (WS FORM: F-6)
STATION: MENA AIRPORT
MONTH: JULY
YEAR: 2022
LATITUDE: 34 9 N
LONGITUDE: 94 15 W
TEMPERATURE IN F: :PCPN: SNOW: WIND :SUNSHINE: SKY :PK WND
================================================================================
1 2 3 4 5 6A 6B 7 8 9 10 11 12 13 14 15 16 17 18
12Z AVG MX 2MIN
DY MAX MIN AVG DEP HDD CDD WTR SNW DPTH SPD SPD DIR MIN PSBL S-S WX SPD DR
================================================================================
1 91 72 82 5 0 17 0.00 M M 1.4 5 120 M M 2 M M
2 91 70 81 4 0 16 0.00 M M 1.6 7 60 M M 5 M M
3 95 72 84 6 0 19 0.00 M M 1.6 5 90 M M 3 M M
4 99 73 86 8 0 21 0.00 M M 2.7 9 240 M M 1 17 240
5 99 72 86 8 0 21 0.00 M M 2.3 7 230 M M 1 M M
6 95 72 84 6 0 19 0.00 M M 2.3 12 250 M M 0 M M
7 100 77 89 11 0 24 0.00 M M 3.4 8 240 M M 1 16 240
8 104 77 91 13 0 26 0.00 M M 3.2 12 270 M M 1 17 270
9 100 73 87 9 0 22 0.00 M M 4.4 10 300 M M 0 18 300
10 95 72 84 6 0 19 0.00 M M 3.6 9 20 M M 1 M M
11 100 63 82 4 0 17 0.00 M M 1.7 8 70 M M 0 16 0
12 102 66 84 6 0 19 0.00 M M 2.7 9 60 M M 2 21 0
13 100 70 85 7 0 20 0.00 M M 2.0 8 220 M M 1 3 22 220
14 99 68 84 6 0 19 0.00 M M 2.2 8 90 M M 1 M M
15 99 70 85 6 0 20 0.00 M M 1.2 6 70 M M 2 M M
16 99 70 85 6 0 20 0.00 M M 2.2 10 260 M M 0 M M
17 102 79 91 12 0 26 0.00 M M 3.5 9 220 M M 1 17 240
18 104 75 90 11 0 25 0.00 M M 3.7 9 270 M M 2 18 240
19 104 82 93 14 0 28 0.00 M M 5.4 13 250 M M 1 20 250
20 100 77 89 10 0 24 0.00 M M 4.0 9 280 M M 0 17 280
21 104 70 87 8 0 22 0.75 M M 2.8 14 250 M M 3 3 22 250
22 95 70 83 4 0 18 0.00 M M 1.2 6 220 M M 0 M M
23 95 70 83 4 0 18 0.00 M M 2.3 7 240 M M 0 M M
24 99 72 86 7 0 21 0.00 M M 2.3 8 260 M M 0 M M
25 100 75 88 9 0 23 0.00 M M 3.7 8 260 M M 1 17 240
26 100 81 91 12 0 26 0.00 M M 5.0 8 240 M M 0 17 230
27 100 77 89 10 0 24 0.00 M M 4.0 12 280 M M 0 20 280
28 100 77 89 10 0 24 0.00 M M 4.4 9 90 M M 1 23 210
29 90 73 82 3 0 17 0.00 M M 2.3 10 80 M M 3 3 17 20
30 86 72 79 0 0 14 0.02 M M 0.6 5 100 M M 8 3 M M
31 M M M M M M M M M M M M M M M M M
================================================================================
SM 2947 2187 0 629 0.77 M 83.7 M 41
================================================================================
AV 98.2 72.9 2.8 FASTST M M 1 MAX(MPH)
MISC ----> 14 250 23 210
================================================================================
NOTES:
# LAST OF SEVERAL OCCURRENCES
COLUMN 17 PEAK WIND IN M.P.H.
PRELIMINARY LOCAL CLIMATOLOGICAL DATA (WS FORM: F-6) , PAGE 2
STATION: MENA AIRPORT
MONTH: JULY
YEAR: 2022
LATITUDE: 34 9 N
LONGITUDE: 94 15 W
[TEMPERATURE DATA] [PRECIPITATION DATA] SYMBOLS USED IN COLUMN 16
AVERAGE MONTHLY: 85.6 TOTAL FOR MONTH: 0.77 1 = FOG OR MIST
DPTR FM NORMAL: 7.1 DPTR FM NORMAL: -4.28 2 = FOG REDUCING VISIBILITY
HIGHEST: 104 ON 21,19 GRTST 24HR 0.75 ON 21-21 TO 1/4 MILE OR LESS
LOWEST: 63 ON 11 3 = THUNDER
SNOW, ICE PELLETS, HAIL 4 = ICE PELLETS
TOTAL MONTH: M 5 = HAIL
GRTST 24HR M ON M 6 = FREEZING RAIN OR DRIZZLE
GRTST DEPTH: M ON M 7 = DUSTSTORM OR SANDSTORM:
VSBY 1/2 MILE OR LESS
8 = SMOKE OR HAZE
[NO. OF DAYS WITH] [WEATHER - DAYS WITH] 9 = BLOWING SNOW
X = TORNADO
MAX 32 OR BELOW: 0 0.01 INCH OR MORE: 2
MAX 90 OR ABOVE: 29 0.10 INCH OR MORE: 1
MIN 32 OR BELOW: 0 0.50 INCH OR MORE: 1
MIN 0 OR BELOW: 0 1.00 INCH OR MORE: 0
[HDD (BASE 65) ]
TOTAL THIS MO. 0 CLEAR (SCALE 0-3) 27
DPTR FM NORMAL 0 PTCLDY (SCALE 4-7) 3
TOTAL FM JUL 1 0 CLOUDY (SCALE 8-10) 1
DPTR FM NORMAL 0
[CDD (BASE 65) ]
TOTAL THIS MO. 629
DPTR FM NORMAL 210 [PRESSURE DATA]
TOTAL FM JAN 1 1323 HIGHEST SLP M ON M
DPTR FM NORMAL 473 LOWEST SLP M ON M
[REMARKS]
#FINAL-07-22#