000
CXUS54 KBRO 030403
CF6MFE
PRELIMINARY LOCAL CLIMATOLOGICAL DATA (WS FORM: F-6)
STATION: MCALLEN
MONTH: NOVEMBER
YEAR: 2023
LATITUDE: 26 10 N
LONGITUDE: 98 14 W
TEMPERATURE IN F: :PCPN: SNOW: WIND :SUNSHINE: SKY :PK WND
================================================================================
1 2 3 4 5 6A 6B 7 8 9 10 11 12 13 14 15 16 17 18
12Z AVG MX 2MIN
DY MAX MIN AVG DEP HDD CDD WTR SNW DPTH SPD SPD DIR MIN PSBL S-S WX SPD DR
================================================================================
1 70 49 60 -14 5 0 0.00 0.0 0 9.3 17 360 M M 4 25 350
2 72 48 60 -14 5 0 0.00 0.0 0 4.7 13 90 M M 7 19 80
3 85 60 73 -1 0 8 0.00 0.0 0 6.6 17 100 M M 4 22 100
4 86 62 74 1 0 9 0.00 0.0 0 6.4 15 100 M M 3 20 120
5 87 60 74 1 0 9 0.00 0.0 0 5.4 16 130 M M 3 1 21 110
6 87 61 74 1 0 9 0.00 0.0 0 8.7 18 140 M M 1 18 24 140
7 89 64 77 5 0 12 0.00 0.0 0 12.0 21 150 M M 1 8 28 120
8 90 69 80 8 0 15 0.00 0.0 0 M M M M M 1 M M
9 90 73 82 10 0 17 T 0.0 0 9.5 18 140 M M 5 1 24 130
10 76 59 68 -4 0 3 0.20 0.0 0 11.9 22 350 M M 10 1 28 340
11 60 58 59 -12 6 0 0.66 0.0 0 8.5 16 340 M M 10 1 21 350
12 61 58 60 -11 5 0 1.32 0.0 0 9.2 14 310 M M 10 1 23 340
13 62 60 61 -10 4 0 0.45 0.0 0 12.4 20 340 M M 10 1 27 340
14 77 60 69 -1 0 4 0.02 0.0 0 8.4 17 350 M M 5 1 21 340
15 78 54 66 -4 0 1 0.00 0.0 0 5.4 14 350 M M 2 17 340
16 78 54 66 -4 0 1 0.00 0.0 0 2.6 10 100 M M 0 1 17 70
17 83 55 69 -1 0 4 0.00 0.0 0 3.4 12 140 M M 3 12 17 140
18 80 60 70 1 0 5 0.00 0.0 0 4.9 14 70 M M 1 1 17 10
19 82 63 73 4 0 8 0.00 0.0 0 7.8 21 130 M M 6 12 29 130
20 83 69 76 7 0 11 0.00 0.0 0 10.4 20 170 M M 6 28 180
21 70 59 65 -3 0 0 0.00 0.0 0 13.4 26 340 M M 7 35 340
22 59 50 55 -13 10 0 0.05 0.0 0 5.7 14 350 M M 4 19 350
23 65 49 57 -11 8 0 0.08 0.0 0 3.5 9 170 M M 4 1 14 140
24 67 48 58 -10 7 0 T 0.0 0 4.7 9 70 M M 7 14 40
25 71 62 67 -1 0 2 0.27 0.0 0 2.1 10 250 M M 10 1 15 260
26 67 57 62 -5 3 0 0.01 0.0 0 8.1 18 360 M M 10 1 28 10
27 58 51 55 -12 10 0 T 0.0 0 11.0 17 10 M M 10 24 360
28 64 52 58 -9 7 0 0.00 0.0 0 6.9 13 350 M M 10 18 20
29 62 56 59 -8 6 0 0.07 0.0 0 4.5 15 110 M M 10 1 19 100
30 79 57 68 2 0 3 0.00 0.0 0 4.8 16 170 M M 7 12 25 180
================================================================================
SM 2238 1737 76 121 3.13 0.0 212.2 M 171
================================================================================
AV 74.6 57.9 7.3 FASTST M M 6 MAX(MPH)
MISC ----> 26 340 35 340
================================================================================
NOTES:
# LAST OF SEVERAL OCCURRENCES
COLUMN 17 PEAK WIND IN M.P.H.
PRELIMINARY LOCAL CLIMATOLOGICAL DATA (WS FORM: F-6) , PAGE 2
STATION: MCALLEN
MONTH: NOVEMBER
YEAR: 2023
LATITUDE: 26 10 N
LONGITUDE: 98 14 W
[TEMPERATURE DATA] [PRECIPITATION DATA] SYMBOLS USED IN COLUMN 16
AVERAGE MONTHLY: 66.3 TOTAL FOR MONTH: 3.13 1 = FOG OR MIST
DPTR FM NORMAL: -3.9 DPTR FM NORMAL: 1.96 2 = FOG REDUCING VISIBILITY
HIGHEST: 90 ON 9, 8 GRTST 24HR 1.32 ON 12-12 TO 1/4 MILE OR LESS
LOWEST: 48 ON 24, 2 3 = THUNDER
SNOW, ICE PELLETS, HAIL 4 = ICE PELLETS
TOTAL MONTH: 0.0 INCH 5 = HAIL
GRTST 24HR 0.0 6 = FREEZING RAIN OR DRIZZLE
GRTST DEPTH: 0 7 = DUSTSTORM OR SANDSTORM:
VSBY 1/2 MILE OR LESS
8 = SMOKE OR HAZE
[NO. OF DAYS WITH] [WEATHER - DAYS WITH] 9 = BLOWING SNOW
X = TORNADO
MAX 32 OR BELOW: 0 0.01 INCH OR MORE: 10
MAX 90 OR ABOVE: 2 0.10 INCH OR MORE: 5
MIN 32 OR BELOW: 0 0.50 INCH OR MORE: 2
MIN 0 OR BELOW: 0 1.00 INCH OR MORE: 1
[HDD (BASE 65) ]
TOTAL THIS MO. 76 CLEAR (SCALE 0-3) 9
DPTR FM NORMAL 25 PTCLDY (SCALE 4-7) 12
TOTAL FM JUL 1 94 CLOUDY (SCALE 8-10) 9
DPTR FM NORMAL 38
[CDD (BASE 65) ]
TOTAL THIS MO. 121
DPTR FM NORMAL -85 [PRESSURE DATA]
TOTAL FM JAN 1 5035 HIGHEST SLP 30.47 ON 1
DPTR FM NORMAL 149 LOWEST SLP 29.63 ON 20
[REMARKS]
#FINAL-11-23#