000
CXUS54 KBMX 011010
CF6MGM
PRELIMINARY LOCAL CLIMATOLOGICAL DATA (WS FORM: F-6)
STATION: MONTGOMERY
MONTH: SEPTEMBER
YEAR: 2023
LATITUDE: 32 17 N
LONGITUDE: 86 24 W
TEMPERATURE IN F: :PCPN: SNOW: WIND :SUNSHINE: SKY :PK WND
================================================================================
1 2 3 4 5 6A 6B 7 8 9 10 11 12 13 14 15 16 17 18
12Z AVG MX 2MIN
DY MAX MIN AVG DEP HDD CDD WTR SNW DPTH SPD SPD DIR MIN PSBL S-S WX SPD DR
================================================================================
1 88 74 81 0 0 16 2.18 0.0 0 9.9 28 110 M M 10 138 38 130
2 83 73 78 -3 0 13 T 0.0 0 7.9 15 80 M M 9 21 110
3 91 72 82 1 0 17 0.00 0.0 0 4.3 10 80 M M 4 14 70
4 92 74 83 3 0 18 0.00 0.0 M 4.0 12 100 M M 1 1 14 90
5 93 71 82 2 0 17 0.00 0.0 M 2.0 9 120 M M 0 12 120
6 94 69 82 2 0 17 0.00 0.0 M 3.2 9 330 M M 0 13 330
7 95 73 84 4 0 19 0.00 0.0 M 6.9 17 280 M M 0 23 290
8 91 66 79 -1 0 14 0.00 0.0 0 4.5 16 330 M M 0 23 310
9 92 65 79 -1 0 14 0.00 0.0 0 1.3 9 300 M M 1 1 11 320
10 93 67 80 1 0 15 0.00 0.0 0 1.8 8 190 M M 0 1 10 170
11 94 69 82 3 0 17 0.00 0.0 0 3.0 10 180 M M 0 14 170
12 92 70 81 2 0 16 0.00 0.0 0 4.1 10 230 M M 1 1 13 230
13 94 71 83 4 0 18 0.00 0.0 0 3.5 14 260 M M 3 13 18 270
14 82 73 78 0 0 13 0.19 0.0 0 3.4 8 290 M M 2 18 10 270
15 88 71 80 2 0 15 0.02 0.0 0 5.7 15 70 M M 3 1 19 70
16 86 70 78 0 0 13 0.89 0.0 0 5.3 12 100 M M 8 1 16 350
17 89 64 77 -1 0 12 0.00 0.0 0 3.8 15 330 M M 4 128 20 320
18 88 59 74 -3 0 9 0.00 0.0 0 3.2 15 330 M M 0 1 21 300
19 87 59 73 -4 0 8 0.00 0.0 0 3.8 9 70 M M 0 1 13 50
20 85 62 74 -3 0 9 0.00 0.0 0 4.7 14 70 M M 1 19 130
21 87 68 78 1 0 13 0.00 0.0 0 7.2 16 80 M M 3 19 80
22 87 62 75 -1 0 10 0.00 0.0 0 4.6 17 70 M M 1 1 20 70
23 90 58 74 -2 0 9 0.00 0.0 0 2.8 14 280 M M 2 1 18 310
24 91 59 75 -1 0 10 0.00 0.0 0 2.5 10 270 M M 0 1 18 240
25 87 65 76 1 0 11 0.00 0.0 0 2.1 12 310 M M 1 1 17 300
26 92 70 81 6 0 16 0.00 0.0 0 6.1 17 130 M M 1 1 22 120
27 83 69 76 1 0 11 0.00 0.0 M 10.3 16 80 M M 8 22 80
28 83 66 75 1 0 10 0.00 0.0 M 7.1 16 60 M M 4 21 70
29 89 61 75 1 0 10 0.00 0.0 0 5.1 13 100 M M 0 24 60
30 90 65 78 4 0 13 0.00 0.0 0 3.5 14 70 M M 1 1 20 60
================================================================================
SM 2676 2015 0 403 3.28 0.0 137.6 M 68
================================================================================
AV 89.2 67.2 4.6 FASTST M M 2 MAX(MPH)
MISC ----> 28 110 38 130
================================================================================
NOTES:
# LAST OF SEVERAL OCCURRENCES
COLUMN 17 PEAK WIND IN M.P.H.
PRELIMINARY LOCAL CLIMATOLOGICAL DATA (WS FORM: F-6) , PAGE 2
STATION: MONTGOMERY
MONTH: SEPTEMBER
YEAR: 2023
LATITUDE: 32 17 N
LONGITUDE: 86 24 W
[TEMPERATURE DATA] [PRECIPITATION DATA] SYMBOLS USED IN COLUMN 16
AVERAGE MONTHLY: 78.2 TOTAL FOR MONTH: 3.28 1 = FOG OR MIST
DPTR FM NORMAL: 0.4 DPTR FM NORMAL: -0.41 2 = FOG REDUCING VISIBILITY
HIGHEST: 95 ON 7 GRTST 24HR 2.18 ON 1- 1 TO 1/4 MILE OR LESS
LOWEST: 58 ON 23 3 = THUNDER
SNOW, ICE PELLETS, HAIL 4 = ICE PELLETS
TOTAL MONTH: 0.0 INCH 5 = HAIL
GRTST 24HR 0.0 6 = FREEZING RAIN OR DRIZZLE
GRTST DEPTH: 0 7 = DUSTSTORM OR SANDSTORM:
VSBY 1/2 MILE OR LESS
8 = SMOKE OR HAZE
[NO. OF DAYS WITH] [WEATHER - DAYS WITH] 9 = BLOWING SNOW
X = TORNADO
MAX 32 OR BELOW: 0 0.01 INCH OR MORE: 4
MAX 90 OR ABOVE: 15 0.10 INCH OR MORE: 3
MIN 32 OR BELOW: 0 0.50 INCH OR MORE: 2
MIN 0 OR BELOW: 0 1.00 INCH OR MORE: 1
[HDD (BASE 65) ]
TOTAL THIS MO. 0 CLEAR (SCALE 0-3) 21
DPTR FM NORMAL -2 PTCLDY (SCALE 4-7) 7
TOTAL FM JUL 1 0 CLOUDY (SCALE 8-10) 2
DPTR FM NORMAL 0
[CDD (BASE 65) ]
TOTAL THIS MO. 403
DPTR FM NORMAL 17 [PRESSURE DATA]
TOTAL FM JAN 1 2592 HIGHEST SLP 30.17 ON 2
DPTR FM NORMAL 227 LOWEST SLP 29.82 ON 7
[REMARKS]
#FINAL-09-23#