000
CXUS54 KBMX 011110
CLMMGM
CLIMATE REPORT
NATIONAL WEATHER SERVICE BIRMINGHAM AL
610 AM CDT MON MAY 01 2023
...................................
...THE MONTGOMERY CLIMATE SUMMARY FOR THE MONTH OF APRIL 2023...
CLIMATE NORMAL PERIOD 1991 TO 2020
CLIMATE RECORD PERIOD 1872 TO 2023
WEATHER OBSERVED NORMAL DEPART LAST YEAR`S
VALUE DATE(S) VALUE FROM VALUE DATE(S)
NORMAL
................................................................
TEMPERATURE (F)
RECORD
HIGH 94 04/30/2007
LOW 28 04/01/1987
HIGHEST 90 04/05 MM MM 87 04/25
LOWEST 43 04/18 MM MM 38 04/10
AVG. MAXIMUM 79.2 78.8 0.4 77.9
AVG. MINIMUM 54.4 52.6 1.8 52.0
MEAN 66.8 65.0
DAYS MAX >= 90 1 0.3 0.7 0
DAYS MAX <= 32 0 0.0 0.0 0
DAYS MIN <= 32 0 0.1 -0.1 0
DAYS MIN <= 0 0 0.0 0.0 0
PRECIPITATION (INCHES)
RECORD
MAXIMUM 15.94 1912
MINIMUM 0.38 1915
TOTALS 5.72 3.99 1.73 6.40
DAILY AVG. 0.19 0.13 0.06 0.21
DAYS >= .01 12 7.7 4.3 9
DAYS >= .10 9 5.1 3.9 7
DAYS >= .50 5 2.9 2.1 4
DAYS >= 1.00 1 1.3 -0.3 3
DEGREE DAYS
HEATING TOTAL 30 75 -45 72
SINCE 7/1 1486 1990 -504 MM
COOLING TOTAL 92 96 -4 79
SINCE 1/1 266 148 118 MM
................................................................
WIND (MPH)
AVERAGE WIND SPEED 6.9
HIGHEST WIND SPEED/DIRECTION 33/290 DATE 04/06
HIGHEST GUST SPEED/DIRECTION 41/290 DATE 04/06
AVERAGE RH (PERCENT) 65
WEATHER CONDITIONS. NUMBER OF DAYS WITH
THUNDERSTORM 6 MIXED PRECIP 0
HEAVY RAIN 9 RAIN 5
LIGHT RAIN 12 FREEZING RAIN 0
LT FREEZING RAIN 0 HAIL 0
HEAVY SNOW 0 SNOW 0
LIGHT SNOW 0 SLEET 0
FOG 9 FOG W/VIS <= 1/4 MILE 0
HAZE 1
- INDICATES NEGATIVE NUMBERS.
R INDICATES RECORD WAS SET OR TIED.
MM INDICATES DATA IS MISSING.
T INDICATES TRACE AMOUNT.
$$