000
CXUS52 KMFL 011030
CF6MIA
PRELIMINARY LOCAL CLIMATOLOGICAL DATA (WS FORM: F-6)
STATION: MIAMI
MONTH: JULY
YEAR: 2021
LATITUDE: 25 49 N
LONGITUDE: 80 17 W
TEMPERATURE IN F: :PCPN: SNOW: WIND :SUNSHINE: SKY :PK WND
================================================================================
1 2 3 4 5 6A 6B 7 8 9 10 11 12 13 14 15 16 17 18
12Z AVG MX 2MIN
DY MAX MIN AVG DEP HDD CDD WTR SNW DPTH SPD SPD DIR MIN PSBL S-S WX SPD DR
================================================================================
1 82 75 79 -5 0 14 0.06 0.0 0 3.8 14 120 M M 9 13 18 130
2 90 76 83 -1 0 18 0.56 0.0 0 3.8 18 90 M M 7 138 26 60
3 94 76 85 1 0 20 0.00 M M 5.1 13 240 M M 6 17 240
4 92 80 86 2 0 21 0.00 0.0 0 7.1 16 110 M M 4 8 21 130
5 91 73 82 -2 0 17 1.20 0.0 0 8.8 21 160 M M 7 1238 31 180
6 85 76 81 -3 0 16 0.44 0.0 M 11.4 22 100 M M 10 138 31 90
7 90 80 85 1 0 20 0.00 0.0 0 8.9 15 130 M M 8 22 140
8 90 78 84 0 0 19 T 0.0 M 5.9 17 140 M M 7 3 25 180
9 91 78 85 1 0 20 T 0.0 0 6.7 15 330 M M 7 23 330
10 89 75 82 -2 0 17 0.18 0.0 0 6.4 15 110 M M 8 13 21 150
11 89 75 82 -2 0 17 0.20 0.0 0 9.0 31 90 M M 7 13 35 80
12 85 71 78 -6 0 13 1.26 0.0 0 7.7 29 110 M M 8 138 45 110
13 87 76 82 -2 0 17 1.68 0.0 0 8.6 25 120 M M 8 13 30 110
14 88 76 82 -2 0 17 0.02 0.0 0 8.2 22 90 M M 7 26 90
15 90 80 85 1 0 20 T 0.0 0 10.9 28 90 M M 5 30 100
16 89 78 84 0 0 19 0.10 0.0 0 9.7 18 100 M M 5 3 22 100
17 89 76 83 -1 0 18 0.50 0.0 0 7.7 26 100 M M 7 138 32 100
18 90 80 85 1 0 20 T 0.0 0 9.4 17 110 M M 6 3 22 110
19 90 80 85 1 0 20 0.00 0.0 0 9.6 17 110 M M 4 22 110
20 90 78 84 0 0 19 0.46 0.0 0 5.0 20 140 M M 5 13 26 160
21 92 78 85 1 0 20 0.05 0.0 0 6.7 13 120 M M 5 18 140
22 94 81 88 4 0 23 0.27 M M 5.7 17 80 M M 4 3 26 80
23 91 77 84 0 0 19 0.48 M M 5.2 18 30 M M 8 13 24 350
24 91 78 85 1 0 20 0.10 M M 5.5 18 270 M M 7 13 26 270
25 91 77 84 0 0 19 T M M 5.2 16 180 M M 5 3 25 180
26 90 79 85 1 0 20 0.00 0.0 0 5.5 18 110 M M 6 3 25 140
27 92 78 85 1 0 20 T 0.0 0 4.5 17 120 M M 6 3 23 140
28 92 78 85 1 0 20 0.00 M M 3.4 15 170 M M 4 3 26 180
29 92 77 85 1 0 20 0.62 0.0 0 2.8 24 130 M M 6 138 29 140
30 93 77 85 1 0 20 0.00 M M 3.5 15 130 M M 5 3 21 150
31 92 80 86 2 0 21 0.00 0.0 0 5.7 15 120 M M 5 3 21 140
================================================================================
SM 2791 2397 0 584 8.18 0.0 207.4 M 196
================================================================================
AV 90.0 77.3 6.7 FASTST M M 6 MAX(MPH)
MISC ----> 31 90 45 110
================================================================================
NOTES:
# LAST OF SEVERAL OCCURRENCES
COLUMN 17 PEAK WIND IN M.P.H.
PRELIMINARY LOCAL CLIMATOLOGICAL DATA (WS FORM: F-6) , PAGE 2
STATION: MIAMI
MONTH: JULY
YEAR: 2021
LATITUDE: 25 49 N
LONGITUDE: 80 17 W
[TEMPERATURE DATA] [PRECIPITATION DATA] SYMBOLS USED IN COLUMN 16
AVERAGE MONTHLY: 83.7 TOTAL FOR MONTH: 8.18 1 = FOG OR MIST
DPTR FM NORMAL: -0.4 DPTR FM NORMAL: 0.82 2 = FOG REDUCING VISIBILITY
HIGHEST: 94 ON 22, 3 GRTST 24HR 1.70 ON 13-14 TO 1/4 MILE OR LESS
LOWEST: 71 ON 12 3 = THUNDER
SNOW, ICE PELLETS, HAIL 4 = ICE PELLETS
TOTAL MONTH: 0.0 INCH 5 = HAIL
GRTST 24HR 0.0 6 = FREEZING RAIN OR DRIZZLE
GRTST DEPTH: 0 7 = DUSTSTORM OR SANDSTORM:
VSBY 1/2 MILE OR LESS
8 = SMOKE OR HAZE
[NO. OF DAYS WITH] [WEATHER - DAYS WITH] 9 = BLOWING SNOW
X = TORNADO
MAX 32 OR BELOW: 0 0.01 INCH OR MORE: 17
MAX 90 OR ABOVE: 22 0.10 INCH OR MORE: 14
MIN 32 OR BELOW: 0 0.50 INCH OR MORE: 6
MIN 0 OR BELOW: 0 1.00 INCH OR MORE: 3
[HDD (BASE 65) ]
TOTAL THIS MO. 0 CLEAR (SCALE 0-3) 0
DPTR FM NORMAL 0 PTCLDY (SCALE 4-7) 28
TOTAL FM JUL 1 0 CLOUDY (SCALE 8-10) 3
DPTR FM NORMAL 0
[CDD (BASE 65) ]
TOTAL THIS MO. 584
DPTR FM NORMAL -6 [PRESSURE DATA]
TOTAL FM JAN 1 2738 HIGHEST SLP 30.23 ON 12
DPTR FM NORMAL 198 LOWEST SLP 29.88 ON 25
[REMARKS]
#FINAL-07-21#