000
CXUS52 KMFL 011000
CF6MIA
PRELIMINARY LOCAL CLIMATOLOGICAL DATA (WS FORM: F-6)
STATION: MIAMI
MONTH: SEPTEMBER
YEAR: 2020
LATITUDE: 25 49 N
LONGITUDE: 80 17 W
TEMPERATURE IN F: :PCPN: SNOW: WIND :SUNSHINE: SKY :PK WND
================================================================================
1 2 3 4 5 6A 6B 7 8 9 10 11 12 13 14 15 16 17 18
12Z AVG MX 2MIN
DY MAX MIN AVG DEP HDD CDD WTR SNW DPTH SPD SPD DIR MIN PSBL S-S WX SPD DR
================================================================================
1 93 78 86 2 0 21 0.00 0.0 0 7.0 17 120 M M 3 20 110
2 92 82 87 3 0 22 T 0.0 0 10.1 17 90 M M 5 25 90
3 93 84 89 5 0 24 0.00 0.0 0 10.8 16 90 M M 4 22 80
4 93 83 88 5 0 23 T 0.0 0 10.0 18 90 M M 5 23 110
5 93 78 86 3 0 21 T 0.0 0 8.1 21 120 M M 7 3 28 110
6 91 74 83 0 0 18 0.28 0.0 0 7.2 20 90 M M 9 13 24 110
7 87 76 82 -1 0 17 0.50 0.0 0 5.8 22 120 M M 8 1 28 140
8 89 76 83 0 0 18 0.10 0.0 0 6.4 16 120 M M 8 1 22 130
9 89 76 83 0 0 18 0.79 0.0 0 4.7 18 120 M M 7 13 24 130
10 88 76 82 -1 0 17 0.23 0.0 0 5.8 16 80 M M 7 1 22 100
11 91 79 85 2 0 20 0.02 0.0 0 6.6 16 70 M M 7 1 20 80
12 81 76 79 -4 0 14 1.75 0.0 0 14.1 31 140 M M 8 123 41 120
13 87 74 81 -2 0 16 1.58 0.0 0 8.8 22 140 M M 9 1238 30 150
14 89 80 85 2 0 20 T 0.0 0 8.1 16 120 M M 8 21 140
15 90 79 85 2 0 20 0.00 0.0 0 7.9 15 130 M M 6 19 140
16 90 80 85 2 0 20 0.01 0.0 0 8.6 17 130 M M 6 23 130
17 91 80 86 3 0 21 0.01 0.0 0 6.7 16 150 M M 7 23 160
18 91 80 86 3 0 21 0.00 0.0 0 5.8 15 160 M M 7 3 22 250
19 92 79 86 3 0 21 T 0.0 0 3.6 14 350 M M 5 3 23 340
20 91 79 85 2 0 20 T 0.0 0 3.9 13 230 M M 6 3 17 300
21 83 77 80 -3 0 15 1.16 0.0 0 9.6 22 70 M M 10 13 30 50
22 88 80 84 1 0 19 T 0.0 0 11.8 25 80 M M 6 30 70
23 88 78 83 0 0 18 0.00 0.0 0 10.2 18 80 M M 8 24 80
24 85 75 80 -2 0 15 2.07 0.0 0 9.9 20 110 M M 8 13 25 110
25 89 77 83 1 0 18 0.22 0.0 0 6.1 17 190 M M 7 13 22 190
26 91 73 82 0 0 17 1.89 0.0 0 3.7 23 300 M M 6 13 31 290
27 91 75 83 1 0 18 0.07 0.0 0 3.7 15 100 M M 7 13 18 130
28 90 77 84 2 0 19 0.24 0.0 0 3.9 15 200 M M 7 13 20 200
29 90 78 84 2 0 19 0.00 0.0 0 7.9 18 140 M M 5 25 130
30 92 78 85 3 0 20 0.00 0.0 0 5.0 14 20 M M 6 3 20 350
================================================================================
SM 2688 2337 0 570 10.92 0.0 221.8 M 202
================================================================================
AV 89.6 77.9 7.4 FASTST M M 7 MAX(MPH)
MISC ----> # 31 140 # 41 120
================================================================================
NOTES:
# LAST OF SEVERAL OCCURRENCES
COLUMN 17 PEAK WIND IN M.P.H.
PRELIMINARY LOCAL CLIMATOLOGICAL DATA (WS FORM: F-6) , PAGE 2
STATION: MIAMI
MONTH: SEPTEMBER
YEAR: 2020
LATITUDE: 25 49 N
LONGITUDE: 80 17 W
[TEMPERATURE DATA] [PRECIPITATION DATA] SYMBOLS USED IN COLUMN 16
AVERAGE MONTHLY: 83.8 TOTAL FOR MONTH: 10.92 1 = FOG OR MIST
DPTR FM NORMAL: 0.8 DPTR FM NORMAL: 1.06 2 = FOG REDUCING VISIBILITY
HIGHEST: 93 ON 5, 4 GRTST 24HR 2.07 ON 24-24 TO 1/4 MILE OR LESS
LOWEST: 73 ON 26 3 = THUNDER
SNOW, ICE PELLETS, HAIL 4 = ICE PELLETS
TOTAL MONTH: 0.0 INCH 5 = HAIL
GRTST 24HR 0.0 6 = FREEZING RAIN OR DRIZZLE
GRTST DEPTH: 0 7 = DUSTSTORM OR SANDSTORM:
VSBY 1/2 MILE OR LESS
8 = SMOKE OR HAZE
[NO. OF DAYS WITH] [WEATHER - DAYS WITH] 9 = BLOWING SNOW
X = TORNADO
MAX 32 OR BELOW: 0 0.01 INCH OR MORE: 16
MAX 90 OR ABOVE: 18 0.10 INCH OR MORE: 12
MIN 32 OR BELOW: 0 0.50 INCH OR MORE: 7
MIN 0 OR BELOW: 0 1.00 INCH OR MORE: 5
[HDD (BASE 65) ]
TOTAL THIS MO. 0 CLEAR (SCALE 0-3) 1
DPTR FM NORMAL 0 PTCLDY (SCALE 4-7) 26
TOTAL FM JUL 1 0 CLOUDY (SCALE 8-10) 3
DPTR FM NORMAL 0
[CDD (BASE 65) ]
TOTAL THIS MO. 570
DPTR FM NORMAL 33 [PRESSURE DATA]
TOTAL FM JAN 1 4287 HIGHEST SLP 30.09 ON 5
DPTR FM NORMAL 675 LOWEST SLP 29.72 ON 12
[REMARKS]
#FINAL-09-20#