000
CXUS53 KEAX 010836
CF6MKC
PRELIMINARY LOCAL CLIMATOLOGICAL DATA (WS FORM: F-6)
STATION: DOWNTOWN KANSAS CITY MO
MONTH: DECEMBER
YEAR: 2022
LATITUDE: 39 7 N
LONGITUDE: 94 36 W
TEMPERATURE IN F: :PCPN: SNOW: WIND :SUNSHINE: SKY :PK WND
================================================================================
1 2 3 4 5 6A 6B 7 8 9 10 11 12 13 14 15 16 17 18
12Z AVG MX 2MIN
DY MAX MIN AVG DEP HDD CDD WTR SNW DPTH SPD SPD DIR MIN PSBL S-S WX SPD DR
================================================================================
1 50 24 37 -3 28 0 0.00 M M 10.8 24 190 M M 3 39 160
2 61 29 45 6 20 0 0.00 M M 19.9 35 320 M M 3 49 310
3 33 19 26 -13 39 0 0.00 M M 6.4 25 320 M M 0 37 310
4 46 25 36 -2 29 0 0.00 M M 3.5 9 210 M M 0 12 280
5 53 33 43 5 22 0 0.00 M M 4.4 9 200 M M 1 13 210
6 44 34 39 1 26 0 0.00 M M 4.7 10 30 M M 8 14 30
7 50 40 45 7 20 0 0.00 M M 1.9 7 50 M M 6 10 50
8 49 43 46 9 19 0 0.01 M M 6.0 13 90 M M 10 18 19 100
9 49 33 41 4 24 0 0.00 M M 7.0 16 260 M M 9 8 25 240
10 44 27 36 -1 29 0 T M M 3.3 12 300 M M 8 1 16 230
11 39 24 32 -4 33 0 0.00 M M 4.5 13 150 M M 7 128 18 160
12 44 37 41 5 24 0 0.14 M M 9.3 17 90 M M 10 1 27 110
13 57 37 47 11 18 0 0.55 M M 9.2 17 90 M M 7 13 26 110
14 41 28 35 -1 30 0 0.00 M M 11.5 18 250 M M 4 25 230
15 35 28 32 -3 33 0 0.00 M M 14.0 23 260 M M 10 37 280
16 33 24 29 -6 36 0 0.00 M M 14.1 23 270 M M 6 32 290
17 32 20 26 -9 39 0 0.00 M M 10.1 23 290 M M 5 35 280
18 38 15 27 -8 38 0 0.00 M M 4.0 10 310 M M 0 15 330
19 40 29 35 1 30 0 T M M 5.2 15 130 M M 8 1 22 140
20 36 20 28 -6 37 0 0.00 M M 7.7 15 320 M M 10 1 22 320
21 35 21 28 -6 37 0 0.00 M M 5.7 13 120 M M 9 18 18 90
22 32 -6 13 -21 52 0 T M M 18.6 29 330 M M 9 1689 43 320
23 9 -5 2 -31 63 0 0.00 M M 16.0 24 280 M M 3 36 270
24 18 4 11 -22 54 0 0.00 M M 10.1 16 280 M M 3 24 270
25 29 2 16 -17 49 0 T M M 7.6 18 180 M M 2 6 27 160
26 33 10 22 -11 43 0 T M M 9.8 24 320 M M 5 37 320
27 40 9 25 -8 40 0 0.00 M M 11.4 22 180 M M 0 33 180
28 59 39 49 17 16 0 0.00 M M 14.0 23 190 M M 0 33 210
29 68 39 54 22 11 0 0.00 M M 15.3 36 220 M M 0 54 200
30 45 34 40 8 25 0 0.00 M M 4.7 14 290 M M 3 20 300
31 60 32 46 14 19 0 0.00 M M 4.7 16 190 M M 6 22 220
================================================================================
SM 1302 748 983 0 0.70 M 275.4 M 155
================================================================================
AV 42.0 24.1 8.9 FASTST M M 5 MAX(MPH)
MISC ----> 36 220 54 200
================================================================================
NOTES:
# LAST OF SEVERAL OCCURRENCES
COLUMN 17 PEAK WIND IN M.P.H.
PRELIMINARY LOCAL CLIMATOLOGICAL DATA (WS FORM: F-6) , PAGE 2
STATION: DOWNTOWN KANSAS CITY MO
MONTH: DECEMBER
YEAR: 2022
LATITUDE: 39 7 N
LONGITUDE: 94 36 W
[TEMPERATURE DATA] [PRECIPITATION DATA] SYMBOLS USED IN COLUMN 16
AVERAGE MONTHLY: 33.1 TOTAL FOR MONTH: 0.70 1 = FOG OR MIST
DPTR FM NORMAL: -2.2 DPTR FM NORMAL: -0.60 2 = FOG REDUCING VISIBILITY
HIGHEST: 68 ON 29 GRTST 24HR 0.69 ON 12-13 TO 1/4 MILE OR LESS
LOWEST: -6 ON 22 3 = THUNDER
SNOW, ICE PELLETS, HAIL 4 = ICE PELLETS
TOTAL MONTH: M 5 = HAIL
GRTST 24HR M ON M 6 = FREEZING RAIN OR DRIZZLE
GRTST DEPTH: M ON M 7 = DUSTSTORM OR SANDSTORM:
VSBY 1/2 MILE OR LESS
8 = SMOKE OR HAZE
[NO. OF DAYS WITH] [WEATHER - DAYS WITH] 9 = BLOWING SNOW
X = TORNADO
MAX 32 OR BELOW: 5 0.01 INCH OR MORE: 3
MAX 90 OR ABOVE: 0 0.10 INCH OR MORE: 2
MIN 32 OR BELOW: 21 0.50 INCH OR MORE: 1
MIN 0 OR BELOW: 2 1.00 INCH OR MORE: 0
[HDD (BASE 65) ]
TOTAL THIS MO. 983 CLEAR (SCALE 0-3) 12
DPTR FM NORMAL 62 PTCLDY (SCALE 4-7) 11
TOTAL FM JUL 1 1878 CLOUDY (SCALE 8-10) 8
DPTR FM NORMAL 84
[CDD (BASE 65) ]
TOTAL THIS MO. 0
DPTR FM NORMAL 0 [PRESSURE DATA]
TOTAL FM JAN 1 1866 HIGHEST SLP 30.65 ON 3
DPTR FM NORMAL 158 LOWEST SLP 29.51 ON 28
[REMARKS]
#FINAL-12-22#