000
CXUS53 KGRR 011017
CF6MKG
PRELIMINARY LOCAL CLIMATOLOGICAL DATA (WS FORM: F-6)
STATION: MUSKEGON
MONTH: SEPTEMBER
YEAR: 2020
LATITUDE: 43 10 N
LONGITUDE: 86 14 W
TEMPERATURE IN F: :PCPN: SNOW: WIND :SUNSHINE: SKY :PK WND
================================================================================
1 2 3 4 5 6A 6B 7 8 9 10 11 12 13 14 15 16 17 18
12Z AVG MX 2MIN
DY MAX MIN AVG DEP HDD CDD WTR SNW DPTH SPD SPD DIR MIN PSBL S-S WX SPD DR
================================================================================
1 77 66 72 5 0 7 0.00 0.0 0 6.5 13 350 M M 9 17 340
2 79 65 72 5 0 7 0.13 0.0 0 9.6 22 230 M M 5 1 33 230
3 81 59 70 3 0 5 T 0.0 0 10.5 25 240 M M 3 123 38 320
4 74 60 67 1 0 2 0.00 0.0 0 11.6 20 260 M M 2 28 240
5 80 54 67 1 0 2 T 0.0 0 5.8 20 290 M M 4 28 280
6 79 51 65 -1 0 0 T 0.0 0 12.8 47 210 M M 6 3 70 220
7 76 59 68 3 0 3 0.00 0.0 0 11.2 30 210 M M 7 39 220
8 60 53 57 -8 8 0 0.96 0.0 0 11.2 17 80 M M 10 13 26 60
9 59 51 55 -10 10 0 0.09 0.0 0 9.6 18 60 M M 10 1 24 40
10 65 53 59 -5 6 0 0.05 0.0 0 8.5 15 40 M M 10 1 19 50
11 72 52 62 -2 3 0 T 0.0 0 8.5 16 90 M M 7 23 90
12 70 57 64 0 1 0 0.15 0.0 0 8.8 15 260 M M 8 1 23 210
13 69 54 62 -1 3 0 0.01 0.0 0 7.9 17 290 M M 8 1 25 280
14 69 52 61 -2 4 0 0.00 0.0 0 4.9 13 70 M M 3 1 18 120
15 71 51 61 -1 4 0 0.00 0.0 0 12.2 23 190 M M 3 33 180
16 75 61 68 6 0 3 0.00 0.0 0 11.2 21 230 M M 5 29 250
17 71 51 61 -1 4 0 0.00 0.0 0 8.0 15 10 M M 5 20 20
18 64 42 53 -8 12 0 0.00 0.0 0 7.5 16 360 M M 1 24 360
19 65 37 51 -10 14 0 0.00 0.0 0 4.6 14 130 M M 2 18 140
20 73 40 57 -3 8 0 0.00 0.0 0 5.1 15 150 M M 1 21 150
21 72 45 59 -1 6 0 0.00 0.0 0 7.3 15 190 M M 4 21 210
22 75 51 63 3 2 0 0.00 0.0 0 5.4 14 210 M M 4 1 21 210
23 75 53 64 5 1 0 0.00 0.0 0 5.0 13 210 M M 4 18 17 220
24 74 57 66 7 0 1 0.00 0.0 0 6.5 15 190 M M 5 18 20 180
25 78 55 67 9 0 2 0.00 0.0 0 6.6 17 190 M M 0 26 180
26 75 66 71 13 0 6 0.00 0.0 0 14.4 29 180 M M 6 8 43 180
27 75 59 67 9 0 2 0.05 0.0 0 12.5 26 190 M M 7 39 210
28 64 56 60 3 5 0 0.60 0.0 0 6.4 16 240 M M 10 1 22 240
29 64 55 60 3 5 0 0.04 0.0 0 9.7 17 250 M M 8 25 240
30 65 54 60 4 5 0 0.26 0.0 0 13.7 26 320 M M 7 3 37 320
================================================================================
SM 2146 1619 101 40 2.34 0.0 263.5 M 164
================================================================================
AV 71.5 54.0 8.8 FASTST M M 5 MAX(MPH)
MISC ----> # 47 210 # 70 220
================================================================================
NOTES:
# LAST OF SEVERAL OCCURRENCES
COLUMN 17 PEAK WIND IN M.P.H.
PRELIMINARY LOCAL CLIMATOLOGICAL DATA (WS FORM: F-6) , PAGE 2
STATION: MUSKEGON
MONTH: SEPTEMBER
YEAR: 2020
LATITUDE: 43 10 N
LONGITUDE: 86 14 W
[TEMPERATURE DATA] [PRECIPITATION DATA] SYMBOLS USED IN COLUMN 16
AVERAGE MONTHLY: 62.8 TOTAL FOR MONTH: 2.34 1 = FOG OR MIST
DPTR FM NORMAL: 0.7 DPTR FM NORMAL: -1.55 2 = FOG REDUCING VISIBILITY
HIGHEST: 81 ON 3 GRTST 24HR 0.96 ON 8- 8 TO 1/4 MILE OR LESS
LOWEST: 37 ON 19 3 = THUNDER
SNOW, ICE PELLETS, HAIL 4 = ICE PELLETS
TOTAL MONTH: 0.0 INCH 5 = HAIL
GRTST 24HR 0.0 6 = FREEZING RAIN OR DRIZZLE
GRTST DEPTH: 0 7 = DUSTSTORM OR SANDSTORM:
VSBY 1/2 MILE OR LESS
8 = SMOKE OR HAZE
[NO. OF DAYS WITH] [WEATHER - DAYS WITH] 9 = BLOWING SNOW
X = TORNADO
MAX 32 OR BELOW: 0 0.01 INCH OR MORE: 10
MAX 90 OR ABOVE: 0 0.10 INCH OR MORE: 5
MIN 32 OR BELOW: 0 0.50 INCH OR MORE: 2
MIN 0 OR BELOW: 0 1.00 INCH OR MORE: 0
[HDD (BASE 65) ]
TOTAL THIS MO. 101 CLEAR (SCALE 0-3) 7
DPTR FM NORMAL -42 PTCLDY (SCALE 4-7) 18
TOTAL FM JUL 1 106 CLOUDY (SCALE 8-10) 5
DPTR FM NORMAL -67
[CDD (BASE 65) ]
TOTAL THIS MO. 40
DPTR FM NORMAL -14 [PRESSURE DATA]
TOTAL FM JAN 1 829 HIGHEST SLP 30.49 ON 20
DPTR FM NORMAL 268 LOWEST SLP 29.46 ON 30
[REMARKS]
#FINAL-09-20#