000
CXHW52 PHFO 011250
CF6MKK
PRELIMINARY LOCAL CLIMATOLOGICAL DATA (WS FORM: F-6)
STATION: MOLOKAI HI
MONTH: MARCH
YEAR: 2024
LATITUDE: 21 8 N
LONGITUDE: 157 6 W
TEMPERATURE IN F: :PCPN: SNOW: WIND :SUNSHINE: SKY :PK WND
================================================================================
1 2 3 4 5 6A 6B 7 8 9 10 11 12 13 14 15 16 17 18
12Z AVG MX 2MIN
DY MAX MIN AVG DEP HDD CDD WTR SNW DPTH SPD SPD DIR MIN PSBL S-S WX SPD DR
================================================================================
1 81 69 75 3 0 10 0.00 M M 12.8 25 50 M M 2 40 50
2 79 69 74 2 0 9 0.00 M M 12.6 28 60 M M 1 36 40
3 81 65 73 1 0 8 0.00 M M 9.2 20 30 M M 3 28 30
4 81 68 75 3 0 10 T M M 11.5 24 50 M M 3 34 60
5 80 70 75 3 0 10 T M M 16.3 26 60 M M 5 36 60
6 76 67 72 0 0 7 0.18 M M 17.6 25 70 M M 6 18 41 40
7 79 69 74 2 0 9 0.00 M M 15.1 24 80 M M 6 37 20
8 77 68 73 1 0 8 T M M 15.2 23 80 M M 3 1 40 50
9 78 70 74 2 0 9 0.00 M M 17.0 29 70 M M 4 43 80
10 77 69 73 1 0 8 T M M 15.4 26 70 M M 4 40 40
11 77 69 73 1 0 8 T M M 9.6 22 70 M M 3 32 70
12 84 66 75 3 0 10 T M M 7.2 20 60 M M 4 32 60
13 81 63 72 0 0 7 T M M 7.1 17 340 M M 4 8 23 10
14 76 66 71 -1 0 6 0.05 M M 10.2 18 10 M M 9 18 26 360
15 72 65 69 -3 0 4 0.16 M M 9.7 16 20 M M 9 18 25 50
16 76 64 70 -2 0 5 0.00 M M 9.8 20 50 M M 3 29 50
17 78 69 74 2 0 9 0.00 M M 10.7 18 40 M M 7 35 30
18 80 69 75 3 0 10 0.00 M M 10.6 16 60 M M 5 25 60
19 M M M M M M 0.00 M M M M M M M M M M
20 78 69 74 1 0 9 T M M 10.8 22 70 M M 5 30 70
21 78 67 73 0 0 8 T M M 11.3 21 70 M M 4 32 40
22 79 67 73 0 0 8 0.04 M M 13.1 26 70 M M 4 1 39 70
23 82 68 75 2 0 10 0.02 M M 13.8 24 70 M M 3 1 39 90
24 83 70 77 4 0 12 0.00 M M 11.3 20 70 M M 1 30 70
25 84 65 75 2 0 10 0.00 M M 7.1 17 80 M M 2 28 100
26 82 71 77 4 0 12 0.00 M M 10.9 23 70 M M 3 34 60
27 80 71 76 3 0 11 T M M 15.0 25 60 M M 2 40 70
28 80 71 76 3 0 11 T M M 16.9 26 70 M M 2 44 50
29 81 71 76 3 0 11 T M M 14.8 26 70 M M 4 37 50
30 80 70 75 2 0 10 0.00 M M 13.2 24 80 M M 3 35 80
31 83 67 75 2 0 10 0.00 M M 10.4 18 70 M M 1 32 70
================================================================================
SM 2383 2042 0 269 0.45 M 366.2 M 115
================================================================================
AV 79.4 68.1 12.2 FASTST M M 4 MAX(MPH)
MISC ----> 29 70 44 50
================================================================================
NOTES:
# LAST OF SEVERAL OCCURRENCES
COLUMN 17 PEAK WIND IN M.P.H.
PRELIMINARY LOCAL CLIMATOLOGICAL DATA (WS FORM: F-6) , PAGE 2
STATION: MOLOKAI HI
MONTH: MARCH
YEAR: 2024
LATITUDE: 21 8 N
LONGITUDE: 157 6 W
[TEMPERATURE DATA] [PRECIPITATION DATA] SYMBOLS USED IN COLUMN 16
AVERAGE MONTHLY: 73.8 TOTAL FOR MONTH: 0.45 1 = FOG OR MIST
DPTR FM NORMAL: 1.3 DPTR FM NORMAL: -2.57 2 = FOG REDUCING VISIBILITY
HIGHEST: 84 ON 25,12 GRTST 24HR 0.18 ON 6- 6 TO 1/4 MILE OR LESS
LOWEST: 63 ON 13 3 = THUNDER
SNOW, ICE PELLETS, HAIL 4 = ICE PELLETS
TOTAL MONTH: M 5 = HAIL
GRTST 24HR M ON M 6 = FREEZING RAIN OR DRIZZLE
GRTST DEPTH: M ON M 7 = DUSTSTORM OR SANDSTORM:
VSBY 1/2 MILE OR LESS
8 = SMOKE OR HAZE
[NO. OF DAYS WITH] [WEATHER - DAYS WITH] 9 = BLOWING SNOW
X = TORNADO
MAX 32 OR BELOW: 0 0.01 INCH OR MORE: 5
MAX 90 OR ABOVE: 0 0.10 INCH OR MORE: 2
MIN 32 OR BELOW: 0 0.50 INCH OR MORE: 0
MIN 0 OR BELOW: 0 1.00 INCH OR MORE: 0
[HDD (BASE 65) ]
TOTAL THIS MO. 0 CLEAR (SCALE 0-3) 14
DPTR FM NORMAL 0 PTCLDY (SCALE 4-7) 14
TOTAL FM JUL 1 0 CLOUDY (SCALE 8-10) 3
DPTR FM NORMAL 0
[CDD (BASE 65) ]
TOTAL THIS MO. 269
DPTR FM NORMAL 36 [PRESSURE DATA]
TOTAL FM JAN 1 691 HIGHEST SLP 30.29 ON 24
DPTR FM NORMAL 67 LOWEST SLP 29.94 ON 16
[REMARKS]
#FINAL-03-24#