455
CXUS54 KMEG 010640
CF6MKL
PRELIMINARY LOCAL CLIMATOLOGICAL DATA (WS FORM: F-6)
STATION: JACKSON
MONTH: APRIL
YEAR: 2020
LATITUDE: 35 35 N
LONGITUDE: 88 55 W
TEMPERATURE IN F: :PCPN: SNOW: WIND :SUNSHINE: SKY :PK WND
================================================================================
1 2 3 4 5 6A 6B 7 8 9 10 11 12 13 14 15 16 17 18
12Z AVG MX 2MIN
DY MAX MIN AVG DEP HDD CDD WTR SNW DPTH SPD SPD DIR MIN PSBL S-S WX SPD DR
================================================================================
1 64 36 50 -6 15 0 0.00 0.0 0 4.5 16 360 M M 0 1 19 360
2 71 44 58 2 7 0 0.00 0.0 0 3.0 13 100 M M 0 16 110
3 73 47 60 4 5 0 T 0.0 0 2.7 14 330 M M 5 17 330
4 73 50 62 5 3 0 0.00 0.0 0 5.6 15 330 M M 3 18 330
5 75 47 61 4 4 0 0.00 0.0 0 4.8 13 350 M M 1 16 290
6 81 50 66 9 0 1 T 0.0 0 3.8 15 230 M M 3 1 20 270
7 76 62 69 11 0 4 0.01 0.0 0 8.8 17 210 M M 7 18 23 230
8 84 63 74 16 0 9 0.16 0.0 0 7.5 21 360 M M 6 13 26 360
9 67 53 60 2 5 0 0.19 0.0 0 11.3 22 10 M M 1 13 27 10
10 57 36 47 -11 18 0 0.00 0.0 0 8.1 28 20 M M 0 35 20
11 70 34 52 -7 13 0 0.05 0.0 0 6.1 22 200 M M 1 31 190
12 62 54 58 -1 7 0 2.28 0.0 0 6.5 18 100 M M 9 13 28 130
13 60 41 51 -8 14 0 0.37 0.0 0 10.9 26 310 M M 7 1 37 320
14 52 32 42 -18 23 0 0.00 0.0 0 8.6 21 10 M M 4 27 10
15 61 28 45 -15 20 0 0.00 0.0 0 4.3 16 280 M M 0 20 320
16 68 36 52 -8 13 0 0.00 0.0 0 5.1 13 230 M M 0 19 230
17 77 47 62 2 3 0 0.16 0.0 0 13.0 25 230 M M 4 1 37 200
18 62 41 52 -9 13 0 0.00 0.0 0 6.1 21 10 M M 4 25 10
19 56 48 52 -9 13 0 0.23 0.0 0 4.4 16 10 M M 7 1 19 20
20 72 44 58 -3 7 0 0.11 0.0 0 6.4 31 320 M M 1 12 43 330
21 74 46 60 -2 5 0 0.00 0.0 0 7.3 20 340 M M 0 25 330
22 68 44 56 -6 9 0 0.67 0.0 0 5.7 15 100 M M 4 1 23 120
23 66 53 60 -2 5 0 0.60 0.0 0 9.8 16 30 M M 8 13 24 160
24 71 48 60 -2 5 0 0.00 0.0 0 3.7 10 330 M M 4 12 13 310
25 69 54 62 -1 3 0 0.04 0.0 0 13.9 31 290 M M 9 1 43 310
26 67 42 55 -8 10 0 0.00 0.0 0 10.8 26 340 M M 4 34 340
27 72 39 56 -7 9 0 0.00 0.0 0 3.7 12 260 M M 1 16 230
28 77 58 68 4 0 3 T 0.0 0 10.1 22 190 M M 5 30 210
29 71 55 63 -1 2 0 0.28 0.0 0 13.6 25 280 M M 7 1 36 270
30 70 47 59 -5 6 0 0.00 0.0 0 9.4 22 290 M M 3 28 310
================================================================================
SM 2066 1379 237 17 5.15 0.0 219.5 M 108
================================================================================
AV 68.9 46.0 7.3 FASTST M M 4 MAX(MPH)
MISC ----> # 31 320 # 43 330
================================================================================
NOTES:
# LAST OF SEVERAL OCCURRENCES
COLUMN 17 PEAK WIND IN M.P.H.
PRELIMINARY LOCAL CLIMATOLOGICAL DATA (WS FORM: F-6) , PAGE 2
STATION: JACKSON
MONTH: APRIL
YEAR: 2020
LATITUDE: 35 35 N
LONGITUDE: 88 55 W
[TEMPERATURE DATA] [PRECIPITATION DATA] SYMBOLS USED IN COLUMN 16
AVERAGE MONTHLY: 57.4 TOTAL FOR MONTH: 5.15 1 = FOG OR MIST
DPTR FM NORMAL: -2.6 DPTR FM NORMAL: 0.29 2 = FOG REDUCING VISIBILITY
HIGHEST: 84 ON 8 GRTST 24HR 2.28 ON 12-12 TO 1/4 MILE OR LESS
LOWEST: 28 ON 15 3 = THUNDER
SNOW, ICE PELLETS, HAIL 4 = ICE PELLETS
TOTAL MONTH: 0.0 INCH 5 = HAIL
GRTST 24HR 0.0 6 = FREEZING RAIN OR DRIZZLE
GRTST DEPTH: 0 7 = DUSTSTORM OR SANDSTORM:
VSBY 1/2 MILE OR LESS
8 = SMOKE OR HAZE
[NO. OF DAYS WITH] [WEATHER - DAYS WITH] 9 = BLOWING SNOW
X = TORNADO
MAX 32 OR BELOW: 0 0.01 INCH OR MORE: 13
MAX 90 OR ABOVE: 0 0.10 INCH OR MORE: 10
MIN 32 OR BELOW: 2 0.50 INCH OR MORE: 3
MIN 0 OR BELOW: 0 1.00 INCH OR MORE: 1
[HDD (BASE 65) ]
TOTAL THIS MO. 237 CLEAR (SCALE 0-3) 14
DPTR FM NORMAL 39 PTCLDY (SCALE 4-7) 13
TOTAL FM JUL 1 3203 CLOUDY (SCALE 8-10) 3
DPTR FM NORMAL -323
[CDD (BASE 65) ]
TOTAL THIS MO. 17
DPTR FM NORMAL -31 [PRESSURE DATA]
TOTAL FM JAN 1 45 HIGHEST SLP M ON M
DPTR FM NORMAL -14 LOWEST SLP 29.37 ON 12
[REMARKS]
#FINAL-04-20#