000
CXUS54 KFWD 180731
CF6MKN
PRELIMINARY LOCAL CLIMATOLOGICAL DATA (WS FORM: F-6)
STATION: COMANCHE
MONTH: APRIL
YEAR: 2024
LATITUDE: 31 55 N
LONGITUDE: 98 36 W
TEMPERATURE IN F: :PCPN: SNOW: WIND :SUNSHINE: SKY :PK WND
================================================================================
1 2 3 4 5 6A 6B 7 8 9 10 11 12 13 14 15 16 17 18
12Z AVG MX 2MIN
DY MAX MIN AVG DEP HDD CDD WTR SNW DPTH SPD SPD DIR MIN PSBL S-S WX SPD DR
================================================================================
1 80 61 71 M 0 6 0.33 M M 11.7 21 180 M M 5 30 280
2 61 49 55 M 10 0 0.00 M M 11.6 20 340 M M 4 28 350
3 75 48 62 M 3 0 0.00 M M 8.9 17 320 M M 0 23 320
4 88 46 67 M 0 2 0.00 M M 3.7 10 180 M M 0 M M
5 85 58 72 M 0 7 0.00 M M 13.3 22 160 M M 0 8 28 220
6 80 55 68 M 0 3 0.00 M M 14.5 21 180 M M 3 29 180
7 79 52 66 M 0 1 0.00 M M 8.0 16 340 M M 0 18 290
8 84 50 67 M 0 2 0.00 M M 7.6 15 190 M M 3 18 20 200
9 67 57 62 M 3 0 0.06 M M 6.5 16 90 M M 10 12 21 90
10 65 51 58 M 7 0 0.00 M M 11.1 21 330 M M 7 28 290
11 77 52 65 M 0 0 0.00 M M 6.3 13 350 M M 0 21 350
12 84 48 66 M 0 1 0.00 M M 10.6 17 200 M M 0 24 190
13 85 53 69 M 0 4 0.00 M M 12.6 24 190 M M 0 8 30 190
14 90 63 77 M 0 12 0.00 M M 10.9 14 150 M M 1 21 210
15 84 68 76 M 0 11 0.00 M M 12.9 21 140 M M 6 29 140
16 91 64 78 M 0 13 0.01 M M 6.5 15 180 M M 3 1 20 180
17 84 66 75 M 0 10 0.00 M M 6.8 20 160 M M 2 1 24 160
================================================================================
SM 1359 941 23 72 0.40 M 163.4 M 44
================================================================================
AV 79.9 55.4 9.6 FASTST M M 3 MAX(MPH)
MISC ----> 24 190 # 30 280
================================================================================
NOTES:
# LAST OF SEVERAL OCCURRENCES
COLUMN 17 PEAK WIND IN M.P.H.
PRELIMINARY LOCAL CLIMATOLOGICAL DATA (WS FORM: F-6) , PAGE 2
STATION: COMANCHE
MONTH: APRIL
YEAR: 2024
LATITUDE: 31 55 N
LONGITUDE: 98 36 W
[TEMPERATURE DATA] [PRECIPITATION DATA] SYMBOLS USED IN COLUMN 16
AVERAGE MONTHLY: 67.6 TOTAL FOR MONTH: 0.40 1 = FOG OR MIST
DPTR FM NORMAL: 0.0 DPTR FM NORMAL: -0.86 2 = FOG REDUCING VISIBILITY
HIGHEST: 91 ON 16 GRTST 24HR 0.33 ON 1- 1 TO 1/4 MILE OR LESS
LOWEST: 46 ON 4 3 = THUNDER
SNOW, ICE PELLETS, HAIL 4 = ICE PELLETS
TOTAL MONTH: M 5 = HAIL
GRTST 24HR M ON M 6 = FREEZING RAIN OR DRIZZLE
GRTST DEPTH: M ON M 7 = DUSTSTORM OR SANDSTORM:
VSBY 1/2 MILE OR LESS
8 = SMOKE OR HAZE
[NO. OF DAYS WITH] [WEATHER - DAYS WITH] 9 = BLOWING SNOW
X = TORNADO
MAX 32 OR BELOW: 0 0.01 INCH OR MORE: 3
MAX 90 OR ABOVE: 2 0.10 INCH OR MORE: 1
MIN 32 OR BELOW: 0 0.50 INCH OR MORE: 0
MIN 0 OR BELOW: 0 1.00 INCH OR MORE: 0
[HDD (BASE 65) ]
TOTAL THIS MO. 23 CLEAR (SCALE 0-3) 10
DPTR FM NORMAL M PTCLDY (SCALE 4-7) 6
TOTAL FM JUL 1 669 CLOUDY (SCALE 8-10) 1
DPTR FM NORMAL M
[CDD (BASE 65) ]
TOTAL THIS MO. 72
DPTR FM NORMAL M [PRESSURE DATA]
TOTAL FM JAN 1 168 HIGHEST SLP M ON M
DPTR FM NORMAL M LOWEST SLP M ON M
[REMARKS]