000
CXUS54 KTSA 010850
CF6MKO
PRELIMINARY LOCAL CLIMATOLOGICAL DATA (WS FORM: F-6)
STATION: MUSKOGEE OKLAHOMA
MONTH: JUNE
YEAR: 2023
LATITUDE: 35 40 N
LONGITUDE: 95 22 W
TEMPERATURE IN F: :PCPN: SNOW: WIND :SUNSHINE: SKY :PK WND
================================================================================
1 2 3 4 5 6A 6B 7 8 9 10 11 12 13 14 15 16 17 18
12Z AVG MX 2MIN
DY MAX MIN AVG DEP HDD CDD WTR SNW DPTH SPD SPD DIR MIN PSBL S-S WX SPD DR
================================================================================
1 88 65 77 3 0 12 0.00 0.0 M 6.2 13 100 M M 1 17 90
2 89 68 79 5 0 14 0.00 0.0 M 5.8 14 120 M M 0 18 150
3 87 65 76 2 0 11 0.10 0.0 M 5.3 22 70 M M 3 13 30 80
4 88 66 77 3 0 12 0.00 0.0 M 4.3 15 50 M M 2 18 21 40
5 93 63 78 3 0 13 0.16 0.0 M 3.1 26 120 M M 1 138 40 120
6 90 63 77 2 0 12 0.00 0.0 M 3.5 12 110 M M 0 13 14 100
7 91 64 78 3 0 13 0.00 0.0 M 2.7 12 330 M M 0 18 16 320
8 93 65 79 4 0 14 0.00 0.0 M 3.0 12 240 M M 1 1 15 250
9 91 68 80 4 0 15 T 0.0 M 5.7 24 60 M M 1 13 33 50
10 80 67 74 -2 0 9 0.29 0.0 M 6.4 24 300 M M 2 13 37 300
11 89 66 78 2 0 13 0.00 0.0 M 10.4 23 340 M M 2 18 30 350
12 75 62 69 -7 0 4 0.02 0.0 M 4.6 13 230 M M 1 18 17 220
13 85 62 74 -3 0 9 0.00 0.0 M 3.2 10 140 M M 5 12 16 140
14 89 69 79 2 0 14 T 0.0 M 4.3 20 10 M M 5 1 27 10
15 90 65 78 1 0 13 T 0.0 M 3.9 35 260 M M 0 18 45 260
16 86 63 75 -2 0 10 0.26 0.0 M 4.4 10 340 M M 3 138 17 340
17 88 63 76 -2 0 11 0.00 0.0 M 5.3 12 120 M M 2 20 150
18 M M M M M M 0.00 0.0 M M M M M M 0 3 M M
19 M M M M M M 0.00 0.0 M M M M M M 0 M M
20 M M M M M M 0.00 0.0 M M M M M M 0 M M
21 M M M M M M 0.00 0.0 M M M M M M 0 3 M M
22 M M M M M M 0.00 0.0 M M M M M M 0 M M
23 M M M M M M 0.00 0.0 M M M M M M 0 3 M M
24 M M M M M M 0.00 0.0 M M M M M M 0 3 M M
25 M M M M M M 0.00 0.0 M M M M M M 0 M M
26 M M M M M M 0.00 0.0 M M M M M M 0 M M
27 88 66 77 -3 0 12 0.83 0.0 M 9.4 30 50 M M 1 123 47 280
28 M M M M M M M 0.0 M M M M M M 0 M M
29 98 78 88 8 0 23 0.00 0.0 M 7.6 14 220 M M 0 21 230
30 96 75 86 6 0 21 0.00 0.0 M 6.9 15 210 M M 0 21 190
================================================================================
SM 1774 1323 0 255 1.66 0.0 106.0 M 30
================================================================================
AV 88.7 66.2 5.3 FASTST M M 1 MAX(MPH)
MISC ----> 35 260 47 280
================================================================================
NOTES:
# LAST OF SEVERAL OCCURRENCES
COLUMN 17 PEAK WIND IN M.P.H.
PRELIMINARY LOCAL CLIMATOLOGICAL DATA (WS FORM: F-6) , PAGE 2
STATION: MUSKOGEE OKLAHOMA
MONTH: JUNE
YEAR: 2023
LATITUDE: 35 40 N
LONGITUDE: 95 22 W
[TEMPERATURE DATA] [PRECIPITATION DATA] SYMBOLS USED IN COLUMN 16
AVERAGE MONTHLY: 77.4 TOTAL FOR MONTH: 1.66 1 = FOG OR MIST
DPTR FM NORMAL: 0.3 DPTR FM NORMAL: -2.76 2 = FOG REDUCING VISIBILITY
HIGHEST: 98 ON 29 GRTST 24HR 0.83 ON 27-27 TO 1/4 MILE OR LESS
LOWEST: 62 ON 13,12 3 = THUNDER
SNOW, ICE PELLETS, HAIL 4 = ICE PELLETS
TOTAL MONTH: 0.0 INCH 5 = HAIL
GRTST 24HR 0.0 6 = FREEZING RAIN OR DRIZZLE
GRTST DEPTH: M ON M 7 = DUSTSTORM OR SANDSTORM:
VSBY 1/2 MILE OR LESS
8 = SMOKE OR HAZE
[NO. OF DAYS WITH] [WEATHER - DAYS WITH] 9 = BLOWING SNOW
X = TORNADO
MAX 32 OR BELOW: 0 0.01 INCH OR MORE: 6
MAX 90 OR ABOVE: 8 0.10 INCH OR MORE: 5
MIN 32 OR BELOW: 0 0.50 INCH OR MORE: 1
MIN 0 OR BELOW: 0 1.00 INCH OR MORE: 0
[HDD (BASE 65) ]
TOTAL THIS MO. 0 CLEAR (SCALE 0-3) 27
DPTR FM NORMAL -1 PTCLDY (SCALE 4-7) 3
TOTAL FM JUL 1 3126 CLOUDY (SCALE 8-10) 0
DPTR FM NORMAL -285
[CDD (BASE 65) ]
TOTAL THIS MO. 255
DPTR FM NORMAL -107 [PRESSURE DATA]
TOTAL FM JAN 1 488 HIGHEST SLP 29.98 ON 30
DPTR FM NORMAL -87 LOWEST SLP 29.86 ON 30
[REMARKS]
#FINAL-06-23#