000
CXUS54 KTSA 010950
CF6MKO
PRELIMINARY LOCAL CLIMATOLOGICAL DATA (WS FORM: F-6)
STATION: MUSKOGEE OKLAHOMA
MONTH: DECEMBER
YEAR: 2022
LATITUDE: 35 40 N
LONGITUDE: 95 22 W
TEMPERATURE IN F: :PCPN: SNOW: WIND :SUNSHINE: SKY :PK WND
================================================================================
1 2 3 4 5 6A 6B 7 8 9 10 11 12 13 14 15 16 17 18
12Z AVG MX 2MIN
DY MAX MIN AVG DEP HDD CDD WTR SNW DPTH SPD SPD DIR MIN PSBL S-S WX SPD DR
================================================================================
1 54 27 41 -4 24 0 0.00 0.0 M 10.7 22 150 M M 4 31 170
2 60 49 55 10 10 0 0.00 0.0 M 13.3 24 340 M M 10 35 330
3 59 32 46 2 19 0 0.00 0.0 M 11.3 30 350 M M 2 43 350
4 45 32 39 -5 26 0 0.03 0.0 M 6.7 13 140 M M 6 18 160
5 55 38 47 3 18 0 0.00 0.0 M 6.8 14 160 M M 9 1 19 150
6 57 47 52 9 13 0 0.00 0.0 M 6.5 14 280 M M 10 1 17 270
7 51 47 49 6 16 0 0.22 0.0 M 3.9 12 340 M M 10 18 15 330
8 68 50 59 16 6 0 1.14 0.0 M 4.0 15 340 M M 9 12 19 330
9 56 43 50 7 15 0 T 0.0 M 5.0 16 340 M M 4 12 21 330
10 54 47 51 9 14 0 0.61 0.0 M 9.5 17 340 M M 10 13 24 340
11 52 46 49 7 16 0 0.00 0.0 M 6.7 12 30 M M 10 1 15 150
12 54 48 51 9 14 0 0.09 0.0 M 13.8 25 140 M M 10 1 34 130
13 59 44 52 10 13 0 0.61 0.0 M 11.3 23 140 M M 6 13 33 140
14 49 35 42 1 23 0 0.00 0.0 M 8.5 18 290 M M 1 26 280
15 46 30 38 -3 27 0 0.00 0.0 M 10.8 23 290 M M 0 31 300
16 46 29 38 -3 27 0 0.00 0.0 M 10.0 23 300 M M 3 32 260
17 44 25 35 -6 30 0 0.00 0.0 M 8.6 18 320 M M 0 26 330
18 53 21 37 -4 28 0 0.00 0.0 M 5.6 10 110 M M 0 14 160
19 50 40 45 5 20 0 T 0.0 M 11.1 21 140 M M 8 29 130
20 48 30 39 -1 26 0 0.00 0.0 M 8.7 17 340 M M 5 1 22 340
21 48 29 39 -1 26 0 0.00 0.0 M 5.5 13 140 M M 4 18 18 130
22 40 1 21 -19 44 0 T M M 17.5 35 360 M M 8 128 50 10
23 17 2 10 -30 55 0 0.00 0.0 M 11.3 21 320 M M 0 29 320
24 28 9 19 -21 46 0 0.00 0.0 M 3.4 12 330 M M 0 15 330
25 41 15 28 -12 37 0 0.00 0.0 M 4.8 13 200 M M 1 17 210
26 41 18 30 -9 35 0 0.01 M M 12.0 30 340 M M 7 39 340
27 44 14 29 -10 36 0 0.00 0.0 M 8.5 16 140 M M 0 24 150
28 64 34 49 10 16 0 0.00 0.0 M 16.1 30 170 M M 0 47 180
29 70 53 62 23 3 0 0.00 0.0 M 13.5 25 200 M M 1 37 200
30 59 39 49 10 16 0 0.00 0.0 M 6.1 15 350 M M 0 20 360
31 67 36 52 13 13 0 0.00 0.0 M 8.6 21 170 M M 2 31 170
================================================================================
SM 1579 1010 712 0 2.71 0.0 280.1 M 140
================================================================================
AV 50.9 32.6 9.0 FASTST M M 5 MAX(MPH)
MISC ----> 35 360 50 10
================================================================================
NOTES:
# LAST OF SEVERAL OCCURRENCES
COLUMN 17 PEAK WIND IN M.P.H.
PRELIMINARY LOCAL CLIMATOLOGICAL DATA (WS FORM: F-6) , PAGE 2
STATION: MUSKOGEE OKLAHOMA
MONTH: DECEMBER
YEAR: 2022
LATITUDE: 35 40 N
LONGITUDE: 95 22 W
[TEMPERATURE DATA] [PRECIPITATION DATA] SYMBOLS USED IN COLUMN 16
AVERAGE MONTHLY: 41.8 TOTAL FOR MONTH: 2.71 1 = FOG OR MIST
DPTR FM NORMAL: 0.5 DPTR FM NORMAL: -0.15 2 = FOG REDUCING VISIBILITY
HIGHEST: 70 ON 29 GRTST 24HR 1.36 ON 7- 8 TO 1/4 MILE OR LESS
LOWEST: 1 ON 22 3 = THUNDER
SNOW, ICE PELLETS, HAIL 4 = ICE PELLETS
TOTAL MONTH: 0.0 INCH 5 = HAIL
GRTST 24HR 0.0 6 = FREEZING RAIN OR DRIZZLE
GRTST DEPTH: M ON M 7 = DUSTSTORM OR SANDSTORM:
VSBY 1/2 MILE OR LESS
8 = SMOKE OR HAZE
[NO. OF DAYS WITH] [WEATHER - DAYS WITH] 9 = BLOWING SNOW
X = TORNADO
MAX 32 OR BELOW: 2 0.01 INCH OR MORE: 7
MAX 90 OR ABOVE: 0 0.10 INCH OR MORE: 4
MIN 32 OR BELOW: 15 0.50 INCH OR MORE: 3
MIN 0 OR BELOW: 0 1.00 INCH OR MORE: 1
[HDD (BASE 65) ]
TOTAL THIS MO. 712 CLEAR (SCALE 0-3) 14
DPTR FM NORMAL -23 PTCLDY (SCALE 4-7) 9
TOTAL FM JUL 1 1325 CLOUDY (SCALE 8-10) 8
DPTR FM NORMAL -30
[CDD (BASE 65) ]
TOTAL THIS MO. 0
DPTR FM NORMAL -1 [PRESSURE DATA]
TOTAL FM JAN 1 2345 HIGHEST SLP 30.78 ON 23
DPTR FM NORMAL 426 LOWEST SLP 29.61 ON 13
[REMARKS]
#FINAL-12-22#