000
CXUS54 KTSA 010950
CF6MKO
PRELIMINARY LOCAL CLIMATOLOGICAL DATA (WS FORM: F-6)
STATION: MUSKOGEE OKLAHOMA
MONTH: FEBRUARY
YEAR: 2022
LATITUDE: 35 40 N
LONGITUDE: 95 22 W
TEMPERATURE IN F: :PCPN: SNOW: WIND :SUNSHINE: SKY :PK WND
================================================================================
1 2 3 4 5 6A 6B 7 8 9 10 11 12 13 14 15 16 17 18
12Z AVG MX 2MIN
DY MAX MIN AVG DEP HDD CDD WTR SNW DPTH SPD SPD DIR MIN PSBL S-S WX SPD DR
================================================================================
1 64 44 54 14 11 0 T M M 8.6 20 340 M M 9 25 150
2 44 20 32 -8 33 0 0.31 M M 18.0 25 30 M M 10 16 33 350
3 21 17 19 -21 46 0 0.04 M M 17.1 26 10 M M 10 18 36 20
4 31 15 23 -18 42 0 0.01 M M 8.2 17 350 M M 3 1 23 350
5 46 11 29 -12 36 0 0.00 0.0 M 7.6 15 150 M M 0 20 150
6 52 25 39 -2 26 0 0.00 0.0 M 6.9 15 150 M M 0 20 150
7 54 25 40 -1 25 0 0.00 0.0 M 6.3 10 230 M M 0 16 310
8 66 36 51 9 14 0 0.00 0.0 M 10.8 20 220 M M 0 29 220
9 68 31 50 8 15 0 0.00 0.0 M 5.7 21 280 M M 0 29 280
10 63 30 47 5 18 0 0.00 0.0 M 4.8 12 280 M M 0 16 340
11 69 35 52 10 13 0 0.00 0.0 M 11.8 25 10 M M 1 37 360
12 47 21 34 -8 31 0 0.00 0.0 M 12.8 29 20 M M 1 39 20
13 53 19 36 -7 29 0 0.00 0.0 M 7.6 20 360 M M 0 26 10
14 71 28 50 7 15 0 0.00 0.0 M 7.9 17 220 M M 0 24 190
15 67 41 54 11 11 0 0.00 0.0 M 13.0 25 180 M M 0 8 39 150
16 68 58 63 20 2 0 T 0.0 M 15.8 28 180 M M 8 43 160
17 63 21 42 -2 23 0 0.43 0.0 M 17.8 35 360 M M 9 13 46 330
18 48 14 31 -13 34 0 0.00 0.0 M 4.3 12 200 M M 0 17 130
19 61 25 43 -1 22 0 0.00 0.0 M 5.0 9 160 M M 0 12 150
20 69 37 53 9 12 0 0.00 0.0 M 12.3 29 190 M M 0 41 200
21 70 49 60 15 5 0 0.07 M M 13.2 25 200 M M 5 1 37 220
22 62 22 42 -3 23 0 0.15 M M 15.6 28 360 M M 6 138 35 10
23 22 16 19 -26 46 0 0.39 M M 14.0 23 350 M M 8 1236 32 360
24 26 18 22 -24 43 0 0.05 M M 9.9 20 350 M M 10 136 25 350
25 32 17 25 -21 40 0 0.00 0.0 M 9.6 17 30 M M 1 23 350
26 44 24 34 -12 31 0 0.00 0.0 M 3.9 10 110 M M 4 14 190
27 54 21 38 -9 27 0 0.00 0.0 M 3.6 13 310 M M 0 18 17 20
28 67 25 46 -1 19 0 0.00 0.0 M 7.2 14 230 M M 0 20 220
================================================================================
SM 1502 745 692 0 1.45 0.0 279.3 M 85
================================================================================
AV 53.6 26.6 10.0 FASTST M M 3 MAX(MPH)
MISC ----> 35 360 46 330
================================================================================
NOTES:
# LAST OF SEVERAL OCCURRENCES
COLUMN 17 PEAK WIND IN M.P.H.
PRELIMINARY LOCAL CLIMATOLOGICAL DATA (WS FORM: F-6) , PAGE 2
STATION: MUSKOGEE OKLAHOMA
MONTH: FEBRUARY
YEAR: 2022
LATITUDE: 35 40 N
LONGITUDE: 95 22 W
[TEMPERATURE DATA] [PRECIPITATION DATA] SYMBOLS USED IN COLUMN 16
AVERAGE MONTHLY: 40.1 TOTAL FOR MONTH: 1.45 1 = FOG OR MIST
DPTR FM NORMAL: -3.1 DPTR FM NORMAL: -0.72 2 = FOG REDUCING VISIBILITY
HIGHEST: 71 ON 14 GRTST 24HR 0.43 ON 17-17 TO 1/4 MILE OR LESS
LOWEST: 11 ON 5 3 = THUNDER
SNOW, ICE PELLETS, HAIL 4 = ICE PELLETS
TOTAL MONTH: 0.0 INCH 5 = HAIL
GRTST 24HR 0.0 6 = FREEZING RAIN OR DRIZZLE
GRTST DEPTH: M ON M 7 = DUSTSTORM OR SANDSTORM:
VSBY 1/2 MILE OR LESS
8 = SMOKE OR HAZE
[NO. OF DAYS WITH] [WEATHER - DAYS WITH] 9 = BLOWING SNOW
X = TORNADO
MAX 32 OR BELOW: 5 0.01 INCH OR MORE: 8
MAX 90 OR ABOVE: 0 0.10 INCH OR MORE: 4
MIN 32 OR BELOW: 21 0.50 INCH OR MORE: 0
MIN 0 OR BELOW: 0 1.00 INCH OR MORE: 0
[HDD (BASE 65) ]
TOTAL THIS MO. 692 CLEAR (SCALE 0-3) 17
DPTR FM NORMAL 80 PTCLDY (SCALE 4-7) 5
TOTAL FM JUL 1 2427 CLOUDY (SCALE 8-10) 6
DPTR FM NORMAL -350
[CDD (BASE 65) ]
TOTAL THIS MO. 0
DPTR FM NORMAL -2 [PRESSURE DATA]
TOTAL FM JAN 1 0 HIGHEST SLP 30.66 ON 25
DPTR FM NORMAL 0 LOWEST SLP 29.62 ON 22
[REMARKS]
#FINAL-02-22#