000
CXUS53 KDVN 011000
CF6MLI
PRELIMINARY LOCAL CLIMATOLOGICAL DATA (WS FORM: F-6)
STATION: MOLINE IL
MONTH: MARCH
YEAR: 2022
LATITUDE: 41 27 N
LONGITUDE: 90 31 W
TEMPERATURE IN F: :PCPN: SNOW: WIND :SUNSHINE: SKY :PK WND
================================================================================
1 2 3 4 5 6A 6B 7 8 9 10 11 12 13 14 15 16 17 18
12Z AVG MX 2MIN
DY MAX MIN AVG DEP HDD CDD WTR SNW DPTH SPD SPD DIR MIN PSBL S-S WX SPD DR
================================================================================
1 63 32 48 15 17 0 0.00 0.0 0 3.3 12 260 M M 3 16 250
2 66 29 48 14 17 0 0.00 0.0 0 4.6 16 30 M M 2 22 30
3 38 25 32 -2 33 0 T T 0 8.9 14 60 M M 5 20 30
4 47 25 36 1 29 0 0.00 0.0 0 12.5 24 100 M M 0 31 100
5 70 37 54 19 11 0 0.43 0.0 0 12.4 45 260 M M 5 13 64 260
6 48 32 40 4 25 0 0.03 0.3 0 15.4 37 250 M M 6 1 50 260
7 34 21 28 -8 37 0 0.16 1.2 1 11.4 23 310 M M 8 16 32 300
8 39 17 28 -8 37 0 0.00 0.0 T 5.2 16 220 M M 0 20 250
9 38 26 32 -5 33 0 0.00 0.0 0 9.9 20 310 M M 2 27 320
10 26 20 23 -14 42 0 0.09 1.4 0 7.0 16 320 M M 9 18 23 330
11 29 13 21 -17 44 0 0.00 0.0 1 15.6 30 310 M M 2 43 270
12 26 9 18 -20 47 0 0.00 0.0 T 13.4 24 310 M M 0 32 300
13 58 23 41 2 24 0 0.00 0.0 T 8.6 20 270 M M 2 23 280
14 63 31 47 8 18 0 0.00 0.0 0 7.1 20 240 M M 1 28 190
15 63 33 48 8 17 0 0.00 0.0 0 3.6 10 350 M M 3 14 350
16 72 31 52 12 13 0 0.00 0.0 0 6.3 22 220 M M 2 18 31 200
17 69 41 55 15 10 0 0.00 0.0 0 6.9 18 20 M M 2 18 28 20
18 50 38 44 3 21 0 0.88 0.0 0 13.7 25 50 M M 10 13 35 60
19 54 33 44 3 21 0 0.04 0.0 0 10.9 22 310 M M 6 32 310
20 69 28 49 7 16 0 0.00 0.0 0 3.9 12 270 M M 0 16 210
21 77 51 64 22 1 0 0.00 0.0 0 10.9 23 230 M M 0 33 180
22 59 50 55 13 10 0 0.74 0.0 0 12.9 24 220 M M 10 18 34 220
23 52 40 46 3 19 0 0.42 0.0 0 8.1 17 330 M M 10 1 22 300
24 44 38 41 -2 24 0 0.02 0.0 0 9.3 16 310 M M 10 1 20 300
25 52 34 43 -1 22 0 T T 0 19.5 40 300 M M 8 60 300
26 39 28 34 -10 31 0 0.00 0.0 0 18.6 31 310 M M 1 41 310
27 40 24 32 -12 33 0 0.00 0.0 0 8.9 16 300 M M 0 24 310
28 43 24 34 -11 31 0 0.00 0.0 0 8.1 15 100 M M 2 19 110
29 45 32 39 -6 26 0 T 0.0 0 19.3 31 120 M M 9 41 120
30 57 39 48 3 17 0 0.38 0.0 0 13.6 25 160 M M 9 1 34 160
31 39 33 36 -10 29 0 0.26 0.8 T 12.9 22 300 M M 10 1 29 310
================================================================================
SM 1569 937 755 0 3.45 3.7 322.7 M 137
================================================================================
AV 50.6 30.2 10.4 FASTST M M 4 MAX(MPH)
MISC ----> 45 260 64 260
================================================================================
NOTES:
# LAST OF SEVERAL OCCURRENCES
COLUMN 17 PEAK WIND IN M.P.H.
PRELIMINARY LOCAL CLIMATOLOGICAL DATA (WS FORM: F-6) , PAGE 2
STATION: MOLINE IL
MONTH: MARCH
YEAR: 2022
LATITUDE: 41 27 N
LONGITUDE: 90 31 W
[TEMPERATURE DATA] [PRECIPITATION DATA] SYMBOLS USED IN COLUMN 16
AVERAGE MONTHLY: 40.4 TOTAL FOR MONTH: 3.45 1 = FOG OR MIST
DPTR FM NORMAL: 0.7 DPTR FM NORMAL: 0.83 2 = FOG REDUCING VISIBILITY
HIGHEST: 77 ON 21 GRTST 24HR 0.92 ON 18-19 TO 1/4 MILE OR LESS
LOWEST: 9 ON 12 3 = THUNDER
SNOW, ICE PELLETS, HAIL 4 = ICE PELLETS
TOTAL MONTH: 3.7 INCHES 5 = HAIL
GRTST 24HR 1.4 ON 10-10 6 = FREEZING RAIN OR DRIZZLE
GRTST DEPTH: 1 ON 7,11 7 = DUSTSTORM OR SANDSTORM:
VSBY 1/2 MILE OR LESS
8 = SMOKE OR HAZE
[NO. OF DAYS WITH] [WEATHER - DAYS WITH] 9 = BLOWING SNOW
X = TORNADO
MAX 32 OR BELOW: 3 0.01 INCH OR MORE: 11
MAX 90 OR ABOVE: 0 0.10 INCH OR MORE: 7
MIN 32 OR BELOW: 19 0.50 INCH OR MORE: 2
MIN 0 OR BELOW: 0 1.00 INCH OR MORE: 0
[HDD (BASE 65) ]
TOTAL THIS MO. 755 CLEAR (SCALE 0-3) 17
DPTR FM NORMAL -30 PTCLDY (SCALE 4-7) 5
TOTAL FM JUL 1 5115 CLOUDY (SCALE 8-10) 9
DPTR FM NORMAL -322
[CDD (BASE 65) ]
TOTAL THIS MO. 0
DPTR FM NORMAL -2 [PRESSURE DATA]
TOTAL FM JAN 1 0 HIGHEST SLP 30.46 ON 3
DPTR FM NORMAL -2 LOWEST SLP 29.26 ON 31
[REMARKS]
#FINAL-03-22#