117
CXUS51 KCAR 010700
CF6MLT
PRELIMINARY LOCAL CLIMATOLOGICAL DATA (WS FORM: F-6)
STATION: MILLINOCKET ME
MONTH: OCTOBER
YEAR: 2020
LATITUDE: 45 39 N
LONGITUDE: 68 41 W
TEMPERATURE IN F: :PCPN: SNOW: WIND :SUNSHINE: SKY :PK WND
================================================================================
1 2 3 4 5 6A 6B 7 8 9 10 11 12 13 14 15 16 17 18
12Z AVG MX 2MIN
DY MAX MIN AVG DEP HDD CDD WTR SNW DPTH SPD SPD DIR MIN PSBL S-S WX SPD DR
================================================================================
1 71 47 59 8 6 0 0.00 M M 3.9 14 180 M M 1 22 180
2 55 45 50 0 15 0 0.83 M M 1.8 10 330 M M 8 12 14 320
3 59 37 48 -2 17 0 0.00 M M 3.0 13 310 M M 4 8 18 290
4 52 36 44 -6 21 0 0.02 M M 2.0 8 70 M M 6 12 50
5 63 33 48 -1 17 0 0.00 M M 0.9 8 190 M M 4 15 190
6 62 45 54 5 11 0 0.00 M M 3.1 10 180 M M 9 1 18 170
7 64 52 58 10 7 0 0.33 M M 4.6 12 180 M M 9 1 17 210
8 53 39 46 -2 19 0 T M M 16.4 29 310 M M 5 41 290
9 55 34 45 -3 20 0 0.00 M M 7.9 24 310 M M 3 34 320
10 72 46 59 12 6 0 0.45 M M 4.9 17 280 M M 5 13 31 270
11 53 28 41 -6 24 0 T M M 6.6 18 310 M M 5 25 300
12 53 25 39 -8 26 0 0.00 M M 0.7 7 170 M M 0 9 40
13 51 25 38 -8 27 0 1.73 M M 3.2 14 70 M M 7 12 18 60
14 61 43 52 6 13 0 0.52 M M 8.3 22 310 M M 5 1 30 320
15 67 35 51 5 14 0 0.00 M M 5.0 15 170 M M 1 26 160
16 67 50 59 14 6 0 0.80 M M 5.4 13 300 M M 10 1 20 180
17 50 30 40 -5 25 0 1.35 M M 7.8 25 290 M M 8 1 39 300
18 56 28 42 -3 23 0 0.00 M M 1.3 10 160 M M 1 12 16 160
19 57 31 44 0 21 0 0.06 M M 2.7 9 160 M M 3 1 16 220
20 55 46 51 7 14 0 0.09 M M 3.8 13 300 M M 10 1 20 280
21 50 40 45 1 20 0 0.00 M M 4.2 12 50 M M 10 1 17 50
22 55 45 50 7 15 0 0.00 M M 3.8 15 300 M M 6 1 21 280
23 57 46 52 9 13 0 0.02 M M 3.3 10 160 M M 10 1 18 160
24 56 38 47 4 18 0 0.01 M M 7.6 24 310 M M 8 1 30 300
25 43 26 35 -7 30 0 0.00 M M 5.5 14 330 M M 6 19 340
26 41 25 33 -9 32 0 0.24 M M 1.6 7 80 M M 9 1 9 70
27 43 30 37 -5 28 0 0.03 M M 7.7 21 310 M M 7 1 28 320
28 34 27 31 -11 34 0 T M M 2.5 7 180 M M 7 12 150
29 44 30 37 -4 28 0 T M M 4.5 16 10 M M 6 23 20
30 35 24 30 -11 35 0 0.00 M M 7.9 15 30 M M 0 24 10
31 43 19 31 -9 34 0 0.00 M M 3.7 13 290 M M 0 20 270
================================================================================
SM 1677 1105 619 0 6.48 M 145.6 M 173
================================================================================
AV 54.1 35.6 4.7 FASTST M M 6 MAX(MPH)
MISC ----> 29 310 41 290
================================================================================
NOTES:
# LAST OF SEVERAL OCCURRENCES
COLUMN 17 PEAK WIND IN M.P.H.
PRELIMINARY LOCAL CLIMATOLOGICAL DATA (WS FORM: F-6) , PAGE 2
STATION: MILLINOCKET ME
MONTH: OCTOBER
YEAR: 2020
LATITUDE: 45 39 N
LONGITUDE: 68 41 W
[TEMPERATURE DATA] [PRECIPITATION DATA] SYMBOLS USED IN COLUMN 16
AVERAGE MONTHLY: 44.9 TOTAL FOR MONTH: 6.48 1 = FOG OR MIST
DPTR FM NORMAL: -0.5 DPTR FM NORMAL: 2.41 2 = FOG REDUCING VISIBILITY
HIGHEST: 72 ON 10 GRTST 24HR 2.25 ON 13-14 TO 1/4 MILE OR LESS
LOWEST: 19 ON 31 3 = THUNDER
SNOW, ICE PELLETS, HAIL 4 = ICE PELLETS
TOTAL MONTH: M 5 = HAIL
GRTST 24HR M ON M 6 = FREEZING RAIN OR DRIZZLE
GRTST DEPTH: M ON M 7 = DUSTSTORM OR SANDSTORM:
VSBY 1/2 MILE OR LESS
8 = SMOKE OR HAZE
[NO. OF DAYS WITH] [WEATHER - DAYS WITH] 9 = BLOWING SNOW
X = TORNADO
MAX 32 OR BELOW: 0 0.01 INCH OR MORE: 14
MAX 90 OR ABOVE: 0 0.10 INCH OR MORE: 8
MIN 32 OR BELOW: 13 0.50 INCH OR MORE: 5
MIN 0 OR BELOW: 0 1.00 INCH OR MORE: 2
[HDD (BASE 65) ]
TOTAL THIS MO. 619 CLEAR (SCALE 0-3) 8
DPTR FM NORMAL 13 PTCLDY (SCALE 4-7) 15
TOTAL FM JUL 1 896 CLOUDY (SCALE 8-10) 8
DPTR FM NORMAL -39
[CDD (BASE 65) ]
TOTAL THIS MO. 0
DPTR FM NORMAL 0 [PRESSURE DATA]
TOTAL FM JAN 1 527 HIGHEST SLP 30.59 ON 18
DPTR FM NORMAL 259 LOWEST SLP 29.25 ON 7
[REMARKS]
#FINAL-10-20#