000
CXUS55 KBOU 010900
CF6MNH
PRELIMINARY LOCAL CLIMATOLOGICAL DATA (WS FORM: F-6)
STATION: ELBERT 6W CO
MONTH: APRIL
YEAR: 2023
LATITUDE: 39 13 N
LONGITUDE: 104 38 W
TEMPERATURE IN F: :PCPN: SNOW: WIND :SUNSHINE: SKY :PK WND
================================================================================
1 2 3 4 5 6A 6B 7 8 9 10 11 12 13 14 15 16 17 18
12Z AVG MX 2MIN
DY MAX MIN AVG DEP HDD CDD WTR SNW DPTH SPD SPD DIR MIN PSBL S-S WX SPD DR
================================================================================
1 63 21 42 M 23 0 M M M 12.9 24 180 M M 0 32 180
2 64 34 49 M 16 0 M M M 10.1 27 270 M M 1 35 270
3 63 30 47 M 18 0 M M M 14.5 31 190 M M 3 41 190
4 32 12 22 M 43 0 M M M 12.9 20 310 M M 10 12 24 340
5 34 3 19 M 46 0 M M M 6.7 13 190 M M 5 9 190
6 45 10 28 M 37 0 M M M 7.9 13 150 M M 2 20 150
7 55 27 41 M 24 0 M M M 6.9 14 110 M M 2 23 0
8 61 32 47 M 18 0 M M M 7.3 13 240 M M 4 23 210
9 61 30 46 M 19 0 M M M 4.7 10 340 M M 0 M M
10 68 30 49 M 16 0 M M M 7.0 16 180 M M 0 20 180
11 75 39 57 M 8 0 M M M 12.3 22 170 M M 0 28 170
12 77 43 60 M 5 0 M M M 9.7 20 220 M M 1 26 220
13 68 46 57 M 8 0 M M M 13.9 21 180 M M 2 30 160
14 48 28 38 M 27 0 M M M 7.6 13 360 M M 9 3 16 30
15 39 23 31 M 34 0 M M M 8.6 17 330 M M 5 12 25 330
16 52 25 39 M 26 0 M M M 7.0 13 170 M M 0 16 150
17 61 32 47 M 18 0 M M M 7.9 14 180 M M 1 16 300
18 68 36 52 M 13 0 M M M 14.0 35 240 M M 1 41 240
19 57 27 42 M 23 0 M M M 13.2 28 160 M M 4 2 43 180
20 41 18 30 M 35 0 M M M 12.3 24 320 M M 1 33 320
21 43 19 31 M 34 0 M M M 7.5 13 20 M M 5 21 350
22 32 19 26 M 39 0 M M M 4.9 9 50 M M 9 M M
23 48 23 36 M 29 0 M M M 7.8 14 190 M M 5 1 16 150
24 55 32 44 M 21 0 M M M 7.0 16 150 M M 5 23 140
25 52 32 42 M 23 0 M M M 8.6 17 150 M M 7 1 23 160
26 46 32 39 M 26 0 M M M 6.8 12 210 M M 6 12 M M
27 59 32 46 M 19 0 M M M 13.1 28 10 M M 4 39 10
28 45 28 37 M 28 0 M M M 14.1 25 360 M M 6 36 350
29 61 32 47 M 18 0 M M M 8.3 14 10 M M 0 23 320
30 61 32 47 M 18 0 M M M 5.7 16 180 M M 0 22 180
================================================================================
SM 1634 827 712 0 M M 281.3 M 98
================================================================================
AV 54.5 27.6 9.4 FASTST M M 3 MAX(MPH)
MISC ----> 35 240 43 180
================================================================================
NOTES:
# LAST OF SEVERAL OCCURRENCES
COLUMN 17 PEAK WIND IN M.P.H.
PRELIMINARY LOCAL CLIMATOLOGICAL DATA (WS FORM: F-6) , PAGE 2
STATION: ELBERT 6W CO
MONTH: APRIL
YEAR: 2023
LATITUDE: 39 13 N
LONGITUDE: 104 38 W
[TEMPERATURE DATA] [PRECIPITATION DATA] SYMBOLS USED IN COLUMN 16
AVERAGE MONTHLY: 41.0 TOTAL FOR MONTH: M 1 = FOG OR MIST
DPTR FM NORMAL: 0.0 DPTR FM NORMAL: M 2 = FOG REDUCING VISIBILITY
HIGHEST: 77 ON 12 GRTST 24HR M ON M TO 1/4 MILE OR LESS
LOWEST: 3 ON 5 3 = THUNDER
SNOW, ICE PELLETS, HAIL 4 = ICE PELLETS
TOTAL MONTH: M 5 = HAIL
GRTST 24HR M ON M 6 = FREEZING RAIN OR DRIZZLE
GRTST DEPTH: M ON M 7 = DUSTSTORM OR SANDSTORM:
VSBY 1/2 MILE OR LESS
8 = SMOKE OR HAZE
[NO. OF DAYS WITH] [WEATHER - DAYS WITH] 9 = BLOWING SNOW
X = TORNADO
MAX 32 OR BELOW: 2 0.01 INCH OR MORE: 0
MAX 90 OR ABOVE: 0 0.10 INCH OR MORE: 0
MIN 32 OR BELOW: 25 0.50 INCH OR MORE: 0
MIN 0 OR BELOW: 0 1.00 INCH OR MORE: 0
[HDD (BASE 65) ]
TOTAL THIS MO. 712 CLEAR (SCALE 0-3) 16
DPTR FM NORMAL M PTCLDY (SCALE 4-7) 11
TOTAL FM JUL 1 6795 CLOUDY (SCALE 8-10) 3
DPTR FM NORMAL M
[CDD (BASE 65) ]
TOTAL THIS MO. 0
DPTR FM NORMAL M [PRESSURE DATA]
TOTAL FM JAN 1 0 HIGHEST SLP M ON M
DPTR FM NORMAL M LOWEST SLP M ON M
[REMARKS]
#FINAL-04-23#