000
CXUS55 KBOU 010900
CF6MNH
PRELIMINARY LOCAL CLIMATOLOGICAL DATA (WS FORM: F-6)
STATION: ELBERT 6W CO
MONTH: JUNE
YEAR: 2022
LATITUDE: 39 13 N
LONGITUDE: 104 38 W
TEMPERATURE IN F: :PCPN: SNOW: WIND :SUNSHINE: SKY :PK WND
================================================================================
1 2 3 4 5 6A 6B 7 8 9 10 11 12 13 14 15 16 17 18
12Z AVG MX 2MIN
DY MAX MIN AVG DEP HDD CDD WTR SNW DPTH SPD SPD DIR MIN PSBL S-S WX SPD DR
================================================================================
1 52 32 42 M 23 0 M M M 7.9 18 170 M M 8 8 27 170
2 59 39 49 M 16 0 M M M 9.4 15 170 M M 4 21 180
3 66 43 55 M 10 0 M M M 11.1 18 30 M M 1 33 30
4 73 43 58 M 7 0 M M M 6.4 12 160 M M 1 39 0
5 73 52 63 M 2 0 M M M 6.1 16 310 M M 4 20 310
6 72 43 58 M 7 0 M M M 8.1 18 350 M M 5 3 25 350
7 73 46 60 M 5 0 M M M 9.1 21 160 M M 4 28 160
8 68 45 57 M 8 0 M M M 12.7 21 160 M M 3 28 160
9 79 50 65 M 0 0 M M M 6.6 16 180 M M 1 23 180
10 82 46 64 M 1 0 M M M 6.7 16 180 M M 0 17 290
11 88 55 72 M 0 7 M M M 6.4 16 180 M M 1 23 180
12 86 59 73 M 0 8 M M M 9.4 21 260 M M 1 3 36 260
13 88 55 72 M 0 7 M M M 13.5 22 230 M M 1 30 220
14 79 43 61 M 4 0 M M M 11.3 24 150 M M 1 31 150
15 77 39 58 M 7 0 M M M 11.3 22 170 M M 0 29 170
16 86 48 67 M 0 2 M M M 11.0 21 140 M M 0 28 140
17 86 55 71 M 0 6 M M M 12.8 24 170 M M 1 37 170
18 81 54 68 M 0 3 M M M 12.2 30 170 M M 2 39 170
19 79 54 67 M 0 2 M M M 13.1 27 220 M M 1 32 220
20 81 54 68 M 0 3 M M M 14.3 23 220 M M 0 31 210
21 59 43 51 M 14 0 M M M 11.8 22 150 M M 0 29 150
22 72 45 59 M 6 0 M M M 11.5 17 170 M M 0 21 180
23 81 48 65 M 0 0 M M M 8.1 12 360 M M 0 20 350
24 79 52 66 M 0 1 M M M 8.2 28 320 M M 0 33 320
25 63 46 55 M 10 0 M M M 7.4 14 360 M M 6 38 23 360
26 57 50 54 M 11 0 M M M 12.2 24 160 M M 7 30 170
27 77 46 62 M 3 0 M M M 10.6 17 180 M M 2 23 180
28 81 50 66 M 0 1 M M M 8.9 17 160 M M 0 23 180
29 82 54 68 M 0 3 M M M 7.7 16 350 M M 2 3 32 30
30 77 52 65 M 0 0 M M M 9.4 21 240 M M 5 3 28 240
================================================================================
SM 2256 1441 134 43 M M 295.0 M 61
================================================================================
AV 75.2 48.0 9.8 FASTST M M 2 MAX(MPH)
MISC ----> 30 170 39 0
================================================================================
NOTES:
# LAST OF SEVERAL OCCURRENCES
COLUMN 17 PEAK WIND IN M.P.H.
PRELIMINARY LOCAL CLIMATOLOGICAL DATA (WS FORM: F-6) , PAGE 2
STATION: ELBERT 6W CO
MONTH: JUNE
YEAR: 2022
LATITUDE: 39 13 N
LONGITUDE: 104 38 W
[TEMPERATURE DATA] [PRECIPITATION DATA] SYMBOLS USED IN COLUMN 16
AVERAGE MONTHLY: 61.6 TOTAL FOR MONTH: M 1 = FOG OR MIST
DPTR FM NORMAL: 0.0 DPTR FM NORMAL: M 2 = FOG REDUCING VISIBILITY
HIGHEST: 88 ON 11,13 GRTST 24HR M ON M TO 1/4 MILE OR LESS
LOWEST: 32 ON 1 3 = THUNDER
SNOW, ICE PELLETS, HAIL 4 = ICE PELLETS
TOTAL MONTH: M 5 = HAIL
GRTST 24HR M ON M 6 = FREEZING RAIN OR DRIZZLE
GRTST DEPTH: M ON M 7 = DUSTSTORM OR SANDSTORM:
VSBY 1/2 MILE OR LESS
8 = SMOKE OR HAZE
[NO. OF DAYS WITH] [WEATHER - DAYS WITH] 9 = BLOWING SNOW
X = TORNADO
MAX 32 OR BELOW: 0 0.01 INCH OR MORE: 0
MAX 90 OR ABOVE: 0 0.10 INCH OR MORE: 0
MIN 32 OR BELOW: 1 0.50 INCH OR MORE: 0
MIN 0 OR BELOW: 0 1.00 INCH OR MORE: 0
[HDD (BASE 65) ]
TOTAL THIS MO. 134 CLEAR (SCALE 0-3) 21
DPTR FM NORMAL M PTCLDY (SCALE 4-7) 8
TOTAL FM JUL 1 6872 CLOUDY (SCALE 8-10) 1
DPTR FM NORMAL M
[CDD (BASE 65) ]
TOTAL THIS MO. 43
DPTR FM NORMAL M [PRESSURE DATA]
TOTAL FM JAN 1 44 HIGHEST SLP M ON M
DPTR FM NORMAL M LOWEST SLP M ON M
[REMARKS]
#FINAL-06-22#